{"id":9389,"date":"2022-09-18T17:27:02","date_gmt":"2022-09-18T15:27:02","guid":{"rendered":"https:\/\/xrcb.cat\/ca\/podcast\/micaelas-furia-mexicana-entrelaza-avancem-i-cura-digna-iii-fira-ess-migrante-i-diversa\/"},"modified":"2022-09-19T12:18:54","modified_gmt":"2022-09-19T10:18:54","slug":"micaelas-furia-mexicana-entrelaza-avancem-i-cura-digna-iii-fira-ess-migrante-i-diversa","status":"publish","type":"podcast","link":"https:\/\/xrclab.cat\/es\/podcast\/micaelas-furia-mexicana-entrelaza-avancem-i-cura-digna-iii-fira-ess-migrante-i-diversa\/","title":{"rendered":"Micaela, Furia Mexicana, Entrelaza, Avancem i Cura Digna &#8211; III Fira ESS Migrant i Diversa (1\/5)"},"content":{"rendered":"<p>Hablamos en este primer bloque marat\u00f3nico de la <a href=\"https:\/\/firaessmigrant.bcn.coop\/\">III Feria de econom\u00eda social, solidaria, migrante y diversa<\/a>\u00a0#Regularizaci\u00f3nYa con los proyectos colectivos de econom\u00eda popular, migrante y diversa <strong>Micaela, Furia Mexicana, Entrelaza, Avancem Santa Clara y Cura Digna<\/strong>.<\/p>\n<p>Un podcast (1\/5) para reconocer varios de los proyectos que trabajan desde una mirada cr\u00edtica y amorosa el <strong>trabajo del hogar y los cuidados, la salud mental de las personas migrantes\/racializades y las resistencias<\/strong> <strong>frente a las violencias patriarcales y coloniales<\/strong> en los territorios de la di\u00e1spora, aqu\u00ed y all\u00e1.<\/p>\n<p>Emitido en \u201cfalso directo\u201d desde la parada de Radia Cava-ret. En la realizaci\u00f3n y producci\u00f3n Pati del Razo, Viole Ospina Dguez y Daniela Cabrera, con el apoyo de Samu C\u00e9spedes. Flores de la ilustraci\u00f3n de La Flor del Tamarindo @laflordeltamarindo.<\/p>\n","protected":false},"author":20,"template":"","podcast_category":[],"podcast_tag":[1395,1163,1432],"podcast_programa":[],"class_list":["post-9389","podcast","type-podcast","status-publish","hentry","podcast_tag-activisme","podcast_tag-antiracisme","podcast_tag-fira"],"acf":[],"_links":{"self":[{"href":"https:\/\/xrclab.cat\/es\/wp-json\/wp\/v2\/podcasts\/9389","targetHints":{"allow":["GET"]}}],"collection":[{"href":"https:\/\/xrclab.cat\/es\/wp-json\/wp\/v2\/podcasts"}],"about":[{"href":"https:\/\/xrclab.cat\/es\/wp-json\/wp\/v2\/types\/podcast"}],"author":[{"embeddable":true,"href":"https:\/\/xrclab.cat\/es\/wp-json\/wp\/v2\/users\/20"}],"wp:attachment":[{"href":"https:\/\/xrclab.cat\/es\/wp-json\/wp\/v2\/media?parent=9389"}],"wp:term":[{"taxonomy":"podcast_category","embeddable":true,"href":"https:\/\/xrclab.cat\/es\/wp-json\/wp\/v2\/podcast_category?post=9389"},{"taxonomy":"podcast_tag","embeddable":true,"href":"https:\/\/xrclab.cat\/es\/wp-json\/wp\/v2\/podcast_tag?post=9389"},{"taxonomy":"podcast_programa","embeddable":true,"href":"https:\/\/xrclab.cat\/es\/wp-json\/wp\/v2\/podcast_programa?post=9389"}],"curies":[{"name":"wp","href":"https:\/\/api.w.org\/{rel}","templated":true}]}}

<p>Hablamos en este primer bloque maratónico de la <a href="https://firaessmigrant.bcn.coop/">III Feria de economía social, solidaria, migrante y diversa</a> #RegularizaciónYa con los proyectos colectivos de economía popular, migrante y diversa <strong>Micaela, Furia Mexicana, Entrelaza, Avancem Santa Clara y Cura Digna</strong>.</p>
<p>Un podcast (1/5) para reconocer varios de los proyectos que trabajan desde una mirada crítica y amorosa el <strong>trabajo del hogar y los cuidados, la salud mental de las personas migrantes/racializades y las resistencias</strong> <strong>frente a las violencias patriarcales y coloniales</strong> en los territorios de la diáspora, aquí y allá.</p>
<p>Emitido en “falso directo” desde la parada de Radia Cava-ret. En la realización y producción Pati del Razo, Viole Ospina Dguez y Daniela Cabrera, con el apoyo de Samu Céspedes. Flores de la ilustración de La Flor del Tamarindo @laflordeltamarindo.</p>
