{"id":9258,"date":"2022-07-04T14:15:00","date_gmt":"2022-07-04T12:15:00","guid":{"rendered":"https:\/\/xrcb.cat\/ca\/podcast\/efrain-foglia-i-linternet\/"},"modified":"2022-09-04T14:17:10","modified_gmt":"2022-09-04T12:17:10","slug":"efrain-foglia-i-linternet","status":"publish","type":"podcast","link":"https:\/\/xrclab.cat\/es\/podcast\/efrain-foglia-i-linternet\/","title":{"rendered":"Efra\u00edn Foglia i l\u2019internet"},"content":{"rendered":"<p>\u00abL\u2019internet s\u2019ha convertit en el sistema operatiu de la societat contempor\u00e0nia\u00bb, assegura l\u2019Efra\u00edn Foglia, dissenyador, investigador i docent, que treballa en les interseccions entre el disseny, l\u2019activisme de base i les tecnologies en xarxa. \u00c9s membre de projectes com\u00a0<a href=\"https:\/\/guifi.net\/\" target=\"_blank\" rel=\"noreferrer noopener\">Guifi.net<\/a>,\u00a0<a href=\"https:\/\/exo.cat\/\" target=\"_blank\" rel=\"noreferrer noopener\">eXO.cat<\/a>\u00a0o la\u00a0<a href=\"https:\/\/xrcb.cat\/\" target=\"_blank\" rel=\"noreferrer noopener\">Xarxa de R\u00e0dios Comunit\u00e0ries de Barcelona<\/a>. Considera que l\u2019internet \u00e9s \u00abcom una mena de rec sanguini tecnopol\u00edtic on hem anat transvasant els nostres sabers, que ho est\u00e0 tocant quasi tot, i all\u00f2 que no ha tocat, ho tocar\u00e0\u00bb. \u00c9s per aix\u00f2 que ens convida a entendre com funciona i a pensar-hi des d\u2019una mirada comunit\u00e0ria.<\/p>\n<p>S\u00f3c el\u00a0<a href=\"http:\/\/joao.cat\/\" target=\"_blank\" rel=\"noreferrer noopener\">Jo\u00e3o Fran\u00e7a<\/a>, s\u00f3c periodista, i m\u2019agradaria presentar-vos\u00a0<strong>La Trucada<\/strong>.<\/p>\n<p>Sembla que vivim una \u00e8poca en qu\u00e8 tot \u00e9s cada cop m\u00e9s r\u00e0pid i els debats cada cop m\u00e9s polaritzats. O potser no n\u2019hi ha per tant, per\u00f2 al menys a mi m\u2019ho sembla.<\/p>\n<p>Trobo a faltar espais pausats en els quals poder escoltar persones que parlen de q\u00fcestions que em preocupen o que m\u2019interessen.<\/p>\n<p>En realitat, trobo que la gr\u00e0cia de la meva feina, la de periodista, \u00e9s aquesta. Poder escoltar i aprendre de gent que fa front a q\u00fcestions molt diverses.<\/p>\n","protected":false},"author":3,"template":"","podcast_category":[],"podcast_tag":[1395,1095,1267],"podcast_programa":[],"class_list":["post-9258","podcast","type-podcast","status-publish","hentry","podcast_tag-activisme","podcast_tag-brechadigital","podcast_tag-internet"],"acf":[],"_links":{"self":[{"href":"https:\/\/xrclab.cat\/es\/wp-json\/wp\/v2\/podcasts\/9258","targetHints":{"allow":["GET"]}}],"collection":[{"href":"https:\/\/xrclab.cat\/es\/wp-json\/wp\/v2\/podcasts"}],"about":[{"href":"https:\/\/xrclab.cat\/es\/wp-json\/wp\/v2\/types\/podcast"}],"author":[{"embeddable":true,"href":"https:\/\/xrclab.cat\/es\/wp-json\/wp\/v2\/users\/3"}],"wp:attachment":[{"href":"https:\/\/xrclab.cat\/es\/wp-json\/wp\/v2\/media?parent=9258"}],"wp:term":[{"taxonomy":"podcast_category","embeddable":true,"href":"https:\/\/xrclab.cat\/es\/wp-json\/wp\/v2\/podcast_category?post=9258"},{"taxonomy":"podcast_tag","embeddable":true,"href":"https:\/\/xrclab.cat\/es\/wp-json\/wp\/v2\/podcast_tag?post=9258"},{"taxonomy":"podcast_programa","embeddable":true,"href":"https:\/\/xrclab.cat\/es\/wp-json\/wp\/v2\/podcast_programa?post=9258"}],"curies":[{"name":"wp","href":"https:\/\/api.w.org\/{rel}","templated":true}]}}

Efraín Foglia i l’internet

<p>«L’internet s’ha convertit en el sistema operatiu de la societat contemporània», assegura l’Efraín Foglia, dissenyador, investigador i docent, que treballa en les interseccions entre el disseny, l’activisme de base i les tecnologies en xarxa. És membre de projectes com <a href="https://guifi.net/" target="_blank" rel="noreferrer noopener">Guifi.net</a>, <a href="https://exo.cat/" target="_blank" rel="noreferrer noopener">eXO.cat</a> o la <a href="https://xrcb.cat/" target="_blank" rel="noreferrer noopener">Xarxa de Ràdios Comunitàries de Barcelona</a>. Considera que l’internet és «com una mena de rec sanguini tecnopolític on hem anat transvasant els nostres sabers, que ho està tocant quasi tot, i allò que no ha tocat, ho tocarà». És per això que ens convida a entendre com funciona i a pensar-hi des d’una mirada comunitària.</p>
<p>Sóc el <a href="http://joao.cat/" target="_blank" rel="noreferrer noopener">João França</a>, sóc periodista, i m’agradaria presentar-vos <strong>La Trucada</strong>.</p>
<p>Sembla que vivim una època en què tot és cada cop més ràpid i els debats cada cop més polaritzats. O potser no n’hi ha per tant, però al menys a mi m’ho sembla.</p>
<p>Trobo a faltar espais pausats en els quals poder escoltar persones que parlen de qüestions que em preocupen o que m’interessen.</p>
<p>En realitat, trobo que la gràcia de la meva feina, la de periodista, és aquesta. Poder escoltar i aprendre de gent que fa front a qüestions molt diverses.</p>
