{"id":9247,"date":"2022-09-04T10:46:12","date_gmt":"2022-09-04T08:46:12","guid":{"rendered":"https:\/\/xrcb.cat\/en\/podcast\/sociedad-plataformizada-mp3\/"},"modified":"2022-09-11T16:53:24","modified_gmt":"2022-09-11T14:53:24","slug":"sociedad-plataformizada-mp3","status":"publish","type":"podcast","link":"https:\/\/xrclab.cat\/es\/podcast\/sociedad-plataformizada-mp3\/","title":{"rendered":"Sociedad Plataformizada"},"content":{"rendered":"<p>El apag\u00f3n global del imperio de Zuckerberg dej\u00f3 a todo el mundo parec\u00eda desorientado. \u00bfSomos dependientes de las plataformas digitales? \u00bfLa socializaci\u00f3n fuera de estas plataformas ser\u00e1 posible en un futuro? \u00bfQu\u00e9 empresas est\u00e1n detr\u00e1s?<\/p>\n<p class=\"article-text\">Vuelven nuestros monogr\u00e1ficos de hacktivismo y tecnolog\u00eda con <strong>Efrain Foglia<\/strong>, alias Mexmafia, y contamos c\u00f3mo las plataformas dominan nuestras vidas y nos convierten en d, tanto para comunicarnos, pedir comida, alquilar una casa y pedir un taxi como para ver una pel\u00edcula o escuchar m\u00fasica.<\/p>\n<p class=\"article-text\">Lo analizamos con <strong>Carlos Scolari<\/strong>, catedr\u00e1tico de Teor\u00eda y an\u00e1lisis de la comunicaci\u00f3n digital interactiva en la Universitat Pompeu Fabra y autor de libros como \u201cHacer Clic\u201d o \u201cNarrativas Transmedia\u201d. Hablamos del da\u00f1o de las plataformas de alquiler de pisos al mercado de la vivienda con\u00a0la polit\u00f3loga, economista y portavoz del Sindicat de Llogateres en Barcelona, <strong>Carme Arcarazo; <\/strong>de la educaci\u00f3n <em>plataformizada<\/em> con\u00a0<strong>Liliana Arroyo<\/strong>, experta en transformaci\u00f3n digital e impacto social y de c\u00f3mo las plataformas influyen en nuestra forma de publicarnos a nosotros mismo en redes y autorrepresentarnos con <strong>Toni Navarro,<\/strong> fil\u00f3sofo especializado en g\u00e9nero y tecnolog\u00eda.<\/p>\n","protected":false},"author":3,"template":"","podcast_category":[],"podcast_tag":[1395,1095,1025],"podcast_programa":[],"class_list":["post-9247","podcast","type-podcast","status-publish","hentry","podcast_tag-activisme","podcast_tag-brechadigital","podcast_tag-tecnopolitica"],"acf":[],"_links":{"self":[{"href":"https:\/\/xrclab.cat\/es\/wp-json\/wp\/v2\/podcasts\/9247","targetHints":{"allow":["GET"]}}],"collection":[{"href":"https:\/\/xrclab.cat\/es\/wp-json\/wp\/v2\/podcasts"}],"about":[{"href":"https:\/\/xrclab.cat\/es\/wp-json\/wp\/v2\/types\/podcast"}],"author":[{"embeddable":true,"href":"https:\/\/xrclab.cat\/es\/wp-json\/wp\/v2\/users\/3"}],"wp:attachment":[{"href":"https:\/\/xrclab.cat\/es\/wp-json\/wp\/v2\/media?parent=9247"}],"wp:term":[{"taxonomy":"podcast_category","embeddable":true,"href":"https:\/\/xrclab.cat\/es\/wp-json\/wp\/v2\/podcast_category?post=9247"},{"taxonomy":"podcast_tag","embeddable":true,"href":"https:\/\/xrclab.cat\/es\/wp-json\/wp\/v2\/podcast_tag?post=9247"},{"taxonomy":"podcast_programa","embeddable":true,"href":"https:\/\/xrclab.cat\/es\/wp-json\/wp\/v2\/podcast_programa?post=9247"}],"curies":[{"name":"wp","href":"https:\/\/api.w.org\/{rel}","templated":true}]}}

<p>El apagón global del imperio de Zuckerberg dejó a todo el mundo parecía desorientado. ¿Somos dependientes de las plataformas digitales? ¿La socialización fuera de estas plataformas será posible en un futuro? ¿Qué empresas están detrás?</p>
<p class="article-text">Vuelven nuestros monográficos de hacktivismo y tecnología con <strong>Efrain Foglia</strong>, alias Mexmafia, y contamos cómo las plataformas dominan nuestras vidas y nos convierten en d, tanto para comunicarnos, pedir comida, alquilar una casa y pedir un taxi como para ver una película o escuchar música.</p>
<p class="article-text">Lo analizamos con <strong>Carlos Scolari</strong>, catedrático de Teoría y análisis de la comunicación digital interactiva en la Universitat Pompeu Fabra y autor de libros como “Hacer Clic” o “Narrativas Transmedia”. Hablamos del daño de las plataformas de alquiler de pisos al mercado de la vivienda con la politóloga, economista y portavoz del Sindicat de Llogateres en Barcelona, <strong>Carme Arcarazo; </strong>de la educación <em>plataformizada</em> con <strong>Liliana Arroyo</strong>, experta en transformación digital e impacto social y de cómo las plataformas influyen en nuestra forma de publicarnos a nosotros mismo en redes y autorrepresentarnos con <strong>Toni Navarro,</strong> filósofo especializado en género y tecnología.</p>
