{"id":8344,"date":"2022-03-18T20:14:40","date_gmt":"2022-03-18T18:14:40","guid":{"rendered":"https:\/\/xrcb.cat\/ca\/podcast\/radio-hangar-1x04-la-capsa-dicc-eloy-aviles-i-malaje\/"},"modified":"2022-03-18T20:14:49","modified_gmt":"2022-03-18T18:14:49","slug":"radio-hangar-1x04-la-capsa-dicc-eloy-aviles-i-malaje","status":"publish","type":"podcast","link":"https:\/\/xrclab.cat\/es\/podcast\/radio-hangar-1x04-la-capsa-dicc-eloy-aviles-i-malaje\/","title":{"rendered":"R\u00e0dio Hangar 1&#215;04 La Capsa \/\/ DICC, Eloy, Avil\u00e9s i Malaje"},"content":{"rendered":"<p>R\u00e0dio Hangar \u00e9s un podcast sobre m\u00fasica urbana creat des de La Capsa. En el programa entrevistem a DICC, Eloy, Avil\u00e9s i Malaje, 4 personalitats que han marcat el rap a el Prat durant els \u00faltims 10 anys. Davant de les c\u00e0meres \u00d3scar Fanelli, Edgar X i Mel , darrere V\u00edctor Cobo, Crespo i Morad disseny D\u00eddac Rocho. Podeu contactar amb nosaltres a trav\u00e9s de les XXSS de La Capsa o al mail radiohangar@lacapsa.org, volem escoltar les vostres propostes.<\/p>\n","protected":false},"author":51,"template":"","podcast_category":[],"podcast_tag":[1323],"podcast_programa":[1326],"class_list":["post-8344","podcast","type-podcast","status-publish","hentry","podcast_tag-musica-urbana","podcast_programa-radiohangar"],"acf":[],"_links":{"self":[{"href":"https:\/\/xrclab.cat\/es\/wp-json\/wp\/v2\/podcasts\/8344","targetHints":{"allow":["GET"]}}],"collection":[{"href":"https:\/\/xrclab.cat\/es\/wp-json\/wp\/v2\/podcasts"}],"about":[{"href":"https:\/\/xrclab.cat\/es\/wp-json\/wp\/v2\/types\/podcast"}],"author":[{"embeddable":true,"href":"https:\/\/xrclab.cat\/es\/wp-json\/wp\/v2\/users\/51"}],"wp:attachment":[{"href":"https:\/\/xrclab.cat\/es\/wp-json\/wp\/v2\/media?parent=8344"}],"wp:term":[{"taxonomy":"podcast_category","embeddable":true,"href":"https:\/\/xrclab.cat\/es\/wp-json\/wp\/v2\/podcast_category?post=8344"},{"taxonomy":"podcast_tag","embeddable":true,"href":"https:\/\/xrclab.cat\/es\/wp-json\/wp\/v2\/podcast_tag?post=8344"},{"taxonomy":"podcast_programa","embeddable":true,"href":"https:\/\/xrclab.cat\/es\/wp-json\/wp\/v2\/podcast_programa?post=8344"}],"curies":[{"name":"wp","href":"https:\/\/api.w.org\/{rel}","templated":true}]}}

Ràdio Hangar 1&#215;04 La Capsa // DICC, Eloy, Avilés i Malaje

<p>Ràdio Hangar és un podcast sobre música urbana creat des de La Capsa. En el programa entrevistem a DICC, Eloy, Avilés i Malaje, 4 personalitats que han marcat el rap a el Prat durant els últims 10 anys. Davant de les càmeres Óscar Fanelli, Edgar X i Mel , darrere Víctor Cobo, Crespo i Morad disseny Dídac Rocho. Podeu contactar amb nosaltres a través de les XXSS de La Capsa o al mail radiohangar@lacapsa.org, volem escoltar les vostres propostes.</p>
