{"id":8165,"date":"2022-02-24T19:18:10","date_gmt":"2022-02-24T17:18:10","guid":{"rendered":"https:\/\/xrcb.cat\/ca\/?post_type=podcast&#038;p=8165"},"modified":"2022-02-24T19:18:10","modified_gmt":"2022-02-24T17:18:10","slug":"internet-green-text-stories-lista-de-temas-no-relacionados","status":"publish","type":"podcast","link":"https:\/\/xrclab.cat\/es\/podcast\/internet-green-text-stories-lista-de-temas-no-relacionados\/","title":{"rendered":"Internet, Green Text Stories &#8211; Lista de temas no relacionados"},"content":{"rendered":"<p>Green text stories \u00e9s un format popular a imageboards on s&#8217;expliquen an\u00e8cdotes i ficcions d&#8217;una forma breu i concisa. Aquest programa condu\u00eft per Carlos Carbonell (Internet2) ens portar\u00e0 mensualment hist\u00f2ries i assajos de microcultures i personatges a Internet, passatges ocults, llegendes que no existeixen en el mon tangible.<\/p>\n<p>&nbsp;<\/p>\n","protected":false},"author":41,"template":"","podcast_category":[939,972],"podcast_tag":[1143,99],"podcast_programa":[],"class_list":["post-8165","podcast","type-podcast","status-publish","hentry","podcast_category-cultura","podcast_category-radio","podcast_tag-radiocomunitaria","podcast_tag-musica"],"acf":[],"_links":{"self":[{"href":"https:\/\/xrclab.cat\/es\/wp-json\/wp\/v2\/podcasts\/8165","targetHints":{"allow":["GET"]}}],"collection":[{"href":"https:\/\/xrclab.cat\/es\/wp-json\/wp\/v2\/podcasts"}],"about":[{"href":"https:\/\/xrclab.cat\/es\/wp-json\/wp\/v2\/types\/podcast"}],"author":[{"embeddable":true,"href":"https:\/\/xrclab.cat\/es\/wp-json\/wp\/v2\/users\/41"}],"wp:attachment":[{"href":"https:\/\/xrclab.cat\/es\/wp-json\/wp\/v2\/media?parent=8165"}],"wp:term":[{"taxonomy":"podcast_category","embeddable":true,"href":"https:\/\/xrclab.cat\/es\/wp-json\/wp\/v2\/podcast_category?post=8165"},{"taxonomy":"podcast_tag","embeddable":true,"href":"https:\/\/xrclab.cat\/es\/wp-json\/wp\/v2\/podcast_tag?post=8165"},{"taxonomy":"podcast_programa","embeddable":true,"href":"https:\/\/xrclab.cat\/es\/wp-json\/wp\/v2\/podcast_programa?post=8165"}],"curies":[{"name":"wp","href":"https:\/\/api.w.org\/{rel}","templated":true}]}}

<p>Green text stories és un format popular a imageboards on s&#8217;expliquen anècdotes i ficcions d&#8217;una forma breu i concisa. Aquest programa conduït per Carlos Carbonell (Internet2) ens portarà mensualment històries i assajos de microcultures i personatges a Internet, passatges ocults, llegendes que no existeixen en el mon tangible.</p>
<p>&nbsp;</p>
