{"id":7910,"date":"2022-01-24T20:33:48","date_gmt":"2022-01-24T18:33:48","guid":{"rendered":"https:\/\/xrcb.cat\/ca\/?post_type=podcast&#038;p=7910"},"modified":"2022-01-24T20:51:05","modified_gmt":"2022-01-24T18:51:05","slug":"radio-hangar-1x01-sofia-gabanna-i-raquel-rv","status":"publish","type":"podcast","link":"https:\/\/xrclab.cat\/es\/podcast\/radio-hangar-1x01-sofia-gabanna-i-raquel-rv\/","title":{"rendered":"RH1x01 Sof\u00eda Gabanna i Raquel RV"},"content":{"rendered":"<p>Episodi Pilot de R\u00e0dio Hangar. Parlem amb la rapera Sofia Gabanna i la ballarina Raquel RV sobre dansa, m\u00fasica, creativitat, novetats musicals i molt m\u00e9s.<\/p>\n","protected":false},"author":51,"template":"","podcast_category":[917,939],"podcast_tag":[1323,1325,1324],"podcast_programa":[1326],"class_list":["post-7910","podcast","type-podcast","status-publish","hentry","podcast_category-barri","podcast_category-cultura","podcast_tag-musica-urbana","podcast_tag-raquel-rv","podcast_tag-sofia-gabanna","podcast_programa-radiohangar"],"acf":[],"_links":{"self":[{"href":"https:\/\/xrclab.cat\/es\/wp-json\/wp\/v2\/podcasts\/7910","targetHints":{"allow":["GET"]}}],"collection":[{"href":"https:\/\/xrclab.cat\/es\/wp-json\/wp\/v2\/podcasts"}],"about":[{"href":"https:\/\/xrclab.cat\/es\/wp-json\/wp\/v2\/types\/podcast"}],"author":[{"embeddable":true,"href":"https:\/\/xrclab.cat\/es\/wp-json\/wp\/v2\/users\/51"}],"wp:attachment":[{"href":"https:\/\/xrclab.cat\/es\/wp-json\/wp\/v2\/media?parent=7910"}],"wp:term":[{"taxonomy":"podcast_category","embeddable":true,"href":"https:\/\/xrclab.cat\/es\/wp-json\/wp\/v2\/podcast_category?post=7910"},{"taxonomy":"podcast_tag","embeddable":true,"href":"https:\/\/xrclab.cat\/es\/wp-json\/wp\/v2\/podcast_tag?post=7910"},{"taxonomy":"podcast_programa","embeddable":true,"href":"https:\/\/xrclab.cat\/es\/wp-json\/wp\/v2\/podcast_programa?post=7910"}],"curies":[{"name":"wp","href":"https:\/\/api.w.org\/{rel}","templated":true}]}}

RH1x01 Sofía Gabanna i Raquel RV

<p>Episodi Pilot de Ràdio Hangar. Parlem amb la rapera Sofia Gabanna i la ballarina Raquel RV sobre dansa, música, creativitat, novetats musicals i molt més.</p>
