{"id":7835,"date":"2021-12-22T15:26:05","date_gmt":"2021-12-22T13:26:05","guid":{"rendered":"https:\/\/xrcb.cat\/ca\/podcast\/3-entrevistes-a-personatges-de-ledat-moderna-capitol-3\/"},"modified":"2021-12-22T15:26:06","modified_gmt":"2021-12-22T13:26:06","slug":"3-entrevistes-a-personatges-de-ledat-moderna-capitol-3","status":"publish","type":"podcast","link":"https:\/\/xrclab.cat\/es\/podcast\/3-entrevistes-a-personatges-de-ledat-moderna-capitol-3\/","title":{"rendered":"#3 Entrevistes a personatges de l&#8217;edat moderna Cap\u00edtol 3"},"content":{"rendered":"<p>Despr\u00e9s de dedicar-se a l&#8217;estudi del per\u00edode hist\u00f2ric de l&#8217;Edat Moderna, l&#8217;alumnat de 3r d&#8217;ESO de l&#8217;IETN ha imaginat com seria una viatge en el temps per tal de con\u00e8ixer a diferents persones que han destacat d&#8217;alguna manera en aquells segles remots. Cop\u00e8rnic, Artemisia Gentileschi, Anne Bonny, Isaac Newton&#8230; tots i totes han col\u00b7laborat amb m\u00e9s o menys entusiasme. Esperem que aquesta intromissi\u00f3 en el passat no hagi provocat conseq\u00fc\u00e8ncies inesperades en el present!<\/p>\n","protected":false},"author":40,"template":"","podcast_category":[],"podcast_tag":[1143,1140,116],"podcast_programa":[],"class_list":["post-7835","podcast","type-podcast","status-publish","hentry","podcast_tag-radiocomunitaria","podcast_tag-radioescolar","podcast_tag-historia"],"acf":[],"_links":{"self":[{"href":"https:\/\/xrclab.cat\/es\/wp-json\/wp\/v2\/podcasts\/7835","targetHints":{"allow":["GET"]}}],"collection":[{"href":"https:\/\/xrclab.cat\/es\/wp-json\/wp\/v2\/podcasts"}],"about":[{"href":"https:\/\/xrclab.cat\/es\/wp-json\/wp\/v2\/types\/podcast"}],"author":[{"embeddable":true,"href":"https:\/\/xrclab.cat\/es\/wp-json\/wp\/v2\/users\/40"}],"wp:attachment":[{"href":"https:\/\/xrclab.cat\/es\/wp-json\/wp\/v2\/media?parent=7835"}],"wp:term":[{"taxonomy":"podcast_category","embeddable":true,"href":"https:\/\/xrclab.cat\/es\/wp-json\/wp\/v2\/podcast_category?post=7835"},{"taxonomy":"podcast_tag","embeddable":true,"href":"https:\/\/xrclab.cat\/es\/wp-json\/wp\/v2\/podcast_tag?post=7835"},{"taxonomy":"podcast_programa","embeddable":true,"href":"https:\/\/xrclab.cat\/es\/wp-json\/wp\/v2\/podcast_programa?post=7835"}],"curies":[{"name":"wp","href":"https:\/\/api.w.org\/{rel}","templated":true}]}}

#3 Entrevistes a personatges de l&#8217;edat moderna Capítol 3

<p>Després de dedicar-se a l&#8217;estudi del període històric de l&#8217;Edat Moderna, l&#8217;alumnat de 3r d&#8217;ESO de l&#8217;IETN ha imaginat com seria una viatge en el temps per tal de conèixer a diferents persones que han destacat d&#8217;alguna manera en aquells segles remots. Copèrnic, Artemisia Gentileschi, Anne Bonny, Isaac Newton&#8230; tots i totes han col·laborat amb més o menys entusiasme. Esperem que aquesta intromissió en el passat no hagi provocat conseqüències inesperades en el present!</p>
