{"id":7101,"date":"2021-08-09T10:28:50","date_gmt":"2021-08-09T08:28:50","guid":{"rendered":"https:\/\/xrcb.cat\/es\/?post_type=podcast&#038;p=7101"},"modified":"2021-08-09T10:28:50","modified_gmt":"2021-08-09T08:28:50","slug":"26-pinchada-veraniega","status":"publish","type":"podcast","link":"https:\/\/xrclab.cat\/es\/podcast\/26-pinchada-veraniega\/","title":{"rendered":"26. Pinchada veraniega"},"content":{"rendered":"<p>Un programa especial de m\u00fasica sin interrupciones que re\u00fane \u00faltimos lanzamientos con reminiscencias sonoras a veranos pasados prep\u00e1ndemicos, cuando el baile estaba garantizado.<\/p>\n<p>&nbsp;<\/p>\n","protected":false},"author":43,"template":"","podcast_category":[],"podcast_tag":[1082,99],"podcast_programa":[],"class_list":["post-7101","podcast","type-podcast","status-publish","hentry","podcast_tag-verano","podcast_tag-musica"],"acf":[],"_links":{"self":[{"href":"https:\/\/xrclab.cat\/es\/wp-json\/wp\/v2\/podcasts\/7101","targetHints":{"allow":["GET"]}}],"collection":[{"href":"https:\/\/xrclab.cat\/es\/wp-json\/wp\/v2\/podcasts"}],"about":[{"href":"https:\/\/xrclab.cat\/es\/wp-json\/wp\/v2\/types\/podcast"}],"author":[{"embeddable":true,"href":"https:\/\/xrclab.cat\/es\/wp-json\/wp\/v2\/users\/43"}],"wp:attachment":[{"href":"https:\/\/xrclab.cat\/es\/wp-json\/wp\/v2\/media?parent=7101"}],"wp:term":[{"taxonomy":"podcast_category","embeddable":true,"href":"https:\/\/xrclab.cat\/es\/wp-json\/wp\/v2\/podcast_category?post=7101"},{"taxonomy":"podcast_tag","embeddable":true,"href":"https:\/\/xrclab.cat\/es\/wp-json\/wp\/v2\/podcast_tag?post=7101"},{"taxonomy":"podcast_programa","embeddable":true,"href":"https:\/\/xrclab.cat\/es\/wp-json\/wp\/v2\/podcast_programa?post=7101"}],"curies":[{"name":"wp","href":"https:\/\/api.w.org\/{rel}","templated":true}]}}

<p>Un programa especial de música sin interrupciones que reúne últimos lanzamientos con reminiscencias sonoras a veranos pasados prepándemicos, cuando el baile estaba garantizado.</p>
<p>&nbsp;</p>
