{"id":6668,"date":"2021-06-02T18:50:05","date_gmt":"2021-06-02T16:50:05","guid":{"rendered":"https:\/\/xrcb.cat\/ca\/podcast\/mostra-dart-el-cos-i-la-identitat\/"},"modified":"2021-06-02T18:50:08","modified_gmt":"2021-06-02T16:50:08","slug":"mostra-dart-el-cos-i-la-identitat","status":"publish","type":"podcast","link":"https:\/\/xrclab.cat\/es\/podcast\/mostra-dart-el-cos-i-la-identitat\/","title":{"rendered":"Mostra d&#8217;art: El cos i la identitat"},"content":{"rendered":"<p><span style=\"font-weight: 400\">\u00abMostra d&#8217;art: El cos i la identitat\u00bb, \u00e9s una exposici\u00f3 fotogr\u00e0fica realitzada per l&#8217;alumnat de 2n de prim\u00e0ria de l&#8217;IeTN.<\/span><\/p>\n<p><span style=\"font-weight: 400\">La podreu veure a l&#8217;entrada principal de l&#8217;edifici dels petits del 4 al 18 de Juny.<\/span><\/p>\n","protected":false},"author":40,"template":"","podcast_category":[],"podcast_tag":[231,283,1013],"podcast_programa":[],"class_list":["post-6668","podcast","type-podcast","status-publish","hentry","podcast_tag-barri","podcast_tag-fotografia","podcast_tag-radio-trinisound"],"acf":[],"_links":{"self":[{"href":"https:\/\/xrclab.cat\/es\/wp-json\/wp\/v2\/podcasts\/6668","targetHints":{"allow":["GET"]}}],"collection":[{"href":"https:\/\/xrclab.cat\/es\/wp-json\/wp\/v2\/podcasts"}],"about":[{"href":"https:\/\/xrclab.cat\/es\/wp-json\/wp\/v2\/types\/podcast"}],"author":[{"embeddable":true,"href":"https:\/\/xrclab.cat\/es\/wp-json\/wp\/v2\/users\/40"}],"wp:attachment":[{"href":"https:\/\/xrclab.cat\/es\/wp-json\/wp\/v2\/media?parent=6668"}],"wp:term":[{"taxonomy":"podcast_category","embeddable":true,"href":"https:\/\/xrclab.cat\/es\/wp-json\/wp\/v2\/podcast_category?post=6668"},{"taxonomy":"podcast_tag","embeddable":true,"href":"https:\/\/xrclab.cat\/es\/wp-json\/wp\/v2\/podcast_tag?post=6668"},{"taxonomy":"podcast_programa","embeddable":true,"href":"https:\/\/xrclab.cat\/es\/wp-json\/wp\/v2\/podcast_programa?post=6668"}],"curies":[{"name":"wp","href":"https:\/\/api.w.org\/{rel}","templated":true}]}}

<p><span style="font-weight: 400">«Mostra d&#8217;art: El cos i la identitat», és una exposició fotogràfica realitzada per l&#8217;alumnat de 2n de primària de l&#8217;IeTN.</span></p>
<p><span style="font-weight: 400">La podreu veure a l&#8217;entrada principal de l&#8217;edifici dels petits del 4 al 18 de Juny.</span></p>
