{"id":6286,"date":"2021-03-26T11:36:15","date_gmt":"2021-03-26T09:36:15","guid":{"rendered":"https:\/\/xrcb.cat\/ca\/podcast\/dia-internacional-de-la-poesia-2021-2\/"},"modified":"2021-03-26T11:36:15","modified_gmt":"2021-03-26T09:36:15","slug":"dia-internacional-de-la-poesia-2021-2","status":"publish","type":"podcast","link":"https:\/\/xrclab.cat\/es\/podcast\/dia-internacional-de-la-poesia-2021-2\/","title":{"rendered":"Dia Internacional de la poesia 2021"},"content":{"rendered":"<p>Per celebrar que el 21 de Mar\u00e7 va ser el dia Internacional de la poesia, l&#8217;alumnat de 1r, 2n i 3r de prim\u00e0ria de l&#8217;IeTN hem recitat poesies amb lleng\u00fces de tot el m\u00f3n!<\/p>\n<p>Esperem que us agradin!!<\/p>\n<p>00:00, 2n de prim\u00e0ria<\/p>\n<p>3:10, 3r 2n de prim\u00e0ria<\/p>\n<p>6:40, 4t 2n de prim\u00e0ria<\/p>\n","protected":false},"author":40,"template":"","podcast_category":[],"podcast_tag":[358,1054,544],"podcast_programa":[],"class_list":["post-6286","podcast","type-podcast","status-publish","hentry","podcast_tag-literatura-i-arts-infantils-i-juvenils","podcast_tag-llengua","podcast_tag-poesia"],"acf":[],"_links":{"self":[{"href":"https:\/\/xrclab.cat\/es\/wp-json\/wp\/v2\/podcasts\/6286","targetHints":{"allow":["GET"]}}],"collection":[{"href":"https:\/\/xrclab.cat\/es\/wp-json\/wp\/v2\/podcasts"}],"about":[{"href":"https:\/\/xrclab.cat\/es\/wp-json\/wp\/v2\/types\/podcast"}],"author":[{"embeddable":true,"href":"https:\/\/xrclab.cat\/es\/wp-json\/wp\/v2\/users\/40"}],"wp:attachment":[{"href":"https:\/\/xrclab.cat\/es\/wp-json\/wp\/v2\/media?parent=6286"}],"wp:term":[{"taxonomy":"podcast_category","embeddable":true,"href":"https:\/\/xrclab.cat\/es\/wp-json\/wp\/v2\/podcast_category?post=6286"},{"taxonomy":"podcast_tag","embeddable":true,"href":"https:\/\/xrclab.cat\/es\/wp-json\/wp\/v2\/podcast_tag?post=6286"},{"taxonomy":"podcast_programa","embeddable":true,"href":"https:\/\/xrclab.cat\/es\/wp-json\/wp\/v2\/podcast_programa?post=6286"}],"curies":[{"name":"wp","href":"https:\/\/api.w.org\/{rel}","templated":true}]}}

<p>Per celebrar que el 21 de Març va ser el dia Internacional de la poesia, l&#8217;alumnat de 1r, 2n i 3r de primària de l&#8217;IeTN hem recitat poesies amb llengües de tot el món!</p>
<p>Esperem que us agradin!!</p>
<p>00:00, 2n de primària</p>
<p>3:10, 3r 2n de primària</p>
<p>6:40, 4t 2n de primària</p>
