{"id":5754,"date":"2021-01-02T18:42:40","date_gmt":"2021-01-02T16:42:40","guid":{"rendered":"https:\/\/xrcb.cat\/es\/?post_type=podcast&#038;p=5754"},"modified":"2021-01-02T18:42:40","modified_gmt":"2021-01-02T16:42:40","slug":"cicatrices-de-infancia-feat-gigantes-molinos","status":"publish","type":"podcast","link":"https:\/\/xrclab.cat\/es\/podcast\/cicatrices-de-infancia-feat-gigantes-molinos\/","title":{"rendered":"Cicatrices de infancia feat. Gigantes &amp; Molinos"},"content":{"rendered":"<div class=\"_22fn0\">\n<div class=\"_2m1qj\">\n<p>Conjuramos el \u201cpoder curativo de la voz en colectivo\u201d en esta versi\u00f3n del consultorio para-sentimental la se\u00f1orita B, donde esta vez B es una enfermera del futuro que colecciona relatos de cicatrices de la infancia para saber sanar la pandemia. Esta es la primera colecci\u00f3n de relatos de cicatrices de un consultorio para-sentimental en cambio constante y sonante para activarse en los tiempos que se corren.<\/p>\n<\/div>\n<\/div>\n<div class=\"_2m1qj\">\n<p>Producci\u00f3n reciclada del verano del pand\u00e9mico 2020 donde Radio Cava-ret y el grupo de radio Gigantes &amp; Molinos del Club Social &#8216;Arep se re\u00fanen para realizar un taller colaborativo con el apoyo de L&#8217;Altre Festival de Barcelona. Entre los vestigios del taller rescatamos un ejercicio de resonancia con el presente, invocando la memoria colectiva a trav\u00e9s de memorias microc\u00f3smicas como una cicatriz en la piel.<\/p>\n<p>El texto del cuento puede encontrarlo en el blog de radiocavaret.tumblr.com.<\/p>\n<\/div>\n<div class=\"_2m1qj\">\n<p>Cuento: Samuel C\u00e9spedes. Mezcla: Violeta Ospina. Voz: Patricia Del Razo. Relatos: Andrea, Adri\u00e0, V\u00edctor, Jaume, Jordi (Gigantes y Molinos, Club Social &#8216;Arep).<\/p>\n<\/div>\n","protected":false},"author":20,"template":"","podcast_category":[914],"podcast_tag":[228],"podcast_programa":[904],"class_list":["post-5754","podcast","type-podcast","status-publish","hentry","podcast_category-inventada","podcast_tag-comunitat","podcast_programa-radio-cavaret"],"acf":[],"_links":{"self":[{"href":"https:\/\/xrclab.cat\/es\/wp-json\/wp\/v2\/podcasts\/5754","targetHints":{"allow":["GET"]}}],"collection":[{"href":"https:\/\/xrclab.cat\/es\/wp-json\/wp\/v2\/podcasts"}],"about":[{"href":"https:\/\/xrclab.cat\/es\/wp-json\/wp\/v2\/types\/podcast"}],"author":[{"embeddable":true,"href":"https:\/\/xrclab.cat\/es\/wp-json\/wp\/v2\/users\/20"}],"wp:attachment":[{"href":"https:\/\/xrclab.cat\/es\/wp-json\/wp\/v2\/media?parent=5754"}],"wp:term":[{"taxonomy":"podcast_category","embeddable":true,"href":"https:\/\/xrclab.cat\/es\/wp-json\/wp\/v2\/podcast_category?post=5754"},{"taxonomy":"podcast_tag","embeddable":true,"href":"https:\/\/xrclab.cat\/es\/wp-json\/wp\/v2\/podcast_tag?post=5754"},{"taxonomy":"podcast_programa","embeddable":true,"href":"https:\/\/xrclab.cat\/es\/wp-json\/wp\/v2\/podcast_programa?post=5754"}],"curies":[{"name":"wp","href":"https:\/\/api.w.org\/{rel}","templated":true}]}}

<div class="_22fn0">
<div class="_2m1qj">
<p>Conjuramos el “poder curativo de la voz en colectivo” en esta versión del consultorio para-sentimental la señorita B, donde esta vez B es una enfermera del futuro que colecciona relatos de cicatrices de la infancia para saber sanar la pandemia. Esta es la primera colección de relatos de cicatrices de un consultorio para-sentimental en cambio constante y sonante para activarse en los tiempos que se corren.</p>
</div>
</div>
<div class="_2m1qj">
<p>Producción reciclada del verano del pandémico 2020 donde Radio Cava-ret y el grupo de radio Gigantes &amp; Molinos del Club Social &#8216;Arep se reúnen para realizar un taller colaborativo con el apoyo de L&#8217;Altre Festival de Barcelona. Entre los vestigios del taller rescatamos un ejercicio de resonancia con el presente, invocando la memoria colectiva a través de memorias microcósmicas como una cicatriz en la piel.</p>
<p>El texto del cuento puede encontrarlo en el blog de radiocavaret.tumblr.com.</p>
</div>
<div class="_2m1qj">
<p>Cuento: Samuel Céspedes. Mezcla: Violeta Ospina. Voz: Patricia Del Razo. Relatos: Andrea, Adrià, Víctor, Jaume, Jordi (Gigantes y Molinos, Club Social &#8216;Arep).</p>
</div>
