{"id":5717,"date":"2020-12-17T21:07:36","date_gmt":"2020-12-17T19:07:36","guid":{"rendered":"https:\/\/xrcb.cat\/ca\/?post_type=podcast&#038;p=5717"},"modified":"2020-12-17T21:07:36","modified_gmt":"2020-12-17T19:07:36","slug":"radioteatre-un-enemic-del-poble-dhenrik-ibsen","status":"publish","type":"podcast","link":"https:\/\/xrclab.cat\/es\/podcast\/radioteatre-un-enemic-del-poble-dhenrik-ibsen\/","title":{"rendered":"Radioteatre: &#8216;Un enemic del poble\u2019, d&#8217;Henrik Ibsen"},"content":{"rendered":"<p>Producci\u00f3 dram\u00e0tica de\u00a0<strong>R\u00e0dio Hostafrancs <\/strong>\u00a0i el grup de teatre \u2018No sabem on anem\u2019. \u00c9s el primer radioteatre fet al barri d\u2019Hostafrancs. Adaptaci\u00f3 radiof\u00f2nica de l\u2019obra\u00a0<strong>\u2018Un enemic del poble\u2019<\/strong>, d\u2019<strong>Henrik Ibsen.<\/strong><\/p>\n<p>L\u2019obra, escrita l\u2019any 1882, planteja una q\u00fcesti\u00f3 de tanta actualitat com \u00e9s el conflicte entre l\u2019inter\u00e9s p\u00fablic i els interessos privats. Un home sol s\u2019enfronta a tota una societat per defensar la veritat davant la conveni\u00e8ncia.<\/p>\n","protected":false},"author":38,"template":"","podcast_category":[941],"podcast_tag":[1040],"podcast_programa":[1039],"class_list":["post-5717","podcast","type-podcast","status-publish","hentry","podcast_category-radio-art","podcast_tag-radioteatre","podcast_programa-radioteatre"],"acf":[],"_links":{"self":[{"href":"https:\/\/xrclab.cat\/es\/wp-json\/wp\/v2\/podcasts\/5717","targetHints":{"allow":["GET"]}}],"collection":[{"href":"https:\/\/xrclab.cat\/es\/wp-json\/wp\/v2\/podcasts"}],"about":[{"href":"https:\/\/xrclab.cat\/es\/wp-json\/wp\/v2\/types\/podcast"}],"author":[{"embeddable":true,"href":"https:\/\/xrclab.cat\/es\/wp-json\/wp\/v2\/users\/38"}],"wp:attachment":[{"href":"https:\/\/xrclab.cat\/es\/wp-json\/wp\/v2\/media?parent=5717"}],"wp:term":[{"taxonomy":"podcast_category","embeddable":true,"href":"https:\/\/xrclab.cat\/es\/wp-json\/wp\/v2\/podcast_category?post=5717"},{"taxonomy":"podcast_tag","embeddable":true,"href":"https:\/\/xrclab.cat\/es\/wp-json\/wp\/v2\/podcast_tag?post=5717"},{"taxonomy":"podcast_programa","embeddable":true,"href":"https:\/\/xrclab.cat\/es\/wp-json\/wp\/v2\/podcast_programa?post=5717"}],"curies":[{"name":"wp","href":"https:\/\/api.w.org\/{rel}","templated":true}]}}

<p>Producció dramàtica de <strong>Ràdio Hostafrancs </strong> i el grup de teatre ‘No sabem on anem’. És el primer radioteatre fet al barri d’Hostafrancs. Adaptació radiofònica de l’obra <strong>‘Un enemic del poble’</strong>, d’<strong>Henrik Ibsen.</strong></p>
<p>L’obra, escrita l’any 1882, planteja una qüestió de tanta actualitat com és el conflicte entre l’interés públic i els interessos privats. Un home sol s’enfronta a tota una societat per defensar la veritat davant la conveniència.</p>
