{"id":5563,"date":"2020-12-01T20:20:11","date_gmt":"2020-12-01T18:20:11","guid":{"rendered":"https:\/\/xrcb.cat\/ca\/?post_type=podcast&#038;p=5563"},"modified":"2022-05-25T18:17:27","modified_gmt":"2022-05-25T16:17:27","slug":"histories-de-por","status":"publish","type":"podcast","link":"https:\/\/xrclab.cat\/es\/podcast\/histories-de-por\/","title":{"rendered":"Hist\u00f2ries de por"},"content":{"rendered":"<p>Recull de dues hist\u00f2ries terror\u00edfiques de la m\u00e0 de l&#8217;alumnat d&#8217;ESO de l&#8217;Institut escola Trinitat Nova, durant el curs &#8217;19-&#8217;20.<\/p>\n","protected":false},"author":40,"template":"","podcast_category":[],"podcast_tag":[1019,1022,1021],"podcast_programa":[1390,1389],"class_list":["post-5563","podcast","type-podcast","status-publish","hentry","podcast_tag-alumnes-eso","podcast_tag-histories","podcast_tag-terror","podcast_programa-curs-19-20","podcast_programa-taller-de-radio-eso"],"acf":[],"_links":{"self":[{"href":"https:\/\/xrclab.cat\/es\/wp-json\/wp\/v2\/podcasts\/5563","targetHints":{"allow":["GET"]}}],"collection":[{"href":"https:\/\/xrclab.cat\/es\/wp-json\/wp\/v2\/podcasts"}],"about":[{"href":"https:\/\/xrclab.cat\/es\/wp-json\/wp\/v2\/types\/podcast"}],"author":[{"embeddable":true,"href":"https:\/\/xrclab.cat\/es\/wp-json\/wp\/v2\/users\/40"}],"wp:attachment":[{"href":"https:\/\/xrclab.cat\/es\/wp-json\/wp\/v2\/media?parent=5563"}],"wp:term":[{"taxonomy":"podcast_category","embeddable":true,"href":"https:\/\/xrclab.cat\/es\/wp-json\/wp\/v2\/podcast_category?post=5563"},{"taxonomy":"podcast_tag","embeddable":true,"href":"https:\/\/xrclab.cat\/es\/wp-json\/wp\/v2\/podcast_tag?post=5563"},{"taxonomy":"podcast_programa","embeddable":true,"href":"https:\/\/xrclab.cat\/es\/wp-json\/wp\/v2\/podcast_programa?post=5563"}],"curies":[{"name":"wp","href":"https:\/\/api.w.org\/{rel}","templated":true}]}}

Històries de por

<p>Recull de dues històries terrorífiques de la mà de l&#8217;alumnat d&#8217;ESO de l&#8217;Institut escola Trinitat Nova, durant el curs &#8217;19-&#8217;20.</p>
