{"id":5228,"date":"2020-11-03T19:03:13","date_gmt":"2020-11-03T17:03:13","guid":{"rendered":"https:\/\/xrcb.cat\/ca\/?post_type=podcast&#038;p=5228"},"modified":"2020-11-09T13:19:08","modified_gmt":"2020-11-09T11:19:08","slug":"plataforma-cap-raval-nord","status":"publish","type":"podcast","link":"https:\/\/xrclab.cat\/es\/podcast\/plataforma-cap-raval-nord\/","title":{"rendered":"Plataforma CAP Raval Nord"},"content":{"rendered":"<p>La Mediateca\u00a0R\u00e0dio, torna amb un nou programa, en aquesta ocasi\u00f3 hem pogut compartir micr\u00f2fons amb membres de la Plataforma CAP Raval Nord, una plataforma ve\u00efnal i de treballadores del CAP Nord del Raval que lluiten i defensen la construcci\u00f3 d\u2019un nou CAP a la Capella de la Miseric\u00f2rdia.<\/p>\n","protected":false},"author":34,"template":"","podcast_category":[],"podcast_tag":[937,936,767],"podcast_programa":[935],"class_list":["post-5228","podcast","type-podcast","status-publish","hentry","podcast_tag-capella-de-la-misericordia","podcast_tag-plataforma-cap-raval-nord","podcast_tag-raval","podcast_programa-mediateca"],"acf":[],"_links":{"self":[{"href":"https:\/\/xrclab.cat\/es\/wp-json\/wp\/v2\/podcasts\/5228","targetHints":{"allow":["GET"]}}],"collection":[{"href":"https:\/\/xrclab.cat\/es\/wp-json\/wp\/v2\/podcasts"}],"about":[{"href":"https:\/\/xrclab.cat\/es\/wp-json\/wp\/v2\/types\/podcast"}],"author":[{"embeddable":true,"href":"https:\/\/xrclab.cat\/es\/wp-json\/wp\/v2\/users\/34"}],"wp:attachment":[{"href":"https:\/\/xrclab.cat\/es\/wp-json\/wp\/v2\/media?parent=5228"}],"wp:term":[{"taxonomy":"podcast_category","embeddable":true,"href":"https:\/\/xrclab.cat\/es\/wp-json\/wp\/v2\/podcast_category?post=5228"},{"taxonomy":"podcast_tag","embeddable":true,"href":"https:\/\/xrclab.cat\/es\/wp-json\/wp\/v2\/podcast_tag?post=5228"},{"taxonomy":"podcast_programa","embeddable":true,"href":"https:\/\/xrclab.cat\/es\/wp-json\/wp\/v2\/podcast_programa?post=5228"}],"curies":[{"name":"wp","href":"https:\/\/api.w.org\/{rel}","templated":true}]}}

<p>La Mediateca Ràdio, torna amb un nou programa, en aquesta ocasió hem pogut compartir micròfons amb membres de la Plataforma CAP Raval Nord, una plataforma veïnal i de treballadores del CAP Nord del Raval que lluiten i defensen la construcció d’un nou CAP a la Capella de la Misericòrdia.</p>
