{"id":5204,"date":"2020-10-30T14:03:04","date_gmt":"2020-10-30T12:03:04","guid":{"rendered":"https:\/\/xrcb.cat\/es\/?post_type=podcast&#038;p=5204"},"modified":"2020-11-13T12:18:14","modified_gmt":"2020-11-13T10:18:14","slug":"consultorio-parasentimental-de-la-senorita-b-feat-gigantes-molinos","status":"publish","type":"podcast","link":"https:\/\/xrclab.cat\/es\/podcast\/consultorio-parasentimental-de-la-senorita-b-feat-gigantes-molinos\/","title":{"rendered":"Consultorio parasentimental de la Se\u00f1orita B. feat Gigantes &amp; Molinos"},"content":{"rendered":"<p>Transmisi\u00f3n del saber de las cicatrices de infancia, para tiempos pand\u00e9micos. Con las voces de Gigantes y Molinos (Club social &#8216;Arep) y Radio Cava-ret.<\/p>\n<p class=\"p1\"><i><span style=\"font-weight: 400\">Consultorio parasentimental de la Se\u00f1orita B.<\/span><\/i><span style=\"font-weight: 400\"> Radio Cava-ret feat Gigantes y Molinos (\u2018Arep) es una secci\u00f3n de la performance radiof\u00f3nica &#8216;Antes muerta que sencilla&#8217;. <\/span><\/p>\n<p class=\"p1\"><span style=\"font-weight: 400\">Esta ha sido una emisi\u00f3n v\u00eda correo electr\u00f3nico y podcast dentro del proyecto de artes esc\u00e9nicas y radio estaci\u00f3 La Roda <\/span><a href=\"http:\/\/www.laltrefestival.cat\/es\/\"><span style=\"font-weight: 400\">L\u2019Altre Festival<\/span><\/a><span style=\"font-weight: 400\"> + R\u00e0dio Nikosia &amp; KR\u00e0dioK, para la versi\u00f3n digital del <\/span><a href=\"https:\/\/www.faaccc.org\/\"><span style=\"font-weight: 400\">Festival d\u2019Arts Comunt\u00e0ries de Barcelona,<\/span><\/a><span style=\"font-weight: 400\"> el 30 de octubre a las 19h45 en el ciberspacio, 2020.<\/span><\/p>\n<p class=\"p1\">Ante el cierre sin previsi\u00f3n de una actividad cultural: &#8216;antes muertes que sencilles&#8217;.<\/p>\n","protected":false},"author":20,"template":"","podcast_category":[],"podcast_tag":[802,127],"podcast_programa":[480],"class_list":["post-5204","podcast","type-podcast","status-publish","hentry","podcast_tag-activismo","podcast_tag-performance","podcast_programa-consultorio-de-la-senorita-b"],"acf":[],"_links":{"self":[{"href":"https:\/\/xrclab.cat\/es\/wp-json\/wp\/v2\/podcasts\/5204","targetHints":{"allow":["GET"]}}],"collection":[{"href":"https:\/\/xrclab.cat\/es\/wp-json\/wp\/v2\/podcasts"}],"about":[{"href":"https:\/\/xrclab.cat\/es\/wp-json\/wp\/v2\/types\/podcast"}],"author":[{"embeddable":true,"href":"https:\/\/xrclab.cat\/es\/wp-json\/wp\/v2\/users\/20"}],"wp:attachment":[{"href":"https:\/\/xrclab.cat\/es\/wp-json\/wp\/v2\/media?parent=5204"}],"wp:term":[{"taxonomy":"podcast_category","embeddable":true,"href":"https:\/\/xrclab.cat\/es\/wp-json\/wp\/v2\/podcast_category?post=5204"},{"taxonomy":"podcast_tag","embeddable":true,"href":"https:\/\/xrclab.cat\/es\/wp-json\/wp\/v2\/podcast_tag?post=5204"},{"taxonomy":"podcast_programa","embeddable":true,"href":"https:\/\/xrclab.cat\/es\/wp-json\/wp\/v2\/podcast_programa?post=5204"}],"curies":[{"name":"wp","href":"https:\/\/api.w.org\/{rel}","templated":true}]}}

Consultorio parasentimental de la Señorita B. feat Gigantes &amp; Molinos

<p>Transmisión del saber de las cicatrices de infancia, para tiempos pandémicos. Con las voces de Gigantes y Molinos (Club social &#8216;Arep) y Radio Cava-ret.</p>
<p class="p1"><i><span style="font-weight: 400">Consultorio parasentimental de la Señorita B.</span></i><span style="font-weight: 400"> Radio Cava-ret feat Gigantes y Molinos (‘Arep) es una sección de la performance radiofónica &#8216;Antes muerta que sencilla&#8217;. </span></p>
<p class="p1"><span style="font-weight: 400">Esta ha sido una emisión vía correo electrónico y podcast dentro del proyecto de artes escénicas y radio estació La Roda </span><a href="http://www.laltrefestival.cat/es/"><span style="font-weight: 400">L’Altre Festival</span></a><span style="font-weight: 400"> + Ràdio Nikosia &amp; KRàdioK, para la versión digital del </span><a href="https://www.faaccc.org/"><span style="font-weight: 400">Festival d’Arts Comuntàries de Barcelona,</span></a><span style="font-weight: 400"> el 30 de octubre a las 19h45 en el ciberspacio, 2020.</span></p>
<p class="p1">Ante el cierre sin previsión de una actividad cultural: &#8216;antes muertes que sencilles&#8217;.</p>
