{"id":5074,"date":"2020-08-13T12:26:04","date_gmt":"2020-08-13T11:26:04","guid":{"rendered":"https:\/\/xrcb.cat\/ca\/?post_type=podcast&#038;p=5074"},"modified":"2020-08-13T12:27:10","modified_gmt":"2020-08-13T11:27:10","slug":"4-luciferases-aportant-llum-a-la-ciencia-des-dels-feminismes","status":"publish","type":"podcast","link":"https:\/\/xrclab.cat\/es\/podcast\/4-luciferases-aportant-llum-a-la-ciencia-des-dels-feminismes\/","title":{"rendered":"4. Luciferases, aportant llum a la ci\u00e8ncia des dels feminismes"},"content":{"rendered":"<p>En aquest programa de R\u00e0dio Paquita ens trobem amb el col\u00b7lectiu Luciferases, conformat per dues dones que treballen per aportar llum a la ci\u00e8ncia, fent visibles a cient\u00edfiques i divulgant ci\u00e8ncia amb perspectiva social i feminista.<\/p>\n","protected":false},"author":31,"template":"","podcast_category":[],"podcast_tag":[347,134],"podcast_programa":[],"class_list":["post-5074","podcast","type-podcast","status-publish","hentry","podcast_tag-ciencia","podcast_tag-feminisme"],"acf":[],"_links":{"self":[{"href":"https:\/\/xrclab.cat\/es\/wp-json\/wp\/v2\/podcasts\/5074","targetHints":{"allow":["GET"]}}],"collection":[{"href":"https:\/\/xrclab.cat\/es\/wp-json\/wp\/v2\/podcasts"}],"about":[{"href":"https:\/\/xrclab.cat\/es\/wp-json\/wp\/v2\/types\/podcast"}],"author":[{"embeddable":true,"href":"https:\/\/xrclab.cat\/es\/wp-json\/wp\/v2\/users\/31"}],"wp:attachment":[{"href":"https:\/\/xrclab.cat\/es\/wp-json\/wp\/v2\/media?parent=5074"}],"wp:term":[{"taxonomy":"podcast_category","embeddable":true,"href":"https:\/\/xrclab.cat\/es\/wp-json\/wp\/v2\/podcast_category?post=5074"},{"taxonomy":"podcast_tag","embeddable":true,"href":"https:\/\/xrclab.cat\/es\/wp-json\/wp\/v2\/podcast_tag?post=5074"},{"taxonomy":"podcast_programa","embeddable":true,"href":"https:\/\/xrclab.cat\/es\/wp-json\/wp\/v2\/podcast_programa?post=5074"}],"curies":[{"name":"wp","href":"https:\/\/api.w.org\/{rel}","templated":true}]}}

4. Luciferases, aportant llum a la ciència des dels feminismes

<p>En aquest programa de Ràdio Paquita ens trobem amb el col·lectiu Luciferases, conformat per dues dones que treballen per aportar llum a la ciència, fent visibles a científiques i divulgant ciència amb perspectiva social i feminista.</p>
