{"id":5066,"date":"2020-08-13T12:11:23","date_gmt":"2020-08-13T11:11:23","guid":{"rendered":"https:\/\/xrcb.cat\/ca\/?post_type=podcast&#038;p=5066"},"modified":"2020-11-13T12:21:06","modified_gmt":"2020-11-13T10:21:06","slug":"2-la-amiga-de-mi-amiga-cine-bollos-vol-1-con-francina-ribes","status":"publish","type":"podcast","link":"https:\/\/xrclab.cat\/es\/podcast\/2-la-amiga-de-mi-amiga-cine-bollos-vol-1-con-francina-ribes\/","title":{"rendered":"2. La amiga de mi amiga. Cine &amp; Bollos Vol.1 con Francina Ribes"},"content":{"rendered":"<p>Queridxs amigues y amigas, felices y contentas de presentaros nuestro primer especial Cine y representaci\u00f3n l\u00e9sbica, de la mano de nuestra querid\u00edsima Francina Ribes. En este cap\u00edtulo hablaremos de pelis como \u00abInstinto b\u00e1sico\u00bb, \u00abLazos aridientes\u00bb, \u00abLa vida de Adele\u00bb, \u00abCarol\u00bb,&#8230; tambi\u00e9n recordaremos a Chantal Akerman y hablaremos de como todo esto habla de nosotras.<\/p>\n<p>La banda sonora esta vez ser\u00e1n dos hits de hoy y siempre, le pediremos la luna a Javiera Mena y empezaremos a entender con Shakira. Nos acompa\u00f1ar\u00e1 tambi\u00e9n nuestra nueva secci\u00f3n \u00abLa aprendiz de graf\u00f3loga\u00bb y veremos que hay detr\u00e1s de la letra de Mari Trini.<\/p>\n<p>Y como siempre nos despediremos con el consultorio donde hablaremos de protecci\u00f3n en el sexo bollo y os pediremos consejo y red afectiva para protegernos todes.<\/p>\n<p>Gracias a Radio Paquita (espacio que nos cede la Bonne), a Alejandra nuestra querida t\u00e9cnica, a la aprendiz de graf\u00f3loga y a la consultora.<\/p>\n<p>Dejamos listado de las amigas que han hecho posible este podcast:<br \/>\nFrancina Ribes @francinaribes<br \/>\nJaviera Mena @javieramena<br \/>\nShakira @shakira<br \/>\nLa Bonne @labonnebcn<\/p>\n","protected":false},"author":31,"template":"","podcast_category":[],"podcast_tag":[117,163],"podcast_programa":[],"class_list":["post-5066","podcast","type-podcast","status-publish","hentry","podcast_tag-cine","podcast_tag-queer"],"acf":[],"_links":{"self":[{"href":"https:\/\/xrclab.cat\/es\/wp-json\/wp\/v2\/podcasts\/5066","targetHints":{"allow":["GET"]}}],"collection":[{"href":"https:\/\/xrclab.cat\/es\/wp-json\/wp\/v2\/podcasts"}],"about":[{"href":"https:\/\/xrclab.cat\/es\/wp-json\/wp\/v2\/types\/podcast"}],"author":[{"embeddable":true,"href":"https:\/\/xrclab.cat\/es\/wp-json\/wp\/v2\/users\/31"}],"wp:attachment":[{"href":"https:\/\/xrclab.cat\/es\/wp-json\/wp\/v2\/media?parent=5066"}],"wp:term":[{"taxonomy":"podcast_category","embeddable":true,"href":"https:\/\/xrclab.cat\/es\/wp-json\/wp\/v2\/podcast_category?post=5066"},{"taxonomy":"podcast_tag","embeddable":true,"href":"https:\/\/xrclab.cat\/es\/wp-json\/wp\/v2\/podcast_tag?post=5066"},{"taxonomy":"podcast_programa","embeddable":true,"href":"https:\/\/xrclab.cat\/es\/wp-json\/wp\/v2\/podcast_programa?post=5066"}],"curies":[{"name":"wp","href":"https:\/\/api.w.org\/{rel}","templated":true}]}}

<p>Queridxs amigues y amigas, felices y contentas de presentaros nuestro primer especial Cine y representación lésbica, de la mano de nuestra queridísima Francina Ribes. En este capítulo hablaremos de pelis como «Instinto básico», «Lazos aridientes», «La vida de Adele», «Carol»,&#8230; también recordaremos a Chantal Akerman y hablaremos de como todo esto habla de nosotras.</p>
<p>La banda sonora esta vez serán dos hits de hoy y siempre, le pediremos la luna a Javiera Mena y empezaremos a entender con Shakira. Nos acompañará también nuestra nueva sección «La aprendiz de grafóloga» y veremos que hay detrás de la letra de Mari Trini.</p>
<p>Y como siempre nos despediremos con el consultorio donde hablaremos de protección en el sexo bollo y os pediremos consejo y red afectiva para protegernos todes.</p>
<p>Gracias a Radio Paquita (espacio que nos cede la Bonne), a Alejandra nuestra querida técnica, a la aprendiz de grafóloga y a la consultora.</p>
<p>Dejamos listado de las amigas que han hecho posible este podcast:<br />
Francina Ribes @francinaribes<br />
Javiera Mena @javieramena<br />
Shakira @shakira<br />
La Bonne @labonnebcn</p>
