{"id":4567,"date":"2020-03-18T13:45:44","date_gmt":"2020-03-18T12:45:44","guid":{"rendered":"https:\/\/xrcb.cat\/ca\/?post_type=podcast&#038;p=4567"},"modified":"2020-03-18T13:45:44","modified_gmt":"2020-03-18T12:45:44","slug":"consulta-sentimental-de-irfan-karaoke-inmigrante","status":"publish","type":"podcast","link":"https:\/\/xrclab.cat\/es\/podcast\/consulta-sentimental-de-irfan-karaoke-inmigrante\/","title":{"rendered":"Consulta sentimental de Irf\u00e1n &#8211; Karaoke inmigrante"},"content":{"rendered":"<p>\u00bfPor qu\u00e9 no puedo obtener la nacionalidad espa\u00f1ola si llevo m\u00e1s de 17 a\u00f1os aqu\u00ed? &#8211; Irf\u00e1n, 2017, en La Boquer\u00eda.<\/p>\n<p>Con esta pregunta grabada por Mireia Cucala, radio cabaretera del reportaje, surge un proyecto impulsado por Violeta Ospina, con la colaboraci\u00f3n de Radio Cava-ret, que consiste en la realizaci\u00f3n de un taller de karaoke para interpelar el control migratorio. El taller consisti\u00f3 en escuchar la migraci\u00f3n de personas racializadas como Irf\u00e1n y al interior del grupo, de leer en voz alta texto sobre la ley de extranjer\u00eda y recolecciones de prensa que hace Daniela Ortiz para su proyecto Europa Blanca. Luego tomamos canciones populares y de nuestro gusto, para hackearlas con palabras que hacen parte del amplio men\u00fa de opresiones, asesinatos, hechos y narrativas que acompa\u00f1an el orden colonial y la separaci\u00f3n fronteriza, concretamente en Espa\u00f1a. El karaoke inmigrante canta c\u00f3mo el control migratorio afecta el deseo, la sexualidad y los cuerpos migrados en el contexto de la &#8216;Europa fortaleza&#8217;.<\/p>\n<p>El proyecto surge del Consultorio sentimental de la Se\u00f1orita B, de Radio CAVAret, con la realizaci\u00f3n de Isabella Franceschi, Mireia Cucala, Samuel Cespedes y Violeta Ospina y el repertorio de video-karaokes hasta la fecha es una intervenci\u00f3n permanente en YouTube.<\/p>\n","protected":false},"author":20,"template":"","podcast_category":[],"podcast_tag":[740,127,129,734,733],"podcast_programa":[],"class_list":["post-4567","podcast","type-podcast","status-publish","hentry","podcast_tag-artes-vivas","podcast_tag-performance","podcast_tag-radia","podcast_tag-samuel-cespedes","podcast_tag-violeta-ospina"],"acf":[],"_links":{"self":[{"href":"https:\/\/xrclab.cat\/es\/wp-json\/wp\/v2\/podcasts\/4567","targetHints":{"allow":["GET"]}}],"collection":[{"href":"https:\/\/xrclab.cat\/es\/wp-json\/wp\/v2\/podcasts"}],"about":[{"href":"https:\/\/xrclab.cat\/es\/wp-json\/wp\/v2\/types\/podcast"}],"author":[{"embeddable":true,"href":"https:\/\/xrclab.cat\/es\/wp-json\/wp\/v2\/users\/20"}],"wp:attachment":[{"href":"https:\/\/xrclab.cat\/es\/wp-json\/wp\/v2\/media?parent=4567"}],"wp:term":[{"taxonomy":"podcast_category","embeddable":true,"href":"https:\/\/xrclab.cat\/es\/wp-json\/wp\/v2\/podcast_category?post=4567"},{"taxonomy":"podcast_tag","embeddable":true,"href":"https:\/\/xrclab.cat\/es\/wp-json\/wp\/v2\/podcast_tag?post=4567"},{"taxonomy":"podcast_programa","embeddable":true,"href":"https:\/\/xrclab.cat\/es\/wp-json\/wp\/v2\/podcast_programa?post=4567"}],"curies":[{"name":"wp","href":"https:\/\/api.w.org\/{rel}","templated":true}]}}

Consulta sentimental de Irfán &#8211; Karaoke inmigrante

<p>¿Por qué no puedo obtener la nacionalidad española si llevo más de 17 años aquí? &#8211; Irfán, 2017, en La Boquería.</p>
<p>Con esta pregunta grabada por Mireia Cucala, radio cabaretera del reportaje, surge un proyecto impulsado por Violeta Ospina, con la colaboración de Radio Cava-ret, que consiste en la realización de un taller de karaoke para interpelar el control migratorio. El taller consistió en escuchar la migración de personas racializadas como Irfán y al interior del grupo, de leer en voz alta texto sobre la ley de extranjería y recolecciones de prensa que hace Daniela Ortiz para su proyecto Europa Blanca. Luego tomamos canciones populares y de nuestro gusto, para hackearlas con palabras que hacen parte del amplio menú de opresiones, asesinatos, hechos y narrativas que acompañan el orden colonial y la separación fronteriza, concretamente en España. El karaoke inmigrante canta cómo el control migratorio afecta el deseo, la sexualidad y los cuerpos migrados en el contexto de la &#8216;Europa fortaleza&#8217;.</p>
<p>El proyecto surge del Consultorio sentimental de la Señorita B, de Radio CAVAret, con la realización de Isabella Franceschi, Mireia Cucala, Samuel Cespedes y Violeta Ospina y el repertorio de video-karaokes hasta la fecha es una intervención permanente en YouTube.</p>
