{"id":4101,"date":"2019-12-02T18:07:05","date_gmt":"2019-12-02T17:07:05","guid":{"rendered":"https:\/\/xrcb.cat\/ca\/?post_type=podcast&#038;p=4101"},"modified":"2019-12-02T18:07:05","modified_gmt":"2019-12-02T17:07:05","slug":"radio-trinijove_incorporat-a-la-feina-5-11-2019","status":"publish","type":"podcast","link":"https:\/\/xrclab.cat\/es\/podcast\/radio-trinijove_incorporat-a-la-feina-5-11-2019\/","title":{"rendered":"R\u00e0dio Trinijove_Incorpora&#8217;t a la feina 5-11-2019"},"content":{"rendered":"<p>Estem d&#8217;estrena a R\u00e0dio Trinijove!. Avui, 12 de novembre, estrenem INCORPORA&#8217;T A LA FEINA, l&#8217;espai mensual de la Fundaci\u00f3 Trinijove amb la col\u00b7laboraci\u00f3 de l&#8217;Obra Social \u00abla Caixa\u00bb, per tal de difondre el Programa Incorpora i els beneficis que transmet a tots els destinataris (usuaris\/es, empreses i entitats pertanyents a Incorpora)<\/p>\n<p>Avui per ser el primer programa hem fet una panor\u00e0mica general de tots els programes i serveis Incorpora \u201cla Caixa\u201d, que duem a terme a Barcelona, Sabadell i Sitges.<\/p>\n<p>Hem comen\u00e7at a endinsar-nos en el m\u00f3n Incorpora de la m\u00e0 dels 3 t\u00e8cnics del Programa Incorpora que tenim a Trinijove: Narc\u00eds Miranda (orientador a Barcelona), Nacho Pintado (orientador i propector a Sabadell) i Jonathan Rodr\u00edguez (orientador i propector a Sitges). A tres bandes hem parlat de les tasques d&#8217;orientaci\u00f3 i intermediaci\u00f3 laborals fetes a les tres poblacions, amb les que mantenim un vincle molt estret amb els\/les usuaris\/es, les entitats i les empreses (pertanyents o no a la Xarxa Incorpora \u00abla Caixa) i tamb\u00e9 amb els grups comarcals amb els que treballem (el Barcelon\u00e8s, el Vall\u00e8s Occidental i el Garraf).<\/p>\n<p>Hem seguit amb empenta i ganes d&#8217;emprendre amb el Punt Autoocupaci\u00f3 Incorpora, ubicat a Sabadell, del que ens n&#8217;ha parlat el nostre t\u00e8cnic i company, Diego Negredo. Obrir un negoci no \u00e9s f\u00e0cil i menys mantenir-lo obert!. Aix\u00f2 \u00e9s el que ha destacat en Diego, amb el que hem parlat de l&#8217;assessorament i acompanyament als usuaris com a factors claus del proc\u00e9s aix\u00ed com dels pasos a seguir per muntar el nostre propi negoci, sempre buscant la viabilitat econ\u00f2mica i reduint el m\u00e0xim possible els riscos.<\/p>\n<p>I hem acabat el primer &#8216;Incorpora&#8217;t a la feina&#8217; amb el Programa Reincorpora, que ofereix a persones privades de llibertat l&#8217;oportunitat de lluitar per un futur digne mitjan\u00e7ant un itinerari personalitzat d&#8217;integraci\u00f3 sociolaboral. Hem conegut d&#8217;aprop el Programa Reincorpora de Trinijove, ubicat a Barcelona i Sabadell, a trav\u00e9s d&#8217;en Carles Montagut, t\u00e8cnic a Sabadell, i de la Cristina Mu\u00f1oz, t\u00e8cnica a Barcelona.<\/p>\n","protected":false},"author":19,"template":"","podcast_category":[],"podcast_tag":[898],"podcast_programa":[645],"class_list":["post-4101","podcast","type-podcast","status-publish","hentry","podcast_tag-temes-socials-i-voluntariat","podcast_programa-incorporat-a-la-feina"],"acf":[],"_links":{"self":[{"href":"https:\/\/xrclab.cat\/es\/wp-json\/wp\/v2\/podcasts\/4101","targetHints":{"allow":["GET"]}}],"collection":[{"href":"https:\/\/xrclab.cat\/es\/wp-json\/wp\/v2\/podcasts"}],"about":[{"href":"https:\/\/xrclab.cat\/es\/wp-json\/wp\/v2\/types\/podcast"}],"author":[{"embeddable":true,"href":"https:\/\/xrclab.cat\/es\/wp-json\/wp\/v2\/users\/19"}],"wp:attachment":[{"href":"https:\/\/xrclab.cat\/es\/wp-json\/wp\/v2\/media?parent=4101"}],"wp:term":[{"taxonomy":"podcast_category","embeddable":true,"href":"https:\/\/xrclab.cat\/es\/wp-json\/wp\/v2\/podcast_category?post=4101"},{"taxonomy":"podcast_tag","embeddable":true,"href":"https:\/\/xrclab.cat\/es\/wp-json\/wp\/v2\/podcast_tag?post=4101"},{"taxonomy":"podcast_programa","embeddable":true,"href":"https:\/\/xrclab.cat\/es\/wp-json\/wp\/v2\/podcast_programa?post=4101"}],"curies":[{"name":"wp","href":"https:\/\/api.w.org\/{rel}","templated":true}]}}

Ràdio Trinijove_Incorpora&#8217;t a la feina 5-11-2019

<p>Estem d&#8217;estrena a Ràdio Trinijove!. Avui, 12 de novembre, estrenem INCORPORA&#8217;T A LA FEINA, l&#8217;espai mensual de la Fundació Trinijove amb la col·laboració de l&#8217;Obra Social «la Caixa», per tal de difondre el Programa Incorpora i els beneficis que transmet a tots els destinataris (usuaris/es, empreses i entitats pertanyents a Incorpora)</p>
<p>Avui per ser el primer programa hem fet una panoràmica general de tots els programes i serveis Incorpora “la Caixa”, que duem a terme a Barcelona, Sabadell i Sitges.</p>
<p>Hem començat a endinsar-nos en el món Incorpora de la mà dels 3 tècnics del Programa Incorpora que tenim a Trinijove: Narcís Miranda (orientador a Barcelona), Nacho Pintado (orientador i propector a Sabadell) i Jonathan Rodríguez (orientador i propector a Sitges). A tres bandes hem parlat de les tasques d&#8217;orientació i intermediació laborals fetes a les tres poblacions, amb les que mantenim un vincle molt estret amb els/les usuaris/es, les entitats i les empreses (pertanyents o no a la Xarxa Incorpora «la Caixa) i també amb els grups comarcals amb els que treballem (el Barcelonès, el Vallès Occidental i el Garraf).</p>
<p>Hem seguit amb empenta i ganes d&#8217;emprendre amb el Punt Autoocupació Incorpora, ubicat a Sabadell, del que ens n&#8217;ha parlat el nostre tècnic i company, Diego Negredo. Obrir un negoci no és fàcil i menys mantenir-lo obert!. Això és el que ha destacat en Diego, amb el que hem parlat de l&#8217;assessorament i acompanyament als usuaris com a factors claus del procés així com dels pasos a seguir per muntar el nostre propi negoci, sempre buscant la viabilitat econòmica i reduint el màxim possible els riscos.</p>
<p>I hem acabat el primer &#8216;Incorpora&#8217;t a la feina&#8217; amb el Programa Reincorpora, que ofereix a persones privades de llibertat l&#8217;oportunitat de lluitar per un futur digne mitjançant un itinerari personalitzat d&#8217;integració sociolaboral. Hem conegut d&#8217;aprop el Programa Reincorpora de Trinijove, ubicat a Barcelona i Sabadell, a través d&#8217;en Carles Montagut, tècnic a Sabadell, i de la Cristina Muñoz, tècnica a Barcelona.</p>
