{"id":4081,"date":"2019-12-02T17:47:18","date_gmt":"2019-12-02T16:47:18","guid":{"rendered":"https:\/\/xrcb.cat\/ca\/?post_type=podcast&#038;p=4081"},"modified":"2019-12-02T17:47:18","modified_gmt":"2019-12-02T16:47:18","slug":"radio-trinijove_connexio-intercultural-18-11-2019","status":"publish","type":"podcast","link":"https:\/\/xrclab.cat\/es\/podcast\/radio-trinijove_connexio-intercultural-18-11-2019\/","title":{"rendered":"R\u00e0dio Trinijove_Connexi\u00f3 intercultural 18-11-2019"},"content":{"rendered":"<p>Aprofitant que acabem de passar la Castanyada, hem iniciat una nova \u2018CONNEXI\u00d3 INTERCULTURAL\u2019 amb ganes de compartir i intercanviar tradicions catalanes i llatines amb persones diverses. Amb dues ve\u00efnes de la Trinitat Vella, Gladis i Natalie, \u00e0via i n\u00e9ta, hem parlat de com celebren la Castanyada al barri i de com viuen el Dia de Tots Sants a la Rep\u00fablica Dominicana. Amb \u00e0via i n\u00e9ta hem volgut tamb\u00e9 parlar de quina manera festejen les mateixes tradicions que nosaltres i quines altres tradicions festives tenen ells\/es.<br \/>\nSimilituts i difer\u00e8ncies entre tradicions d\u2019aqu\u00ed i d\u2019all\u00e0, totes elles enriquidores, s\u00f3n les que ens hem trobat parlant plegades.<\/p>\n<p>De la interculturalitat de les celebracions hem passat a la interculturalitat existent al barri del Raval, que celebra del 7 al 9 de novembre el FESTIVAL DE CULTURA (S) RAVAL, FESTIVAL CONTRA EL RACISME!. El seu organitzador, Juan Pedro Diotiayuti, ha fet especial \u00e8mfasi en la funci\u00f3 de visibilitzaci\u00f3 i denuncia de pr\u00e0ctiques i discursos racistes que t\u00e9 el festival, aix\u00ed com amb l\u2019\u00fas de la cultura com a eina reivindicativa i pedag\u00f3gica que construeixi ponts i no muralles.<\/p>\n<p>Aquest festival de cultura(s) del Raval, centrat en la lluita antiracista, est\u00e1 fet per la Fundaci\u00f3 Tot Raval i sobretot persones i entitats del barri. Una d\u2019elles \u00e9s la cooperativa Colectic, que a trav\u00e9s de l\u2019oralitat, el t\u00e8xtil, l\u2019art, el reciclatge i la m\u00fasica crear\u00e0 espais de diversitat i participaci\u00f3.<br \/>\nUn ampli i divers programa d\u2019activitats ens proposa el Festival contra el racisme que ja podeu consultar al web www.totraval.org.<\/p>\n","protected":false},"author":19,"template":"","podcast_category":[],"podcast_tag":[150,898],"podcast_programa":[627],"class_list":["post-4081","podcast","type-podcast","status-publish","hentry","podcast_tag-cultura","podcast_tag-temes-socials-i-voluntariat","podcast_programa-connexio-intercultural"],"acf":[],"_links":{"self":[{"href":"https:\/\/xrclab.cat\/es\/wp-json\/wp\/v2\/podcasts\/4081","targetHints":{"allow":["GET"]}}],"collection":[{"href":"https:\/\/xrclab.cat\/es\/wp-json\/wp\/v2\/podcasts"}],"about":[{"href":"https:\/\/xrclab.cat\/es\/wp-json\/wp\/v2\/types\/podcast"}],"author":[{"embeddable":true,"href":"https:\/\/xrclab.cat\/es\/wp-json\/wp\/v2\/users\/19"}],"wp:attachment":[{"href":"https:\/\/xrclab.cat\/es\/wp-json\/wp\/v2\/media?parent=4081"}],"wp:term":[{"taxonomy":"podcast_category","embeddable":true,"href":"https:\/\/xrclab.cat\/es\/wp-json\/wp\/v2\/podcast_category?post=4081"},{"taxonomy":"podcast_tag","embeddable":true,"href":"https:\/\/xrclab.cat\/es\/wp-json\/wp\/v2\/podcast_tag?post=4081"},{"taxonomy":"podcast_programa","embeddable":true,"href":"https:\/\/xrclab.cat\/es\/wp-json\/wp\/v2\/podcast_programa?post=4081"}],"curies":[{"name":"wp","href":"https:\/\/api.w.org\/{rel}","templated":true}]}}

Ràdio Trinijove_Connexió intercultural 18-11-2019

<p>Aprofitant que acabem de passar la Castanyada, hem iniciat una nova ‘CONNEXIÓ INTERCULTURAL’ amb ganes de compartir i intercanviar tradicions catalanes i llatines amb persones diverses. Amb dues veïnes de la Trinitat Vella, Gladis i Natalie, àvia i néta, hem parlat de com celebren la Castanyada al barri i de com viuen el Dia de Tots Sants a la República Dominicana. Amb àvia i néta hem volgut també parlar de quina manera festejen les mateixes tradicions que nosaltres i quines altres tradicions festives tenen ells/es.<br />
Similituts i diferències entre tradicions d’aquí i d’allà, totes elles enriquidores, són les que ens hem trobat parlant plegades.</p>
<p>De la interculturalitat de les celebracions hem passat a la interculturalitat existent al barri del Raval, que celebra del 7 al 9 de novembre el FESTIVAL DE CULTURA (S) RAVAL, FESTIVAL CONTRA EL RACISME!. El seu organitzador, Juan Pedro Diotiayuti, ha fet especial èmfasi en la funció de visibilització i denuncia de pràctiques i discursos racistes que té el festival, així com amb l’ús de la cultura com a eina reivindicativa i pedagógica que construeixi ponts i no muralles.</p>
<p>Aquest festival de cultura(s) del Raval, centrat en la lluita antiracista, está fet per la Fundació Tot Raval i sobretot persones i entitats del barri. Una d’elles és la cooperativa Colectic, que a través de l’oralitat, el tèxtil, l’art, el reciclatge i la música crearà espais de diversitat i participació.<br />
Un ampli i divers programa d’activitats ens proposa el Festival contra el racisme que ja podeu consultar al web www.totraval.org.</p>
