{"id":3826,"date":"2019-11-06T10:53:42","date_gmt":"2019-11-06T09:53:42","guid":{"rendered":"https:\/\/xrcb.cat\/ca\/?post_type=podcast&#038;p=3826"},"modified":"2019-11-21T11:15:17","modified_gmt":"2019-11-21T10:15:17","slug":"radio-trinijove_culturalia","status":"publish","type":"podcast","link":"https:\/\/xrclab.cat\/es\/podcast\/radio-trinijove_culturalia\/","title":{"rendered":"R\u00e0dio Trinijove_Culturalia"},"content":{"rendered":"<p>&#8216;Culturalia&#8217;, un magazine on trobar ter\u00e0pies, noves tecnolog\u00edes, misteris, cinema, teatre, viatges, art&#8230; tot saonat amb lletres i m\u00fasica.<\/p>\n<p>Cada dimarts, de 18h a 19:45 h, de la m\u00e0 de la Violant Mu\u00f1oz i els seus medi\u00e2tics: Culturalia, la teva cultura al dia, en el 91,6 fm!<\/p>\n<p>agmediatica.wixsite.com\/culturalia<\/p>\n","protected":false},"author":19,"template":"","podcast_category":[],"podcast_tag":[],"podcast_programa":[628],"class_list":["post-3826","podcast","type-podcast","status-publish","hentry","podcast_programa-culturalia"],"acf":[],"_links":{"self":[{"href":"https:\/\/xrclab.cat\/es\/wp-json\/wp\/v2\/podcasts\/3826","targetHints":{"allow":["GET"]}}],"collection":[{"href":"https:\/\/xrclab.cat\/es\/wp-json\/wp\/v2\/podcasts"}],"about":[{"href":"https:\/\/xrclab.cat\/es\/wp-json\/wp\/v2\/types\/podcast"}],"author":[{"embeddable":true,"href":"https:\/\/xrclab.cat\/es\/wp-json\/wp\/v2\/users\/19"}],"wp:attachment":[{"href":"https:\/\/xrclab.cat\/es\/wp-json\/wp\/v2\/media?parent=3826"}],"wp:term":[{"taxonomy":"podcast_category","embeddable":true,"href":"https:\/\/xrclab.cat\/es\/wp-json\/wp\/v2\/podcast_category?post=3826"},{"taxonomy":"podcast_tag","embeddable":true,"href":"https:\/\/xrclab.cat\/es\/wp-json\/wp\/v2\/podcast_tag?post=3826"},{"taxonomy":"podcast_programa","embeddable":true,"href":"https:\/\/xrclab.cat\/es\/wp-json\/wp\/v2\/podcast_programa?post=3826"}],"curies":[{"name":"wp","href":"https:\/\/api.w.org\/{rel}","templated":true}]}}

Ràdio Trinijove_Culturalia

<p>&#8216;Culturalia&#8217;, un magazine on trobar teràpies, noves tecnologíes, misteris, cinema, teatre, viatges, art&#8230; tot saonat amb lletres i música.</p>
<p>Cada dimarts, de 18h a 19:45 h, de la mà de la Violant Muñoz i els seus mediâtics: Culturalia, la teva cultura al dia, en el 91,6 fm!</p>
<p>agmediatica.wixsite.com/culturalia</p>
