{"id":3821,"date":"2019-11-06T10:50:43","date_gmt":"2019-11-06T09:50:43","guid":{"rendered":"https:\/\/xrcb.cat\/ca\/?post_type=podcast&#038;p=3821"},"modified":"2019-11-21T11:15:25","modified_gmt":"2019-11-21T10:15:25","slug":"radio-trinijove_connexio-intercultural","status":"publish","type":"podcast","link":"https:\/\/xrclab.cat\/es\/podcast\/radio-trinijove_connexio-intercultural\/","title":{"rendered":"R\u00e0dio Trinijove_Connexi\u00f3 Intercultural"},"content":{"rendered":"<p>La Fundaci\u00f3 Trinijove, membre del grup de comunicaci\u00f3 de la Xarxa BCN Antirumors, vol copsar i posar en valor la interculturalitat que conforma la ciutat de Barcelona, entenent-la sempre com un valor afegit i mai com un perill, i sempre incidint en les fases de detecci\u00f3, desmuntatge i\/o den\u00fancia de discursos i casos discriminatoris, que atempten contra els drets de les persones d\u2019origen migrant.<\/p>\n<p>Com intentaran assolir aquesta premissa? A trav\u00e9s d\u2019un programa de R\u00e0dio Trinijove amb la col\u00b7laboraci\u00f3 de la Xarxa BCN Antirumors, \u2018Connexi\u00f3 intercultural\u2019, que vol arribar als centres educatius del Districte de Sant Andreu preferentment, sensibilitzant i inculcant als m\u00e9s joves la import\u00e0ncia de viure en una societat plural i intercultural. Treballarem, d\u2019una banda, els c\u00f2mics antirumors, \u2018Blanca Rosita Barcelona\u2019, editats per l\u2019Estrat\u00e8gia BCN Antirumors i, d\u2019altra banda, els \u2018Relats Reals\u2019 de La Directa i SOS Racisme.<\/p>\n<p>A m\u00e9s d\u2019entrar a les aules escolars amb un missatge intercultural i sensibilitzador, des de \u2018Connexi\u00f3 intercultural\u2019 tamb\u00e9 es vol posar l\u2019ull en totes aquelles bones i sovint desconegudes pr\u00e0ctiques interculturals dels districtes i barris de la ciutat, en els que gira un gran teixit divers i intercultural.<\/p>\n","protected":false},"author":19,"template":"","podcast_category":[],"podcast_tag":[898],"podcast_programa":[627],"class_list":["post-3821","podcast","type-podcast","status-publish","hentry","podcast_tag-temes-socials-i-voluntariat","podcast_programa-connexio-intercultural"],"acf":[],"_links":{"self":[{"href":"https:\/\/xrclab.cat\/es\/wp-json\/wp\/v2\/podcasts\/3821","targetHints":{"allow":["GET"]}}],"collection":[{"href":"https:\/\/xrclab.cat\/es\/wp-json\/wp\/v2\/podcasts"}],"about":[{"href":"https:\/\/xrclab.cat\/es\/wp-json\/wp\/v2\/types\/podcast"}],"author":[{"embeddable":true,"href":"https:\/\/xrclab.cat\/es\/wp-json\/wp\/v2\/users\/19"}],"wp:attachment":[{"href":"https:\/\/xrclab.cat\/es\/wp-json\/wp\/v2\/media?parent=3821"}],"wp:term":[{"taxonomy":"podcast_category","embeddable":true,"href":"https:\/\/xrclab.cat\/es\/wp-json\/wp\/v2\/podcast_category?post=3821"},{"taxonomy":"podcast_tag","embeddable":true,"href":"https:\/\/xrclab.cat\/es\/wp-json\/wp\/v2\/podcast_tag?post=3821"},{"taxonomy":"podcast_programa","embeddable":true,"href":"https:\/\/xrclab.cat\/es\/wp-json\/wp\/v2\/podcast_programa?post=3821"}],"curies":[{"name":"wp","href":"https:\/\/api.w.org\/{rel}","templated":true}]}}

Ràdio Trinijove_Connexió Intercultural

<p>La Fundació Trinijove, membre del grup de comunicació de la Xarxa BCN Antirumors, vol copsar i posar en valor la interculturalitat que conforma la ciutat de Barcelona, entenent-la sempre com un valor afegit i mai com un perill, i sempre incidint en les fases de detecció, desmuntatge i/o denúncia de discursos i casos discriminatoris, que atempten contra els drets de les persones d’origen migrant.</p>
<p>Com intentaran assolir aquesta premissa? A través d’un programa de Ràdio Trinijove amb la col·laboració de la Xarxa BCN Antirumors, ‘Connexió intercultural’, que vol arribar als centres educatius del Districte de Sant Andreu preferentment, sensibilitzant i inculcant als més joves la importància de viure en una societat plural i intercultural. Treballarem, d’una banda, els còmics antirumors, ‘Blanca Rosita Barcelona’, editats per l’Estratègia BCN Antirumors i, d’altra banda, els ‘Relats Reals’ de La Directa i SOS Racisme.</p>
<p>A més d’entrar a les aules escolars amb un missatge intercultural i sensibilitzador, des de ‘Connexió intercultural’ també es vol posar l’ull en totes aquelles bones i sovint desconegudes pràctiques interculturals dels districtes i barris de la ciutat, en els que gira un gran teixit divers i intercultural.</p>
