{"id":3816,"date":"2019-11-06T10:45:51","date_gmt":"2019-11-06T09:45:51","guid":{"rendered":"https:\/\/xrcb.cat\/ca\/?post_type=podcast&#038;p=3816"},"modified":"2019-11-21T11:15:35","modified_gmt":"2019-11-21T10:15:35","slug":"radio-trinijove_chispa-flamenca","status":"publish","type":"podcast","link":"https:\/\/xrclab.cat\/es\/podcast\/radio-trinijove_chispa-flamenca\/","title":{"rendered":"R\u00e0dio Trinijove_Chispa Flamenca"},"content":{"rendered":"<p>Mar\u00eda Rosa Vill\u00e9n nos presenta un programa lleno de arte y m\u00fasica flamenca!. Entrevistas, actualidad musical y alguna que otra sorpresa!<\/p>\n<p>La \u2019Chispa Flamenca\u2019 suena todos los lunes a las 11 en R\u00e0dio Trinijove!<\/p>\n","protected":false},"author":19,"template":"","podcast_category":[],"podcast_tag":[],"podcast_programa":[626],"class_list":["post-3816","podcast","type-podcast","status-publish","hentry","podcast_programa-chispa-flamenca"],"acf":[],"_links":{"self":[{"href":"https:\/\/xrclab.cat\/es\/wp-json\/wp\/v2\/podcasts\/3816","targetHints":{"allow":["GET"]}}],"collection":[{"href":"https:\/\/xrclab.cat\/es\/wp-json\/wp\/v2\/podcasts"}],"about":[{"href":"https:\/\/xrclab.cat\/es\/wp-json\/wp\/v2\/types\/podcast"}],"author":[{"embeddable":true,"href":"https:\/\/xrclab.cat\/es\/wp-json\/wp\/v2\/users\/19"}],"wp:attachment":[{"href":"https:\/\/xrclab.cat\/es\/wp-json\/wp\/v2\/media?parent=3816"}],"wp:term":[{"taxonomy":"podcast_category","embeddable":true,"href":"https:\/\/xrclab.cat\/es\/wp-json\/wp\/v2\/podcast_category?post=3816"},{"taxonomy":"podcast_tag","embeddable":true,"href":"https:\/\/xrclab.cat\/es\/wp-json\/wp\/v2\/podcast_tag?post=3816"},{"taxonomy":"podcast_programa","embeddable":true,"href":"https:\/\/xrclab.cat\/es\/wp-json\/wp\/v2\/podcast_programa?post=3816"}],"curies":[{"name":"wp","href":"https:\/\/api.w.org\/{rel}","templated":true}]}}

Ràdio Trinijove_Chispa Flamenca

<p>María Rosa Villén nos presenta un programa lleno de arte y música flamenca!. Entrevistas, actualidad musical y alguna que otra sorpresa!</p>
<p>La ’Chispa Flamenca’ suena todos los lunes a las 11 en Ràdio Trinijove!</p>
