{"id":10667,"date":"2023-03-23T16:55:21","date_gmt":"2023-03-23T14:55:21","guid":{"rendered":"https:\/\/xrcb.cat\/ca\/podcast\/experiencies-de-maternitats-bi-bollo\/"},"modified":"2023-03-23T16:55:22","modified_gmt":"2023-03-23T14:55:22","slug":"experiencies-de-maternitats-bi-bollo","status":"publish","type":"podcast","link":"https:\/\/xrclab.cat\/es\/podcast\/experiencies-de-maternitats-bi-bollo\/","title":{"rendered":"Experi\u00e8ncies de maternitats bi-bollo"},"content":{"rendered":"<p>Conversatori entre assistents a l&#8217;inauguraci\u00f3 de l&#8217;exposici\u00f3 \u00abd&#8217;embarrassos, maternatges i masculinitat\u00bb al Visibles, el Festival de Cultures Lesbianes de La Bonne<\/p>\n","protected":false},"author":59,"template":"","podcast_category":[],"podcast_tag":[1395,1098,353],"podcast_programa":[],"class_list":["post-10667","podcast","type-podcast","status-publish","hentry","podcast_tag-activisme","podcast_tag-transfeminismo","podcast_tag-lgtbi"],"acf":[],"_links":{"self":[{"href":"https:\/\/xrclab.cat\/es\/wp-json\/wp\/v2\/podcasts\/10667","targetHints":{"allow":["GET"]}}],"collection":[{"href":"https:\/\/xrclab.cat\/es\/wp-json\/wp\/v2\/podcasts"}],"about":[{"href":"https:\/\/xrclab.cat\/es\/wp-json\/wp\/v2\/types\/podcast"}],"author":[{"embeddable":true,"href":"https:\/\/xrclab.cat\/es\/wp-json\/wp\/v2\/users\/59"}],"wp:attachment":[{"href":"https:\/\/xrclab.cat\/es\/wp-json\/wp\/v2\/media?parent=10667"}],"wp:term":[{"taxonomy":"podcast_category","embeddable":true,"href":"https:\/\/xrclab.cat\/es\/wp-json\/wp\/v2\/podcast_category?post=10667"},{"taxonomy":"podcast_tag","embeddable":true,"href":"https:\/\/xrclab.cat\/es\/wp-json\/wp\/v2\/podcast_tag?post=10667"},{"taxonomy":"podcast_programa","embeddable":true,"href":"https:\/\/xrclab.cat\/es\/wp-json\/wp\/v2\/podcast_programa?post=10667"}],"curies":[{"name":"wp","href":"https:\/\/api.w.org\/{rel}","templated":true}]}}

Experiències de maternitats bi-bollo

<p>Conversatori entre assistents a l&#8217;inauguració de l&#8217;exposició «d&#8217;embarrassos, maternatges i masculinitat» al Visibles, el Festival de Cultures Lesbianes de La Bonne</p>
