{"id":10175,"date":"2022-12-13T00:31:11","date_gmt":"2022-12-12T22:31:11","guid":{"rendered":"https:\/\/xrcb.cat\/es\/?post_type=podcast&#038;p=10175"},"modified":"2022-12-13T00:36:33","modified_gmt":"2022-12-12T22:36:33","slug":"radio-auca-per-a-culturopolis","status":"publish","type":"podcast","link":"https:\/\/xrclab.cat\/es\/podcast\/radio-auca-per-a-culturopolis\/","title":{"rendered":"R\u00e0dio Auca per a Culturopolis"},"content":{"rendered":"<p>Rr\u00e0dio <a href=\"https:\/\/ca.wikipedia.org\/wiki\/Auca\">auca<\/a>, un espai radiof\u00f2nic h\u00edbrid per reflexionar i debatre sobre els drets culturals. Un c\u00f3ctel de formats que va comptar amb el ball i el \u00abcante\u00bb de <strong>Flamenco Queer<\/strong>, els cuplets de <strong>Gl\u00f2ria Ribera<\/strong> i la il\u00b7lustraci\u00f3 cr\u00edtica de <strong>Flavita Banana<\/strong>. Tot remesclat i condu\u00eft per <strong>Marc Gir\u00f3<\/strong> i <strong>Ant\u00f2nia Folguera<\/strong>. Enregistrat en directe el 19(12\/22 al Paral\u00b7lel dins del context de les jornades internacionals pels drets culturals, Culturopolis.<\/p>\n","protected":false},"author":13,"template":"","podcast_category":[938,939,972],"podcast_tag":[1395,1419,228,1366],"podcast_programa":[],"class_list":["post-10175","podcast","type-podcast","status-publish","hentry","podcast_category-art","podcast_category-cultura","podcast_category-radio","podcast_tag-activisme","podcast_tag-bailes","podcast_tag-comunitat","podcast_tag-festa-popular"],"acf":[],"_links":{"self":[{"href":"https:\/\/xrclab.cat\/es\/wp-json\/wp\/v2\/podcasts\/10175","targetHints":{"allow":["GET"]}}],"collection":[{"href":"https:\/\/xrclab.cat\/es\/wp-json\/wp\/v2\/podcasts"}],"about":[{"href":"https:\/\/xrclab.cat\/es\/wp-json\/wp\/v2\/types\/podcast"}],"author":[{"embeddable":true,"href":"https:\/\/xrclab.cat\/es\/wp-json\/wp\/v2\/users\/13"}],"wp:attachment":[{"href":"https:\/\/xrclab.cat\/es\/wp-json\/wp\/v2\/media?parent=10175"}],"wp:term":[{"taxonomy":"podcast_category","embeddable":true,"href":"https:\/\/xrclab.cat\/es\/wp-json\/wp\/v2\/podcast_category?post=10175"},{"taxonomy":"podcast_tag","embeddable":true,"href":"https:\/\/xrclab.cat\/es\/wp-json\/wp\/v2\/podcast_tag?post=10175"},{"taxonomy":"podcast_programa","embeddable":true,"href":"https:\/\/xrclab.cat\/es\/wp-json\/wp\/v2\/podcast_programa?post=10175"}],"curies":[{"name":"wp","href":"https:\/\/api.w.org\/{rel}","templated":true}]}}

Ràdio Auca per a Culturopolis

<p>Rràdio <a href="https://ca.wikipedia.org/wiki/Auca">auca</a>, un espai radiofònic híbrid per reflexionar i debatre sobre els drets culturals. Un cóctel de formats que va comptar amb el ball i el «cante» de <strong>Flamenco Queer</strong>, els cuplets de <strong>Glòria Ribera</strong> i la il·lustració crítica de <strong>Flavita Banana</strong>. Tot remesclat i conduït per <strong>Marc Giró</strong> i <strong>Antònia Folguera</strong>. Enregistrat en directe el 19(12/22 al Paral·lel dins del context de les jornades internacionals pels drets culturals, Culturopolis.</p>
