{"id":10057,"date":"2022-11-28T12:57:59","date_gmt":"2022-11-28T10:57:59","guid":{"rendered":"https:\/\/xrcb.cat\/ca\/podcast\/radio-lalternativa-capitol-5-encreuaments\/"},"modified":"2022-11-28T12:57:59","modified_gmt":"2022-11-28T10:57:59","slug":"radio-lalternativa-capitol-5-encreuaments","status":"publish","type":"podcast","link":"https:\/\/xrclab.cat\/es\/podcast\/radio-lalternativa-capitol-5-encreuaments\/","title":{"rendered":"R\u00e0dio L&#8217;Alternativa. Cap\u00edtol 5. Encreuaments"},"content":{"rendered":"<p>A l&#8217;\u00faltim cap\u00edtol enregistrat a la seu principal de l&#8217;Alternativa, el Teatre del CCCB, vam comptar amb un programador, un c\u00e1mara i una cineasta, els seus treball es creuen i tots s\u00f3n indispensables. Lucas Santos, programador aquest any de la secci\u00f3 de curtmetratges, Yoel Smit, que ha documentat en v\u00eddeo totes les presentacions i activitats del festival, i la directora de RUTHLESS TIMES, Sussana Helke acompanyada de la compositora de la seva hipn\u00f2tica banda sonora, Anna-Mari K\u00e4h\u00e4r\u00e4, que van passar pel p\u00f2dcast abans de presentar al p\u00fablic la seva pel\u00b7l\u00edcula.<\/p>\n<p><!--more--><\/p>\n<p>Para el \u00faltimo cap\u00edtulo grabado en la sede principal de l&#8217;Alternativa, el Teatre del CCCB, contamos con un programador, un c\u00e0mara y una cineasta, sus trabajos se cruzan y todos son indispensables. Los invitados fueron Lucas Santos, programador este a\u00f1o de la secci\u00f3n de cortometrajes, Yoel Smit, que ha documentado en v\u00eddeo todas las presentaciones y actividades del festival, y la directora de RUTHLESS TIMES, Susanna Helke acompa\u00f1ada de la compositora de su hipn\u00f3tica banda sonora, Anna-Mari K\u00e4h\u00e4r\u00e4, que pasaron por el podcast antes de presentar al p\u00fablico la pel\u00edcula.<\/p>\n","protected":false},"author":61,"template":"","podcast_category":[],"podcast_tag":[1143],"podcast_programa":[],"class_list":["post-10057","podcast","type-podcast","status-publish","hentry","podcast_tag-radiocomunitaria"],"acf":[],"_links":{"self":[{"href":"https:\/\/xrclab.cat\/es\/wp-json\/wp\/v2\/podcasts\/10057","targetHints":{"allow":["GET"]}}],"collection":[{"href":"https:\/\/xrclab.cat\/es\/wp-json\/wp\/v2\/podcasts"}],"about":[{"href":"https:\/\/xrclab.cat\/es\/wp-json\/wp\/v2\/types\/podcast"}],"author":[{"embeddable":true,"href":"https:\/\/xrclab.cat\/es\/wp-json\/wp\/v2\/users\/61"}],"wp:attachment":[{"href":"https:\/\/xrclab.cat\/es\/wp-json\/wp\/v2\/media?parent=10057"}],"wp:term":[{"taxonomy":"podcast_category","embeddable":true,"href":"https:\/\/xrclab.cat\/es\/wp-json\/wp\/v2\/podcast_category?post=10057"},{"taxonomy":"podcast_tag","embeddable":true,"href":"https:\/\/xrclab.cat\/es\/wp-json\/wp\/v2\/podcast_tag?post=10057"},{"taxonomy":"podcast_programa","embeddable":true,"href":"https:\/\/xrclab.cat\/es\/wp-json\/wp\/v2\/podcast_programa?post=10057"}],"curies":[{"name":"wp","href":"https:\/\/api.w.org\/{rel}","templated":true}]}}

Ràdio L&#8217;Alternativa. Capítol 5. Encreuaments

<p>A l&#8217;últim capítol enregistrat a la seu principal de l&#8217;Alternativa, el Teatre del CCCB, vam comptar amb un programador, un cámara i una cineasta, els seus treball es creuen i tots són indispensables. Lucas Santos, programador aquest any de la secció de curtmetratges, Yoel Smit, que ha documentat en vídeo totes les presentacions i activitats del festival, i la directora de RUTHLESS TIMES, Sussana Helke acompanyada de la compositora de la seva hipnòtica banda sonora, Anna-Mari Kähärä, que van passar pel pòdcast abans de presentar al públic la seva pel·lícula.</p>
<p><!--more--></p>
<p>Para el último capítulo grabado en la sede principal de l&#8217;Alternativa, el Teatre del CCCB, contamos con un programador, un càmara y una cineasta, sus trabajos se cruzan y todos son indispensables. Los invitados fueron Lucas Santos, programador este año de la sección de cortometrajes, Yoel Smit, que ha documentado en vídeo todas las presentaciones y actividades del festival, y la directora de RUTHLESS TIMES, Susanna Helke acompañada de la compositora de su hipnótica banda sonora, Anna-Mari Kähärä, que pasaron por el podcast antes de presentar al público la película.</p>
