{"id":9558,"date":"2022-10-03T18:28:59","date_gmt":"2022-10-03T16:28:59","guid":{"rendered":"https:\/\/xrcb.cat\/ca\/podcast\/radio-hangar-1x06-la-capsa-d-nadie-x-j-diaz\/"},"modified":"2022-10-03T18:29:00","modified_gmt":"2022-10-03T16:29:00","slug":"radio-hangar-1x06-la-capsa-d-nadie-x-j-diaz","status":"publish","type":"podcast","link":"https:\/\/xrclab.cat\/en\/podcast\/radio-hangar-1x06-la-capsa-d-nadie-x-j-diaz\/","title":{"rendered":"R\u00e0dio Hangar 1&#215;06 La Capsa \/\/ D.Nadie x J.D\u00edaz"},"content":{"rendered":"<p>En l&#8217;\u00faltim programa de la temporada tornem a la sala, aquest cop amb p\u00fablic per entrevistar a J.D\u00edaz del Prat i D.Nadie d&#8217;Alacant, resident a BCN. Davant de les c\u00e0meres \u00d3scar Fanelli, Edgar X i Mel , darrere V\u00edctor Cobo, Crespo i Morad, disseny D\u00eddac Rocho.<\/p>\n<p>R\u00e0dio Hangar \u00e9s un podcast sobre m\u00fasica urbana creat des de La Capsa. Podeu contactar amb nosaltres a trav\u00e9s de les XXSS de La Capsa o al mail radiohangar@lacapsa.org, volem escoltar les vostres propostes.<\/p>\n","protected":false},"author":51,"template":"","podcast_category":[],"podcast_tag":[1143],"podcast_programa":[1326],"class_list":["post-9558","podcast","type-podcast","status-publish","hentry","podcast_tag-radiocomunitaria","podcast_programa-radiohangar"],"acf":[],"_links":{"self":[{"href":"https:\/\/xrclab.cat\/en\/wp-json\/wp\/v2\/podcasts\/9558","targetHints":{"allow":["GET"]}}],"collection":[{"href":"https:\/\/xrclab.cat\/en\/wp-json\/wp\/v2\/podcasts"}],"about":[{"href":"https:\/\/xrclab.cat\/en\/wp-json\/wp\/v2\/types\/podcast"}],"author":[{"embeddable":true,"href":"https:\/\/xrclab.cat\/en\/wp-json\/wp\/v2\/users\/51"}],"wp:attachment":[{"href":"https:\/\/xrclab.cat\/en\/wp-json\/wp\/v2\/media?parent=9558"}],"wp:term":[{"taxonomy":"podcast_category","embeddable":true,"href":"https:\/\/xrclab.cat\/en\/wp-json\/wp\/v2\/podcast_category?post=9558"},{"taxonomy":"podcast_tag","embeddable":true,"href":"https:\/\/xrclab.cat\/en\/wp-json\/wp\/v2\/podcast_tag?post=9558"},{"taxonomy":"podcast_programa","embeddable":true,"href":"https:\/\/xrclab.cat\/en\/wp-json\/wp\/v2\/podcast_programa?post=9558"}],"curies":[{"name":"wp","href":"https:\/\/api.w.org\/{rel}","templated":true}]}}

Ràdio Hangar 1&#215;06 La Capsa // D.Nadie x J.Díaz

<p>En l&#8217;últim programa de la temporada tornem a la sala, aquest cop amb públic per entrevistar a J.Díaz del Prat i D.Nadie d&#8217;Alacant, resident a BCN. Davant de les càmeres Óscar Fanelli, Edgar X i Mel , darrere Víctor Cobo, Crespo i Morad, disseny Dídac Rocho.</p>
<p>Ràdio Hangar és un podcast sobre música urbana creat des de La Capsa. Podeu contactar amb nosaltres a través de les XXSS de La Capsa o al mail radiohangar@lacapsa.org, volem escoltar les vostres propostes.</p>
