{"id":9417,"date":"2022-09-19T11:59:55","date_gmt":"2022-09-19T09:59:55","guid":{"rendered":"https:\/\/xrcb.cat\/ca\/podcast\/coophalal-cicra-justicia-ambiental-i-keras-buti-iii-fira-ess-migrant-i-diversa-4-5\/"},"modified":"2022-09-19T12:16:48","modified_gmt":"2022-09-19T10:16:48","slug":"coophalal-cicra-justicia-ambiental-i-keras-buti-iii-fira-ess-migrant-i-diversa-4-5","status":"publish","type":"podcast","link":"https:\/\/xrclab.cat\/en\/podcast\/coophalal-cicra-justicia-ambiental-i-keras-buti-iii-fira-ess-migrant-i-diversa-4-5\/","title":{"rendered":"CoopHalal, CICra Justicia Ambiental i Keras Buti &#8211; III Fira ESS Migrant i Diversa (4\/5)"},"content":{"rendered":"<p>En este cuarto bloque conversamos con los proyectos colectivos de econom\u00eda popular, migrante y diversa <strong>CoopHalal, CICrA\u00a0Justicia\u00a0Ambiental y Keras Buti,\u00a0<\/strong>participantes de la I<a href=\"https:\/\/firaessmigrant.bcn.coop\/\">III Feria de econom\u00eda social, solidaria, migrante y diversa<\/a>\u00a0#Regularizaci\u00f3nYa<strong>.<\/strong><\/p>\n<p>Un podcast para conocer varios de los proyectos que trabajan desde una \u00e9tica antirracista, educativa y <em>halal<\/em> la <b>soberan\u00eda econ\u00f3mica, ambiental y alimenticia, <\/b>por la justicia social<b>.<\/b><\/p>\n<p>Emitido en \u201cfalso directo\u201d desde la parada de Radia Cava-ret. En la realizaci\u00f3n y producci\u00f3n Pati del Razo, Viole Ospina Dguez y Daniela Cabrera, con el apoyo de Samu C\u00e9spedes. Flores de la ilustraci\u00f3n de La Flor del Tamarindo @laflordeltamarindo.<\/p>\n","protected":false},"author":20,"template":"","podcast_category":[],"podcast_tag":[1395,1435,1245],"podcast_programa":[],"class_list":["post-9417","podcast","type-podcast","status-publish","hentry","podcast_tag-activisme","podcast_tag-halal","podcast_tag-justicia"],"acf":[],"_links":{"self":[{"href":"https:\/\/xrclab.cat\/en\/wp-json\/wp\/v2\/podcasts\/9417","targetHints":{"allow":["GET"]}}],"collection":[{"href":"https:\/\/xrclab.cat\/en\/wp-json\/wp\/v2\/podcasts"}],"about":[{"href":"https:\/\/xrclab.cat\/en\/wp-json\/wp\/v2\/types\/podcast"}],"author":[{"embeddable":true,"href":"https:\/\/xrclab.cat\/en\/wp-json\/wp\/v2\/users\/20"}],"wp:attachment":[{"href":"https:\/\/xrclab.cat\/en\/wp-json\/wp\/v2\/media?parent=9417"}],"wp:term":[{"taxonomy":"podcast_category","embeddable":true,"href":"https:\/\/xrclab.cat\/en\/wp-json\/wp\/v2\/podcast_category?post=9417"},{"taxonomy":"podcast_tag","embeddable":true,"href":"https:\/\/xrclab.cat\/en\/wp-json\/wp\/v2\/podcast_tag?post=9417"},{"taxonomy":"podcast_programa","embeddable":true,"href":"https:\/\/xrclab.cat\/en\/wp-json\/wp\/v2\/podcast_programa?post=9417"}],"curies":[{"name":"wp","href":"https:\/\/api.w.org\/{rel}","templated":true}]}}

<p>En este cuarto bloque conversamos con los proyectos colectivos de economía popular, migrante y diversa <strong>CoopHalal, CICrA Justicia Ambiental y Keras Buti, </strong>participantes de la I<a href="https://firaessmigrant.bcn.coop/">III Feria de economía social, solidaria, migrante y diversa</a> #RegularizaciónYa<strong>.</strong></p>
<p>Un podcast para conocer varios de los proyectos que trabajan desde una ética antirracista, educativa y <em>halal</em> la <b>soberanía económica, ambiental y alimenticia, </b>por la justicia social<b>.</b></p>
<p>Emitido en “falso directo” desde la parada de Radia Cava-ret. En la realización y producción Pati del Razo, Viole Ospina Dguez y Daniela Cabrera, con el apoyo de Samu Céspedes. Flores de la ilustración de La Flor del Tamarindo @laflordeltamarindo.</p>
