{"id":9415,"date":"2022-09-19T11:17:49","date_gmt":"2022-09-19T09:17:49","guid":{"rendered":"https:\/\/xrcb.cat\/ca\/podcast\/zapping-nina-pakari-bylily-tancada-migrant-el-panal-i-tamala-africa-iii-fira-ess-migrante-i-diversa\/"},"modified":"2022-09-19T12:25:18","modified_gmt":"2022-09-19T10:25:18","slug":"zapping-nina-pakari-bylily-tancada-migrant-el-panal-i-tamala-africa-iii-fira-ess-migrante-i-diversa","status":"publish","type":"podcast","link":"https:\/\/xrclab.cat\/en\/podcast\/zapping-nina-pakari-bylily-tancada-migrant-el-panal-i-tamala-africa-iii-fira-ess-migrante-i-diversa\/","title":{"rendered":"Zapping Design, Nina Pakari, ByLily (Tancada migrant), El Panal i Tamala Africa &#8211; III Fira ESS Migrant i Diversa (3\/5)"},"content":{"rendered":"<p>Conversamos en este tercer bloque marat\u00f3nico con los proyectos colectivos e individuales de econom\u00eda popular, migrante y diversa <strong>Zapping Design (DiomCoop), Nina Pakari, ByLily (Tancada migrant), El Panal y Tamala Africa, <\/strong>participantes de la<strong> <a href=\"https:\/\/firaessmigrant.bcn.coop\/\">III Feria de econom\u00eda social, solidaria, migrante y diversa<\/a> <\/strong>#Regularizaci\u00f3nYa<strong>.<\/strong><\/p>\n<p>Un podcast (3\/5) para conocer varios de los proyectos que trabajan desde una mirada antirracista la <strong>el arte, el arte textil y la cultura popular.<\/strong><\/p>\n<p>Emitido en \u201cfalso directo\u201d desde la parada de Radia Cava-ret. En la realizaci\u00f3n y producci\u00f3n Pati del Razo, Viole Ospina Dguez y Daniela Cabrera, con el apoyo de Samu C\u00e9spedes. Flores ilustradas por la @laflordeltamarindo.<\/p>\n","protected":false},"author":20,"template":"","podcast_category":[],"podcast_tag":[1395,1163,131],"podcast_programa":[],"class_list":["post-9415","podcast","type-podcast","status-publish","hentry","podcast_tag-activisme","podcast_tag-antiracisme","podcast_tag-art"],"acf":[],"_links":{"self":[{"href":"https:\/\/xrclab.cat\/en\/wp-json\/wp\/v2\/podcasts\/9415","targetHints":{"allow":["GET"]}}],"collection":[{"href":"https:\/\/xrclab.cat\/en\/wp-json\/wp\/v2\/podcasts"}],"about":[{"href":"https:\/\/xrclab.cat\/en\/wp-json\/wp\/v2\/types\/podcast"}],"author":[{"embeddable":true,"href":"https:\/\/xrclab.cat\/en\/wp-json\/wp\/v2\/users\/20"}],"wp:attachment":[{"href":"https:\/\/xrclab.cat\/en\/wp-json\/wp\/v2\/media?parent=9415"}],"wp:term":[{"taxonomy":"podcast_category","embeddable":true,"href":"https:\/\/xrclab.cat\/en\/wp-json\/wp\/v2\/podcast_category?post=9415"},{"taxonomy":"podcast_tag","embeddable":true,"href":"https:\/\/xrclab.cat\/en\/wp-json\/wp\/v2\/podcast_tag?post=9415"},{"taxonomy":"podcast_programa","embeddable":true,"href":"https:\/\/xrclab.cat\/en\/wp-json\/wp\/v2\/podcast_programa?post=9415"}],"curies":[{"name":"wp","href":"https:\/\/api.w.org\/{rel}","templated":true}]}}

<p>Conversamos en este tercer bloque maratónico con los proyectos colectivos e individuales de economía popular, migrante y diversa <strong>Zapping Design (DiomCoop), Nina Pakari, ByLily (Tancada migrant), El Panal y Tamala Africa, </strong>participantes de la<strong> <a href="https://firaessmigrant.bcn.coop/">III Feria de economía social, solidaria, migrante y diversa</a> </strong>#RegularizaciónYa<strong>.</strong></p>
<p>Un podcast (3/5) para conocer varios de los proyectos que trabajan desde una mirada antirracista la <strong>el arte, el arte textil y la cultura popular.</strong></p>
<p>Emitido en “falso directo” desde la parada de Radia Cava-ret. En la realización y producción Pati del Razo, Viole Ospina Dguez y Daniela Cabrera, con el apoyo de Samu Céspedes. Flores ilustradas por la @laflordeltamarindo.</p>
