{"id":8101,"date":"2022-02-24T13:17:59","date_gmt":"2022-02-24T11:17:59","guid":{"rendered":"https:\/\/xrcb.cat\/ca\/?post_type=podcast&#038;p=8101"},"modified":"2022-02-24T13:17:59","modified_gmt":"2022-02-24T11:17:59","slug":"especial-victor-nubla","status":"publish","type":"podcast","link":"https:\/\/xrclab.cat\/en\/podcast\/especial-victor-nubla\/","title":{"rendered":"Especial V\u00edctor Nubla"},"content":{"rendered":"<p>V\u00edctor Nubla (1956-2020)<\/p>\n<p>Dir que ens ha deixat un dels nostres col\u00b7laboradors \u00e9s imprec\u00eds. Marxa un pioner, un referent, un mestre. Recordarem les converses i tindrem ben present els consells que hem pres de les seves l\u00facides reflexions. Admirem la seva \u00e8tica de treball i ens agrada com veia la vida. Trobarem a faltar el seu sentit de l\u2019humor i les ganes de compartir l\u2019amor pel bon endrapar.<\/p>\n<p>Ha mort V\u00edctor Nubla per\u00f2 sempre ens quedar\u00e0 la seva prol\u00edfica carrera i el seu entranyable record.<\/p>\n","protected":false},"author":41,"template":"","podcast_category":[939,972],"podcast_tag":[1143,99],"podcast_programa":[],"class_list":["post-8101","podcast","type-podcast","status-publish","hentry","podcast_category-cultura","podcast_category-radio","podcast_tag-radiocomunitaria","podcast_tag-musica"],"acf":[],"_links":{"self":[{"href":"https:\/\/xrclab.cat\/en\/wp-json\/wp\/v2\/podcasts\/8101","targetHints":{"allow":["GET"]}}],"collection":[{"href":"https:\/\/xrclab.cat\/en\/wp-json\/wp\/v2\/podcasts"}],"about":[{"href":"https:\/\/xrclab.cat\/en\/wp-json\/wp\/v2\/types\/podcast"}],"author":[{"embeddable":true,"href":"https:\/\/xrclab.cat\/en\/wp-json\/wp\/v2\/users\/41"}],"wp:attachment":[{"href":"https:\/\/xrclab.cat\/en\/wp-json\/wp\/v2\/media?parent=8101"}],"wp:term":[{"taxonomy":"podcast_category","embeddable":true,"href":"https:\/\/xrclab.cat\/en\/wp-json\/wp\/v2\/podcast_category?post=8101"},{"taxonomy":"podcast_tag","embeddable":true,"href":"https:\/\/xrclab.cat\/en\/wp-json\/wp\/v2\/podcast_tag?post=8101"},{"taxonomy":"podcast_programa","embeddable":true,"href":"https:\/\/xrclab.cat\/en\/wp-json\/wp\/v2\/podcast_programa?post=8101"}],"curies":[{"name":"wp","href":"https:\/\/api.w.org\/{rel}","templated":true}]}}

Especial Víctor Nubla

<p>Víctor Nubla (1956-2020)</p>
<p>Dir que ens ha deixat un dels nostres col·laboradors és imprecís. Marxa un pioner, un referent, un mestre. Recordarem les converses i tindrem ben present els consells que hem pres de les seves lúcides reflexions. Admirem la seva ètica de treball i ens agrada com veia la vida. Trobarem a faltar el seu sentit de l’humor i les ganes de compartir l’amor pel bon endrapar.</p>
<p>Ha mort Víctor Nubla però sempre ens quedarà la seva prolífica carrera i el seu entranyable record.</p>
