{"id":8073,"date":"2022-02-23T19:14:28","date_gmt":"2022-02-23T17:14:28","guid":{"rendered":"https:\/\/xrcb.cat\/ca\/?post_type=podcast&#038;p=8073"},"modified":"2022-02-24T13:07:08","modified_gmt":"2022-02-24T11:07:08","slug":"futbol-club-cor-pelut","status":"publish","type":"podcast","link":"https:\/\/xrclab.cat\/en\/podcast\/futbol-club-cor-pelut\/","title":{"rendered":"Futbol Club Cor Pelut"},"content":{"rendered":"<p>El fanz\u00edn COR PELUT \u00e9s un fanz\u00edn de poesia, il\u00b7lustraci\u00f3, fotografia, proses altes i figueres ret\u00f2riques que va n\u00e9ixer el 2015 i que actualment compta amb 3 n\u00fameros autoeditats i un quart n\u00famero en marxa, que veur\u00e0 la llum el dia 21 de juny.<\/p>\n<p>\u00c9s un fanz\u00edn impulsat per la poeta Maria Cabrera (que tamb\u00e9 forma part d\u2019El P\u00e8sol Fer\u00e9stec i Vladivostok) amb la col\u00b7laboraci\u00f3 de Blanca Lamar i Raquel Tom\u00e0s (del grup Les Sueques i tamb\u00e9 amb altres ocupacions art\u00edstiques). El COR PELUT des del primer dia s\u2019ha pensat com un fanz\u00edn que \u00e9s una festa i que \u00e9s una reivindicaci\u00f3 de la fotoc\u00f2pia en catal\u00e0. Cada n\u00famero s\u2019ha associat a una festa que n\u2019acompanya la presentaci\u00f3 (amb concerts principalment de grups on les dones hi tenen el seu pes espec\u00edfic) i que per tant fa que el fanz\u00edn sigui un \u00e9sser viu on els cossos es troben i participen de fer-lo, compartir-lo i celebrar-lo.<\/p>\n<p>Segons el context de la festa tamb\u00e9 s\u2019ha donat veu als poetes que hi han participat i a altres llenguatges afins a la publicaci\u00f3, que inclou text en prosa, po\u00e8tic, dibuixos i idees variades. El fanz\u00edn COR PELUT tamb\u00e9 ha donat nom a una can\u00e7\u00f3 punk de Les Sueques, crit feminista que acompanya la publicaci\u00f3, feta per dones, amb la col\u00b7laboraci\u00f3 de moltes dones, amb p\u00e8ls p\u00fabics en algun dels seus n\u00fameros i amb ganes de cridar: tinc el cor pelut i no m\u2019entens.<\/p>\n<p>El fanz\u00edn \u00e9s mixte, hi escriuen dones i homes, tot i que predominen les autores femenines. S\u2019autoedita entre la fotoc\u00f2pia i la serigrafia i de cada n\u00famero se n\u2019han fet 150 c\u00f2pies aproximadament, numerades i venudes a les festes de presetnaci\u00f3 per poder seguir fent m\u00e9s fanzins.<\/p>\n<p>COR PELUT \u00e9s una actitud, un trobar-se a altes hores de la nit relligant plecs de paper i fent entrepans per vendre a Can Vies mentre sona un bingo casol\u00e0 de fons i una poeta es prepara per cridar amb un micro que t\u00e9 el pal tor\u00e7at.<\/p>\n<p>COR PELUT, Les sueques<br \/>\nCOM SEMPRE, Estru\u00e7<br \/>\nFLORS DE PL\u00c0STIC, Pentina\u2019t Lula<br \/>\nI\u2019M SORRY, Brenda Lee<br \/>\nKETAMINE FOR BREAKFAST, Kate Tempest<br \/>\nELS VERBS SOBREVOLEN LA TAULA, Germ\u00e0 Aire<br \/>\nDANCE, ESG<br \/>\nCAMINA I OBLIDA, Supergegant<br \/>\nSORTIR A ROBAR CAVALLS, El P\u00e8sol Fer\u00e9stec<br \/>\nSO DE PASTERA, Joana Gomila<\/p>\n","protected":false},"author":41,"template":"","podcast_category":[939,972],"podcast_tag":[1143,99],"podcast_programa":[],"class_list":["post-8073","podcast","type-podcast","status-publish","hentry","podcast_category-cultura","podcast_category-radio","podcast_tag-radiocomunitaria","podcast_tag-musica"],"acf":[],"_links":{"self":[{"href":"https:\/\/xrclab.cat\/en\/wp-json\/wp\/v2\/podcasts\/8073","targetHints":{"allow":["GET"]}}],"collection":[{"href":"https:\/\/xrclab.cat\/en\/wp-json\/wp\/v2\/podcasts"}],"about":[{"href":"https:\/\/xrclab.cat\/en\/wp-json\/wp\/v2\/types\/podcast"}],"author":[{"embeddable":true,"href":"https:\/\/xrclab.cat\/en\/wp-json\/wp\/v2\/users\/41"}],"wp:attachment":[{"href":"https:\/\/xrclab.cat\/en\/wp-json\/wp\/v2\/media?parent=8073"}],"wp:term":[{"taxonomy":"podcast_category","embeddable":true,"href":"https:\/\/xrclab.cat\/en\/wp-json\/wp\/v2\/podcast_category?post=8073"},{"taxonomy":"podcast_tag","embeddable":true,"href":"https:\/\/xrclab.cat\/en\/wp-json\/wp\/v2\/podcast_tag?post=8073"},{"taxonomy":"podcast_programa","embeddable":true,"href":"https:\/\/xrclab.cat\/en\/wp-json\/wp\/v2\/podcast_programa?post=8073"}],"curies":[{"name":"wp","href":"https:\/\/api.w.org\/{rel}","templated":true}]}}

<p>El fanzín COR PELUT és un fanzín de poesia, il·lustració, fotografia, proses altes i figueres retòriques que va néixer el 2015 i que actualment compta amb 3 números autoeditats i un quart número en marxa, que veurà la llum el dia 21 de juny.</p>
<p>És un fanzín impulsat per la poeta Maria Cabrera (que també forma part d’El Pèsol Feréstec i Vladivostok) amb la col·laboració de Blanca Lamar i Raquel Tomàs (del grup Les Sueques i també amb altres ocupacions artístiques). El COR PELUT des del primer dia s’ha pensat com un fanzín que és una festa i que és una reivindicació de la fotocòpia en català. Cada número s’ha associat a una festa que n’acompanya la presentació (amb concerts principalment de grups on les dones hi tenen el seu pes específic) i que per tant fa que el fanzín sigui un ésser viu on els cossos es troben i participen de fer-lo, compartir-lo i celebrar-lo.</p>
<p>Segons el context de la festa també s’ha donat veu als poetes que hi han participat i a altres llenguatges afins a la publicació, que inclou text en prosa, poètic, dibuixos i idees variades. El fanzín COR PELUT també ha donat nom a una cançó punk de Les Sueques, crit feminista que acompanya la publicació, feta per dones, amb la col·laboració de moltes dones, amb pèls púbics en algun dels seus números i amb ganes de cridar: tinc el cor pelut i no m’entens.</p>
<p>El fanzín és mixte, hi escriuen dones i homes, tot i que predominen les autores femenines. S’autoedita entre la fotocòpia i la serigrafia i de cada número se n’han fet 150 còpies aproximadament, numerades i venudes a les festes de presetnació per poder seguir fent més fanzins.</p>
<p>COR PELUT és una actitud, un trobar-se a altes hores de la nit relligant plecs de paper i fent entrepans per vendre a Can Vies mentre sona un bingo casolà de fons i una poeta es prepara per cridar amb un micro que té el pal torçat.</p>
<p>COR PELUT, Les sueques<br />
COM SEMPRE, Estruç<br />
FLORS DE PLÀSTIC, Pentina’t Lula<br />
I’M SORRY, Brenda Lee<br />
KETAMINE FOR BREAKFAST, Kate Tempest<br />
ELS VERBS SOBREVOLEN LA TAULA, Germà Aire<br />
DANCE, ESG<br />
CAMINA I OBLIDA, Supergegant<br />
SORTIR A ROBAR CAVALLS, El Pèsol Feréstec<br />
SO DE PASTERA, Joana Gomila</p>
