{"id":7744,"date":"2021-12-09T12:16:05","date_gmt":"2021-12-09T10:16:05","guid":{"rendered":"https:\/\/xrcb.cat\/ca\/podcast\/28-seismes-happenings-y-chiringuito-playa\/"},"modified":"2021-12-09T12:16:06","modified_gmt":"2021-12-09T10:16:06","slug":"28-seismes-happenings-y-chiringuito-playa","status":"publish","type":"podcast","link":"https:\/\/xrclab.cat\/en\/podcast\/28-seismes-happenings-y-chiringuito-playa\/","title":{"rendered":"28. Seismes, happenings y chiringuito-playa"},"content":{"rendered":"<p><b>Episodio en directo desde la quinta edici\u00f3n de &#8220;Seismes&#8221;, la fiesta colectiva de artistas residentes de la Fabra i Coats: F\u00e1brica de Creaci\u00f3. Entrevistamos desde una playa fake a: Neus Mart\u00ednez, <\/b><b>Mark Cunningham, Bela, Jos\u00e9 y sus hermanas, Laura B. Campos &amp; Low Haze.\u00a0<\/b><\/p>\n","protected":false},"author":43,"template":"","podcast_category":[],"podcast_tag":[131,1091,99],"podcast_programa":[],"class_list":["post-7744","podcast","type-podcast","status-publish","hentry","podcast_tag-art","podcast_tag-fabra-i-coats","podcast_tag-musica"],"acf":[],"_links":{"self":[{"href":"https:\/\/xrclab.cat\/en\/wp-json\/wp\/v2\/podcasts\/7744","targetHints":{"allow":["GET"]}}],"collection":[{"href":"https:\/\/xrclab.cat\/en\/wp-json\/wp\/v2\/podcasts"}],"about":[{"href":"https:\/\/xrclab.cat\/en\/wp-json\/wp\/v2\/types\/podcast"}],"author":[{"embeddable":true,"href":"https:\/\/xrclab.cat\/en\/wp-json\/wp\/v2\/users\/43"}],"wp:attachment":[{"href":"https:\/\/xrclab.cat\/en\/wp-json\/wp\/v2\/media?parent=7744"}],"wp:term":[{"taxonomy":"podcast_category","embeddable":true,"href":"https:\/\/xrclab.cat\/en\/wp-json\/wp\/v2\/podcast_category?post=7744"},{"taxonomy":"podcast_tag","embeddable":true,"href":"https:\/\/xrclab.cat\/en\/wp-json\/wp\/v2\/podcast_tag?post=7744"},{"taxonomy":"podcast_programa","embeddable":true,"href":"https:\/\/xrclab.cat\/en\/wp-json\/wp\/v2\/podcast_programa?post=7744"}],"curies":[{"name":"wp","href":"https:\/\/api.w.org\/{rel}","templated":true}]}}

<p><b>Episodio en directo desde la quinta edición de &#8220;Seismes&#8221;, la fiesta colectiva de artistas residentes de la Fabra i Coats: Fábrica de Creació. Entrevistamos desde una playa fake a: Neus Martínez, </b><b>Mark Cunningham, Bela, José y sus hermanas, Laura B. Campos &amp; Low Haze. </b></p>
