{"id":5218,"date":"2020-11-03T18:42:41","date_gmt":"2020-11-03T16:42:41","guid":{"rendered":"https:\/\/xrcb.cat\/ca\/?post_type=podcast&#038;p=5218"},"modified":"2020-11-09T13:19:21","modified_gmt":"2020-11-09T11:19:21","slug":"que-es-la-radio","status":"publish","type":"podcast","link":"https:\/\/xrclab.cat\/en\/podcast\/que-es-la-radio\/","title":{"rendered":"Qu\u00e8 \u00e9s la r\u00e0dio?"},"content":{"rendered":"<p>Fem un programa de r\u00e0dio a l\u2019Institut Miquel Tarradell i col\u00b7laborem amb Casal dels Infants! Visitem l\u2019Institut Miquel Tarradell per preguntar als joves de la tarda, a partir d\u2019un fals directe, qu\u00e8 en saben de la r\u00e0dio. A trav\u00e9s d\u2019un concurs de r\u00e0dio, vam poder compartir coneixements i experi\u00e8ncies&#8230; Fins i tot hi ha qui es va animar a dir quin programa voldria fer!<\/p>\n","protected":false},"author":34,"template":"","podcast_category":[917,918,916],"podcast_tag":[920,919],"podcast_programa":[921],"class_list":["post-5218","podcast","type-podcast","status-publish","hentry","podcast_category-barri","podcast_category-colectic","podcast_category-raval","podcast_tag-casal-dels-infants","podcast_tag-miquel-tarradell","podcast_programa-radio-mobil"],"acf":[],"_links":{"self":[{"href":"https:\/\/xrclab.cat\/en\/wp-json\/wp\/v2\/podcasts\/5218","targetHints":{"allow":["GET"]}}],"collection":[{"href":"https:\/\/xrclab.cat\/en\/wp-json\/wp\/v2\/podcasts"}],"about":[{"href":"https:\/\/xrclab.cat\/en\/wp-json\/wp\/v2\/types\/podcast"}],"author":[{"embeddable":true,"href":"https:\/\/xrclab.cat\/en\/wp-json\/wp\/v2\/users\/34"}],"wp:attachment":[{"href":"https:\/\/xrclab.cat\/en\/wp-json\/wp\/v2\/media?parent=5218"}],"wp:term":[{"taxonomy":"podcast_category","embeddable":true,"href":"https:\/\/xrclab.cat\/en\/wp-json\/wp\/v2\/podcast_category?post=5218"},{"taxonomy":"podcast_tag","embeddable":true,"href":"https:\/\/xrclab.cat\/en\/wp-json\/wp\/v2\/podcast_tag?post=5218"},{"taxonomy":"podcast_programa","embeddable":true,"href":"https:\/\/xrclab.cat\/en\/wp-json\/wp\/v2\/podcast_programa?post=5218"}],"curies":[{"name":"wp","href":"https:\/\/api.w.org\/{rel}","templated":true}]}}

Què és la ràdio?

<p>Fem un programa de ràdio a l’Institut Miquel Tarradell i col·laborem amb Casal dels Infants! Visitem l’Institut Miquel Tarradell per preguntar als joves de la tarda, a partir d’un fals directe, què en saben de la ràdio. A través d’un concurs de ràdio, vam poder compartir coneixements i experiències&#8230; Fins i tot hi ha qui es va animar a dir quin programa voldria fer!</p>
