{"id":4074,"date":"2019-12-02T17:30:14","date_gmt":"2019-12-02T16:30:14","guid":{"rendered":"https:\/\/xrcb.cat\/ca\/?post_type=podcast&#038;p=4074"},"modified":"2019-12-02T17:30:14","modified_gmt":"2019-12-02T16:30:14","slug":"radio-trinijove_chispa-flamenca-11-11-2019","status":"publish","type":"podcast","link":"https:\/\/xrclab.cat\/en\/podcast\/radio-trinijove_chispa-flamenca-11-11-2019\/","title":{"rendered":"R\u00e0dio Trinijove_Chispa flamenca 11-11-2019"},"content":{"rendered":"<p>Los lunes de 11 a 12 h. de la ma\u00f1ana, Mar\u00eda Rosa Vill\u00e9n le pone la chispa a la radio con nuestra \u2018Chispa flamenca\u2019 en R\u00e0dio Trinijove 91.6 FM de Barcelona o www.radiotrinijove.org<\/p>\n","protected":false},"author":19,"template":"","podcast_category":[],"podcast_tag":[],"podcast_programa":[626],"class_list":["post-4074","podcast","type-podcast","status-publish","hentry","podcast_programa-chispa-flamenca"],"acf":[],"_links":{"self":[{"href":"https:\/\/xrclab.cat\/en\/wp-json\/wp\/v2\/podcasts\/4074","targetHints":{"allow":["GET"]}}],"collection":[{"href":"https:\/\/xrclab.cat\/en\/wp-json\/wp\/v2\/podcasts"}],"about":[{"href":"https:\/\/xrclab.cat\/en\/wp-json\/wp\/v2\/types\/podcast"}],"author":[{"embeddable":true,"href":"https:\/\/xrclab.cat\/en\/wp-json\/wp\/v2\/users\/19"}],"wp:attachment":[{"href":"https:\/\/xrclab.cat\/en\/wp-json\/wp\/v2\/media?parent=4074"}],"wp:term":[{"taxonomy":"podcast_category","embeddable":true,"href":"https:\/\/xrclab.cat\/en\/wp-json\/wp\/v2\/podcast_category?post=4074"},{"taxonomy":"podcast_tag","embeddable":true,"href":"https:\/\/xrclab.cat\/en\/wp-json\/wp\/v2\/podcast_tag?post=4074"},{"taxonomy":"podcast_programa","embeddable":true,"href":"https:\/\/xrclab.cat\/en\/wp-json\/wp\/v2\/podcast_programa?post=4074"}],"curies":[{"name":"wp","href":"https:\/\/api.w.org\/{rel}","templated":true}]}}

Ràdio Trinijove_Chispa flamenca 11-11-2019

<p>Los lunes de 11 a 12 h. de la mañana, María Rosa Villén le pone la chispa a la radio con nuestra ‘Chispa flamenca’ en Ràdio Trinijove 91.6 FM de Barcelona o www.radiotrinijove.org</p>
