{"id":3851,"date":"2019-11-06T11:09:39","date_gmt":"2019-11-06T10:09:39","guid":{"rendered":"https:\/\/xrcb.cat\/ca\/?post_type=podcast&#038;p=3851"},"modified":"2019-11-21T11:09:19","modified_gmt":"2019-11-21T10:09:19","slug":"radio-trinijove_espai-de-salut","status":"publish","type":"podcast","link":"https:\/\/xrclab.cat\/en\/podcast\/radio-trinijove_espai-de-salut\/","title":{"rendered":"R\u00e0dio Trinijove_Espai de Salut"},"content":{"rendered":"<p>Quines q\u00fcestions sobre salut us interessen o us preocupen? Podeu fer-nos-les arribar al nostre ESPAI DE SALUT mensual, en el que parlarem de temes de salut importants i que, tots\/es, en major o menor mesura, hem patit en primera persona o hem vist patir a familiars o coneguts nostres. La difusi\u00f3, la sensibilitzaci\u00f3 i la prevenci\u00f3 seran els factors claus d&#8217;aquest espai radiof\u00f2nic, que estar\u00e0 liderat per la Dra. Cristina de Prado del CAP Casernes de Sant Andreu i comptar\u00e0 amb el suport de metges i experts del mateix ambulatori andreuenc.<\/p>\n<p>El tercer dilluns de cada mes a la 13h entra i participa del nostre ESPAI DE SALUT a trav\u00e9s del 91.6 fm i de radiotrinijove.org!.<\/p>\n","protected":false},"author":19,"template":"","podcast_category":[],"podcast_tag":[898],"podcast_programa":[633],"class_list":["post-3851","podcast","type-podcast","status-publish","hentry","podcast_tag-temes-socials-i-voluntariat","podcast_programa-espai-salut"],"acf":[],"_links":{"self":[{"href":"https:\/\/xrclab.cat\/en\/wp-json\/wp\/v2\/podcasts\/3851","targetHints":{"allow":["GET"]}}],"collection":[{"href":"https:\/\/xrclab.cat\/en\/wp-json\/wp\/v2\/podcasts"}],"about":[{"href":"https:\/\/xrclab.cat\/en\/wp-json\/wp\/v2\/types\/podcast"}],"author":[{"embeddable":true,"href":"https:\/\/xrclab.cat\/en\/wp-json\/wp\/v2\/users\/19"}],"wp:attachment":[{"href":"https:\/\/xrclab.cat\/en\/wp-json\/wp\/v2\/media?parent=3851"}],"wp:term":[{"taxonomy":"podcast_category","embeddable":true,"href":"https:\/\/xrclab.cat\/en\/wp-json\/wp\/v2\/podcast_category?post=3851"},{"taxonomy":"podcast_tag","embeddable":true,"href":"https:\/\/xrclab.cat\/en\/wp-json\/wp\/v2\/podcast_tag?post=3851"},{"taxonomy":"podcast_programa","embeddable":true,"href":"https:\/\/xrclab.cat\/en\/wp-json\/wp\/v2\/podcast_programa?post=3851"}],"curies":[{"name":"wp","href":"https:\/\/api.w.org\/{rel}","templated":true}]}}

Ràdio Trinijove_Espai de Salut

<p>Quines qüestions sobre salut us interessen o us preocupen? Podeu fer-nos-les arribar al nostre ESPAI DE SALUT mensual, en el que parlarem de temes de salut importants i que, tots/es, en major o menor mesura, hem patit en primera persona o hem vist patir a familiars o coneguts nostres. La difusió, la sensibilització i la prevenció seran els factors claus d&#8217;aquest espai radiofònic, que estarà liderat per la Dra. Cristina de Prado del CAP Casernes de Sant Andreu i comptarà amb el suport de metges i experts del mateix ambulatori andreuenc.</p>
<p>El tercer dilluns de cada mes a la 13h entra i participa del nostre ESPAI DE SALUT a través del 91.6 fm i de radiotrinijove.org!.</p>
