{"id":3844,"date":"2019-11-06T11:04:01","date_gmt":"2019-11-06T10:04:01","guid":{"rendered":"https:\/\/xrcb.cat\/ca\/?post_type=podcast&#038;p=3844"},"modified":"2019-11-21T11:09:38","modified_gmt":"2019-11-21T10:09:38","slug":"racio-trinijove_diversitats","status":"publish","type":"podcast","link":"https:\/\/xrclab.cat\/en\/podcast\/racio-trinijove_diversitats\/","title":{"rendered":"R\u00e0cio Trinijove_Diversitats"},"content":{"rendered":"<p>Programa semanal de Radio Trinijove dedicado a la comunidad LGBT, puedes escucharnos en la 91.6 FM todos los Jueves de 18 a 20 horas de la tarde. Fuera del distrito de Sant Andreu puedes o\u00edrnos en directo en www.radiotrinijove.org, en apps de radio como Tune In o en diferido en los podcast subidos semanalmente en Ivoox que encontrar\u00e1s en nuestro Facebook.<\/p>\n<p>Premio Consejo Municipal de Bienestar Social del Ayuntamiento de Barcelona en la categor\u00eda de Radio en la edici\u00f3n 2015, entregado el 29 de febrero de 2016, por \u201csu combinaci\u00f3n de activismo, actualidad y capacidad de divulgaci\u00f3n del programa, as\u00ed como el m\u00e9rito de sacar adelante esta apuesta con pocos medios\u201d.<\/p>\n<p>Diversitats es un magac\u00edn que combina la actualidad, cultura, asociacionismo y participaci\u00f3n ciudadana desde un enfoque de promoci\u00f3n de los derechos humanos del colectivo LGBT y migrante en Catalunya.<\/p>\n<p>Denunciamos la vulneraci\u00f3n de derechos, nos hacemos eco de proyectos de entidades y de artistas locales, todo amenizado por los comentarios de las &#8220;Diversisters&#8221; Toni Ponce, Jose Boisgontier, Enrique Llacer y Tina Recio, con colaboradores como Ubaldo Araque, Ismael \u00c1lvarez, Beatriz Rojo, N\u00faria R. Gras y Bernart de Manila.<\/p>\n<p>Nacido de un proyecto de ACATHI y con la colaboraci\u00f3n de Fundaci\u00f3n Trinijove<\/p>\n","protected":false},"author":19,"template":"","podcast_category":[],"podcast_tag":[898],"podcast_programa":[552],"class_list":["post-3844","podcast","type-podcast","status-publish","hentry","podcast_tag-temes-socials-i-voluntariat","podcast_programa-diversitats"],"acf":[],"_links":{"self":[{"href":"https:\/\/xrclab.cat\/en\/wp-json\/wp\/v2\/podcasts\/3844","targetHints":{"allow":["GET"]}}],"collection":[{"href":"https:\/\/xrclab.cat\/en\/wp-json\/wp\/v2\/podcasts"}],"about":[{"href":"https:\/\/xrclab.cat\/en\/wp-json\/wp\/v2\/types\/podcast"}],"author":[{"embeddable":true,"href":"https:\/\/xrclab.cat\/en\/wp-json\/wp\/v2\/users\/19"}],"wp:attachment":[{"href":"https:\/\/xrclab.cat\/en\/wp-json\/wp\/v2\/media?parent=3844"}],"wp:term":[{"taxonomy":"podcast_category","embeddable":true,"href":"https:\/\/xrclab.cat\/en\/wp-json\/wp\/v2\/podcast_category?post=3844"},{"taxonomy":"podcast_tag","embeddable":true,"href":"https:\/\/xrclab.cat\/en\/wp-json\/wp\/v2\/podcast_tag?post=3844"},{"taxonomy":"podcast_programa","embeddable":true,"href":"https:\/\/xrclab.cat\/en\/wp-json\/wp\/v2\/podcast_programa?post=3844"}],"curies":[{"name":"wp","href":"https:\/\/api.w.org\/{rel}","templated":true}]}}

Ràcio Trinijove_Diversitats

<p>Programa semanal de Radio Trinijove dedicado a la comunidad LGBT, puedes escucharnos en la 91.6 FM todos los Jueves de 18 a 20 horas de la tarde. Fuera del distrito de Sant Andreu puedes oírnos en directo en www.radiotrinijove.org, en apps de radio como Tune In o en diferido en los podcast subidos semanalmente en Ivoox que encontrarás en nuestro Facebook.</p>
<p>Premio Consejo Municipal de Bienestar Social del Ayuntamiento de Barcelona en la categoría de Radio en la edición 2015, entregado el 29 de febrero de 2016, por “su combinación de activismo, actualidad y capacidad de divulgación del programa, así como el mérito de sacar adelante esta apuesta con pocos medios”.</p>
<p>Diversitats es un magacín que combina la actualidad, cultura, asociacionismo y participación ciudadana desde un enfoque de promoción de los derechos humanos del colectivo LGBT y migrante en Catalunya.</p>
<p>Denunciamos la vulneración de derechos, nos hacemos eco de proyectos de entidades y de artistas locales, todo amenizado por los comentarios de las &#8220;Diversisters&#8221; Toni Ponce, Jose Boisgontier, Enrique Llacer y Tina Recio, con colaboradores como Ubaldo Araque, Ismael Álvarez, Beatriz Rojo, Núria R. Gras y Bernart de Manila.</p>
<p>Nacido de un proyecto de ACATHI y con la colaboración de Fundación Trinijove</p>
