{"id":3811,"date":"2019-11-06T09:42:00","date_gmt":"2019-11-06T08:42:00","guid":{"rendered":"https:\/\/xrcb.cat\/ca\/?post_type=podcast&#038;p=3811"},"modified":"2019-11-21T11:15:42","modified_gmt":"2019-11-21T10:15:42","slug":"radio-trinijove_calaix-de-llibres","status":"publish","type":"podcast","link":"https:\/\/xrclab.cat\/en\/podcast\/radio-trinijove_calaix-de-llibres\/","title":{"rendered":"R\u00e0dio Trinijove_Calaix de Llibres"},"content":{"rendered":"<p>&#8216;Calaix de llibres&#8217; \u00e9s un mar de p\u00e0gines on capbussar-te cada setmana i viatjar a lloms d\u2019una molt bona proposta literaria. Un calaix que espera pacient el teu relat a concurs. Un espai ple de llibres!<\/p>\n<p>Violant Mu\u00f1oz i Manel Saavedra obren el Calaix de llibres cada dissabte de 12h a 13h!<\/p>\n<p>agmediatica.wixsite.com\/calaixdellibres<\/p>\n","protected":false},"author":19,"template":"","podcast_category":[],"podcast_tag":[],"podcast_programa":[625],"class_list":["post-3811","podcast","type-podcast","status-publish","hentry","podcast_programa-calaix-de-llibres"],"acf":[],"_links":{"self":[{"href":"https:\/\/xrclab.cat\/en\/wp-json\/wp\/v2\/podcasts\/3811","targetHints":{"allow":["GET"]}}],"collection":[{"href":"https:\/\/xrclab.cat\/en\/wp-json\/wp\/v2\/podcasts"}],"about":[{"href":"https:\/\/xrclab.cat\/en\/wp-json\/wp\/v2\/types\/podcast"}],"author":[{"embeddable":true,"href":"https:\/\/xrclab.cat\/en\/wp-json\/wp\/v2\/users\/19"}],"wp:attachment":[{"href":"https:\/\/xrclab.cat\/en\/wp-json\/wp\/v2\/media?parent=3811"}],"wp:term":[{"taxonomy":"podcast_category","embeddable":true,"href":"https:\/\/xrclab.cat\/en\/wp-json\/wp\/v2\/podcast_category?post=3811"},{"taxonomy":"podcast_tag","embeddable":true,"href":"https:\/\/xrclab.cat\/en\/wp-json\/wp\/v2\/podcast_tag?post=3811"},{"taxonomy":"podcast_programa","embeddable":true,"href":"https:\/\/xrclab.cat\/en\/wp-json\/wp\/v2\/podcast_programa?post=3811"}],"curies":[{"name":"wp","href":"https:\/\/api.w.org\/{rel}","templated":true}]}}

Ràdio Trinijove_Calaix de Llibres

<p>&#8216;Calaix de llibres&#8217; és un mar de pàgines on capbussar-te cada setmana i viatjar a lloms d’una molt bona proposta literaria. Un calaix que espera pacient el teu relat a concurs. Un espai ple de llibres!</p>
<p>Violant Muñoz i Manel Saavedra obren el Calaix de llibres cada dissabte de 12h a 13h!</p>
<p>agmediatica.wixsite.com/calaixdellibres</p>
