{"id":2392,"date":"2019-03-02T21:07:12","date_gmt":"2019-03-02T20:07:12","guid":{"rendered":"https:\/\/xrcb.cat\/ca\/?post_type=podcast&#038;p=2392"},"modified":"2019-03-02T21:07:12","modified_gmt":"2019-03-02T20:07:12","slug":"radio-intercooperativa-de-la-fesc-2018-radio-trinijove-i-radio-terra","status":"publish","type":"podcast","link":"https:\/\/xrclab.cat\/en\/podcast\/radio-intercooperativa-de-la-fesc-2018-radio-trinijove-i-radio-terra\/","title":{"rendered":"R\u00e0dio Intercooperativa de la FESC 2018 &#8211; R\u00e0dio Trinijove i R\u00e0dio Terra"},"content":{"rendered":"<p>Enguany, les r\u00e0dios participants a la FESC 2018 s\u2019engresquen a intercooperar per crear l\u2019Altaveu de la FESC, la r\u00e0dio de la fira!<br \/>\nR\u00e0dio Trinijove, R\u00e0dio Contrabanda, R\u00e0dio Terra i R\u00e0dio Nativa s\u2019apleguen per oferir des dels nous estudis de R\u00e0dio Fabra de la Fabra i Coats de Sant Andreu una cobertura informativa en rigur\u00f3s directe de la FESC i con\u00e8ixer de forma radiof\u00f2nica i atractiva el concepte d\u2019economia social i solid\u00e0ria. Emetrem en directe des de R\u00e0dio Fabra el 27 d\u2019octubre d\u201911h a 14h i de 17h a 19h, i el 28 d\u2019octubre de 10h a 13h. La proposta inclou tert\u00falies i entrevistes a firaires i visitants sobre la FESC i l\u2019economia social i solid\u00e0ria.<br \/>\nLes 4 emissores comunit\u00e0ries tamb\u00e9 dinamitzaran la FESC des de l\u2019espai de comunicaci\u00f3 exterior habilitat, en el que divulgarem la fira de forma creativa i visual, fent participar al p\u00fablic assistent.<\/p>\n","protected":false},"author":13,"template":"","podcast_category":[],"podcast_tag":[198],"podcast_programa":[],"class_list":["post-2392","podcast","type-podcast","status-publish","hentry","podcast_tag-economia-solidaria"],"acf":[],"_links":{"self":[{"href":"https:\/\/xrclab.cat\/en\/wp-json\/wp\/v2\/podcasts\/2392","targetHints":{"allow":["GET"]}}],"collection":[{"href":"https:\/\/xrclab.cat\/en\/wp-json\/wp\/v2\/podcasts"}],"about":[{"href":"https:\/\/xrclab.cat\/en\/wp-json\/wp\/v2\/types\/podcast"}],"author":[{"embeddable":true,"href":"https:\/\/xrclab.cat\/en\/wp-json\/wp\/v2\/users\/13"}],"wp:attachment":[{"href":"https:\/\/xrclab.cat\/en\/wp-json\/wp\/v2\/media?parent=2392"}],"wp:term":[{"taxonomy":"podcast_category","embeddable":true,"href":"https:\/\/xrclab.cat\/en\/wp-json\/wp\/v2\/podcast_category?post=2392"},{"taxonomy":"podcast_tag","embeddable":true,"href":"https:\/\/xrclab.cat\/en\/wp-json\/wp\/v2\/podcast_tag?post=2392"},{"taxonomy":"podcast_programa","embeddable":true,"href":"https:\/\/xrclab.cat\/en\/wp-json\/wp\/v2\/podcast_programa?post=2392"}],"curies":[{"name":"wp","href":"https:\/\/api.w.org\/{rel}","templated":true}]}}

Ràdio Intercooperativa de la FESC 2018 &#8211; Ràdio Trinijove i Ràdio Terra

<p>Enguany, les ràdios participants a la FESC 2018 s’engresquen a intercooperar per crear l’Altaveu de la FESC, la ràdio de la fira!<br />
Ràdio Trinijove, Ràdio Contrabanda, Ràdio Terra i Ràdio Nativa s’apleguen per oferir des dels nous estudis de Ràdio Fabra de la Fabra i Coats de Sant Andreu una cobertura informativa en rigurós directe de la FESC i conèixer de forma radiofònica i atractiva el concepte d’economia social i solidària. Emetrem en directe des de Ràdio Fabra el 27 d’octubre d’11h a 14h i de 17h a 19h, i el 28 d’octubre de 10h a 13h. La proposta inclou tertúlies i entrevistes a firaires i visitants sobre la FESC i l’economia social i solidària.<br />
Les 4 emissores comunitàries també dinamitzaran la FESC des de l’espai de comunicació exterior habilitat, en el que divulgarem la fira de forma creativa i visual, fent participar al públic assistent.</p>
