{"id":2385,"date":"2019-03-02T21:02:10","date_gmt":"2019-03-02T20:02:10","guid":{"rendered":"https:\/\/xrcb.cat\/ca\/?post_type=podcast&#038;p=2385"},"modified":"2019-03-02T21:02:10","modified_gmt":"2019-03-02T20:02:10","slug":"programa-especial-la-marato-de-tv3","status":"publish","type":"podcast","link":"https:\/\/xrclab.cat\/en\/podcast\/programa-especial-la-marato-de-tv3\/","title":{"rendered":"Programa especial La Marat\u00f3 de TV3"},"content":{"rendered":"<p>Els programes de la casa &#8220;Encomana el catal\u00e0&#8221; i &#8220;Inclou-me&#8221; s&#8217;uneixen per una bona causa: LA MARAT\u00d3 DE TV3, enguany centrada en el c\u00e0ncer, que es celebrar\u00e0 el proper 16 de desembre i que mobilitza any rere any el nostre pa\u00eds i a la seva gent demostrant-nos que som un poble solidari i comprom\u00e8s amb les causes socials!.<\/p>\n","protected":false},"author":13,"template":"","podcast_category":[],"podcast_tag":[351,264,350],"podcast_programa":[],"class_list":["post-2385","podcast","type-podcast","status-publish","hentry","podcast_tag-inclusio","podcast_tag-societat","podcast_tag-voluntariat"],"acf":[],"_links":{"self":[{"href":"https:\/\/xrclab.cat\/en\/wp-json\/wp\/v2\/podcasts\/2385","targetHints":{"allow":["GET"]}}],"collection":[{"href":"https:\/\/xrclab.cat\/en\/wp-json\/wp\/v2\/podcasts"}],"about":[{"href":"https:\/\/xrclab.cat\/en\/wp-json\/wp\/v2\/types\/podcast"}],"author":[{"embeddable":true,"href":"https:\/\/xrclab.cat\/en\/wp-json\/wp\/v2\/users\/13"}],"wp:attachment":[{"href":"https:\/\/xrclab.cat\/en\/wp-json\/wp\/v2\/media?parent=2385"}],"wp:term":[{"taxonomy":"podcast_category","embeddable":true,"href":"https:\/\/xrclab.cat\/en\/wp-json\/wp\/v2\/podcast_category?post=2385"},{"taxonomy":"podcast_tag","embeddable":true,"href":"https:\/\/xrclab.cat\/en\/wp-json\/wp\/v2\/podcast_tag?post=2385"},{"taxonomy":"podcast_programa","embeddable":true,"href":"https:\/\/xrclab.cat\/en\/wp-json\/wp\/v2\/podcast_programa?post=2385"}],"curies":[{"name":"wp","href":"https:\/\/api.w.org\/{rel}","templated":true}]}}

Programa especial La Marató de TV3

<p>Els programes de la casa &#8220;Encomana el català&#8221; i &#8220;Inclou-me&#8221; s&#8217;uneixen per una bona causa: LA MARATÓ DE TV3, enguany centrada en el càncer, que es celebrarà el proper 16 de desembre i que mobilitza any rere any el nostre país i a la seva gent demostrant-nos que som un poble solidari i compromès amb les causes socials!.</p>
