{"id":12361,"date":"2023-11-15T10:42:49","date_gmt":"2023-11-15T08:42:49","guid":{"rendered":"https:\/\/xrcb.cat\/ca\/podcast\/presentacio-lalternativa-30-a-radio-rambles\/"},"modified":"2023-11-15T10:42:49","modified_gmt":"2023-11-15T08:42:49","slug":"presentacio-lalternativa-30-a-radio-rambles","status":"publish","type":"podcast","link":"https:\/\/xrclab.cat\/en\/podcast\/presentacio-lalternativa-30-a-radio-rambles\/","title":{"rendered":"Presentaci\u00f3 l&#8217;Alternativa 30 a R\u00e0dio Rambles"},"content":{"rendered":"<p>El dia 8 de novembre vam presentar l&#8217;Alternativa 30 en un programa en directe des de R\u00e0dio Rambles, l&#8217;estudi de la XRCB. Cristina Riera, de l&#8217;equip directiu, Sesi Bergeret, de programaci\u00f3, i Patri S\u00e1nchez, responsable de l&#8217;Alternativa Pro van fer un rep\u00e0s a tot el que passar\u00e0 durant el festival.<\/p>\n","protected":false},"author":61,"template":"","podcast_category":[],"podcast_tag":[243],"podcast_programa":[],"class_list":["post-12361","podcast","type-podcast","status-publish","hentry","podcast_tag-cinema"],"acf":[],"_links":{"self":[{"href":"https:\/\/xrclab.cat\/en\/wp-json\/wp\/v2\/podcasts\/12361","targetHints":{"allow":["GET"]}}],"collection":[{"href":"https:\/\/xrclab.cat\/en\/wp-json\/wp\/v2\/podcasts"}],"about":[{"href":"https:\/\/xrclab.cat\/en\/wp-json\/wp\/v2\/types\/podcast"}],"author":[{"embeddable":true,"href":"https:\/\/xrclab.cat\/en\/wp-json\/wp\/v2\/users\/61"}],"wp:attachment":[{"href":"https:\/\/xrclab.cat\/en\/wp-json\/wp\/v2\/media?parent=12361"}],"wp:term":[{"taxonomy":"podcast_category","embeddable":true,"href":"https:\/\/xrclab.cat\/en\/wp-json\/wp\/v2\/podcast_category?post=12361"},{"taxonomy":"podcast_tag","embeddable":true,"href":"https:\/\/xrclab.cat\/en\/wp-json\/wp\/v2\/podcast_tag?post=12361"},{"taxonomy":"podcast_programa","embeddable":true,"href":"https:\/\/xrclab.cat\/en\/wp-json\/wp\/v2\/podcast_programa?post=12361"}],"curies":[{"name":"wp","href":"https:\/\/api.w.org\/{rel}","templated":true}]}}

Presentació l&#8217;Alternativa 30 a Ràdio Rambles

<p>El dia 8 de novembre vam presentar l&#8217;Alternativa 30 en un programa en directe des de Ràdio Rambles, l&#8217;estudi de la XRCB. Cristina Riera, de l&#8217;equip directiu, Sesi Bergeret, de programació, i Patri Sánchez, responsable de l&#8217;Alternativa Pro van fer un repàs a tot el que passarà durant el festival.</p>
