{"id":11934,"date":"2023-10-10T07:19:11","date_gmt":"2023-10-10T05:19:11","guid":{"rendered":"https:\/\/xrcb.cat\/ca\/?post_type=podcast&#038;p=11934"},"modified":"2023-10-10T07:21:01","modified_gmt":"2023-10-10T05:21:01","slug":"radio-lalternativa-capitol-6-cinema-pendent","status":"publish","type":"podcast","link":"https:\/\/xrclab.cat\/en\/podcast\/radio-lalternativa-capitol-6-cinema-pendent\/","title":{"rendered":"R\u00e0dio l&#8217;Alternativa cap\u00edtol 6. Cinema Pendent"},"content":{"rendered":"<p>Entrevistem al comit\u00e9 de selecci\u00f3 de CINEMA PENDENT, el conjunt d&#8217;activitats que es realitzen a la secci\u00f3 de l&#8217;Alternativa Pro amb l&#8217;objectiu de donar suport impulsar el desenvolupament de projectes audiovisuals i cinematogr\u00e0fics de producci\u00f3 independent.<br \/>\nPatricia S\u00e1nchez, coordinadora de l&#8217;Alternativa Pro; Gabriela Iacob, guionista, assesora de gui\u00f3 i coordinadora del Mentoring Projects; i Miguel Escudero, programador i periodista, lector i consultor de projectes de Cinema Pendent. Els tres resoldran els dubtes i donaran consells per presentar els treballs a la nova convocat\u00f2ria.<\/p>\n<p><!--more--><\/p>\n<p>Entrevistamos al comit\u00e9 de selecci\u00f3n de CINEMA PENDENT. el conjunto de actividades que se realizan dentro de la secci\u00f3n de l&#8217;Alternativa Pro con el objetivo de apoyar e impulsar el desarrollo de proyectos audiovisuales y cinematogr\u00e1ficos de producci\u00f3n independiente.<br \/>\nPatricia S\u00e1nchez, coordinadora de l&#8217;Alternativa Pro; Gabriela Iacob, guionista, asesora de guion y coordinadora del Mentoring Projects; y Miguel Escudero, programador y periodista, lector y consultor de proyectos de Cinema Pendent. Los tres resolver\u00e1n las dudas y dar\u00e1n consejos para presentar los trabajos a la nueva convocatoria.<\/p>\n","protected":false},"author":61,"template":"","podcast_category":[],"podcast_tag":[1143,243],"podcast_programa":[],"class_list":["post-11934","podcast","type-podcast","status-publish","hentry","podcast_tag-radiocomunitaria","podcast_tag-cinema"],"acf":[],"_links":{"self":[{"href":"https:\/\/xrclab.cat\/en\/wp-json\/wp\/v2\/podcasts\/11934","targetHints":{"allow":["GET"]}}],"collection":[{"href":"https:\/\/xrclab.cat\/en\/wp-json\/wp\/v2\/podcasts"}],"about":[{"href":"https:\/\/xrclab.cat\/en\/wp-json\/wp\/v2\/types\/podcast"}],"author":[{"embeddable":true,"href":"https:\/\/xrclab.cat\/en\/wp-json\/wp\/v2\/users\/61"}],"wp:attachment":[{"href":"https:\/\/xrclab.cat\/en\/wp-json\/wp\/v2\/media?parent=11934"}],"wp:term":[{"taxonomy":"podcast_category","embeddable":true,"href":"https:\/\/xrclab.cat\/en\/wp-json\/wp\/v2\/podcast_category?post=11934"},{"taxonomy":"podcast_tag","embeddable":true,"href":"https:\/\/xrclab.cat\/en\/wp-json\/wp\/v2\/podcast_tag?post=11934"},{"taxonomy":"podcast_programa","embeddable":true,"href":"https:\/\/xrclab.cat\/en\/wp-json\/wp\/v2\/podcast_programa?post=11934"}],"curies":[{"name":"wp","href":"https:\/\/api.w.org\/{rel}","templated":true}]}}

Ràdio l&#8217;Alternativa capítol 6. Cinema Pendent

<p>Entrevistem al comité de selecció de CINEMA PENDENT, el conjunt d&#8217;activitats que es realitzen a la secció de l&#8217;Alternativa Pro amb l&#8217;objectiu de donar suport impulsar el desenvolupament de projectes audiovisuals i cinematogràfics de producció independent.<br />
Patricia Sánchez, coordinadora de l&#8217;Alternativa Pro; Gabriela Iacob, guionista, assesora de guió i coordinadora del Mentoring Projects; i Miguel Escudero, programador i periodista, lector i consultor de projectes de Cinema Pendent. Els tres resoldran els dubtes i donaran consells per presentar els treballs a la nova convocatòria.</p>
<p><!--more--></p>
<p>Entrevistamos al comité de selección de CINEMA PENDENT. el conjunto de actividades que se realizan dentro de la sección de l&#8217;Alternativa Pro con el objetivo de apoyar e impulsar el desarrollo de proyectos audiovisuales y cinematográficos de producción independiente.<br />
Patricia Sánchez, coordinadora de l&#8217;Alternativa Pro; Gabriela Iacob, guionista, asesora de guion y coordinadora del Mentoring Projects; y Miguel Escudero, programador y periodista, lector y consultor de proyectos de Cinema Pendent. Los tres resolverán las dudas y darán consejos para presentar los trabajos a la nueva convocatoria.</p>
