{"id":10284,"date":"2023-01-16T16:41:43","date_gmt":"2023-01-16T14:41:43","guid":{"rendered":"https:\/\/xrcb.cat\/ca\/podcast\/observacions-situades-temptatives-desgotar-un-lloc-rambler\/"},"modified":"2023-11-13T14:21:01","modified_gmt":"2023-11-13T12:21:01","slug":"observacions-situades-temptatives-desgotar-un-lloc-rambler","status":"publish","type":"podcast","link":"https:\/\/xrclab.cat\/en\/podcast\/observacions-situades-temptatives-desgotar-un-lloc-rambler\/","title":{"rendered":"&#8216;Observacions Situades: temptatives d&#8217;esgotar un lloc rambler&#8217; amb el Gremi d&#8217;Espais"},"content":{"rendered":"<p>A partir de l&#8217;experiment fet per Georges Perec el 1974, publicat com\u00a0<em>Temptatives d&#8217;esgotar un lloc parisenc<\/em>, el Gremi d&#8217;Espais proposa una temptativa d&#8217;esgotar un lloc rambler.<\/p>\n<p>A partir de situar la gravaci\u00f3 del p\u00f2dcast a l&#8217;Espai M\u00f2niques i utilitzar-lo a manera de cabina radiof\u00f2nica i d&#8217;aparador a les Rambles, s&#8217;activar\u00e0 l&#8217;acci\u00f3 d&#8217;una observaci\u00f3 situada condu\u00efda per Anna Solanilla i Pedro Bennaton.<\/p>\n<p>El focus d&#8217;aquesta sessi\u00f3 de r\u00e0dio, l&#8217;observaci\u00f3 situada, girar\u00e0 a l&#8217;entorn de l&#8217;experimentaci\u00f3 que plegats estan desenvolupant els components del gremi en resid\u00e8ncia. A partir de l&#8217;observaci\u00f3 situada i implicant-hi els vianants de les Rambles volem fer un p\u00f2dcast etnogr\u00e0fic i a temps real.<\/p>\n<p>Per fer el p\u00f2dcast sobre la temptativa d&#8217;esgotar un lloc rambler, s&#8217;instal\u00b7laran micr\u00f2fons a l&#8217;Espai M\u00f2niques i altaveus a la terrassa perqu\u00e8 els vianants puguin sentir el que s&#8217;est\u00e0 gravant.<\/p>\n<p>El Gremi d&#8217;Espais t\u00e9 inter\u00e8s a incidir, delicadament, en els aspectes formals, de disposici\u00f3 espacial de l&#8217;enregistrament del p\u00f2dcast. \u00c9s a dir, com incidir en la dramat\u00fargia del p\u00f2dcast des de l&#8217;espai i compartir la seva investigaci\u00f3 sobre estrat\u00e8gies per a l&#8217;observaci\u00f3 i percepci\u00f3 urbana.<\/p>\n","protected":false},"author":52,"template":"","podcast_category":[],"podcast_tag":[1069,545,100],"podcast_programa":[1686],"class_list":["post-10284","podcast","type-podcast","status-publish","hentry","podcast_tag-rambles","podcast_tag-experimentacio","podcast_tag-literatura","podcast_programa-dijous-de-radio"],"acf":[],"_links":{"self":[{"href":"https:\/\/xrclab.cat\/en\/wp-json\/wp\/v2\/podcasts\/10284","targetHints":{"allow":["GET"]}}],"collection":[{"href":"https:\/\/xrclab.cat\/en\/wp-json\/wp\/v2\/podcasts"}],"about":[{"href":"https:\/\/xrclab.cat\/en\/wp-json\/wp\/v2\/types\/podcast"}],"author":[{"embeddable":true,"href":"https:\/\/xrclab.cat\/en\/wp-json\/wp\/v2\/users\/52"}],"wp:attachment":[{"href":"https:\/\/xrclab.cat\/en\/wp-json\/wp\/v2\/media?parent=10284"}],"wp:term":[{"taxonomy":"podcast_category","embeddable":true,"href":"https:\/\/xrclab.cat\/en\/wp-json\/wp\/v2\/podcast_category?post=10284"},{"taxonomy":"podcast_tag","embeddable":true,"href":"https:\/\/xrclab.cat\/en\/wp-json\/wp\/v2\/podcast_tag?post=10284"},{"taxonomy":"podcast_programa","embeddable":true,"href":"https:\/\/xrclab.cat\/en\/wp-json\/wp\/v2\/podcast_programa?post=10284"}],"curies":[{"name":"wp","href":"https:\/\/api.w.org\/{rel}","templated":true}]}}

<p>A partir de l&#8217;experiment fet per Georges Perec el 1974, publicat com <em>Temptatives d&#8217;esgotar un lloc parisenc</em>, el Gremi d&#8217;Espais proposa una temptativa d&#8217;esgotar un lloc rambler.</p>
<p>A partir de situar la gravació del pòdcast a l&#8217;Espai Mòniques i utilitzar-lo a manera de cabina radiofònica i d&#8217;aparador a les Rambles, s&#8217;activarà l&#8217;acció d&#8217;una observació situada conduïda per Anna Solanilla i Pedro Bennaton.</p>
<p>El focus d&#8217;aquesta sessió de ràdio, l&#8217;observació situada, girarà a l&#8217;entorn de l&#8217;experimentació que plegats estan desenvolupant els components del gremi en residència. A partir de l&#8217;observació situada i implicant-hi els vianants de les Rambles volem fer un pòdcast etnogràfic i a temps real.</p>
<p>Per fer el pòdcast sobre la temptativa d&#8217;esgotar un lloc rambler, s&#8217;instal·laran micròfons a l&#8217;Espai Mòniques i altaveus a la terrassa perquè els vianants puguin sentir el que s&#8217;està gravant.</p>
<p>El Gremi d&#8217;Espais té interès a incidir, delicadament, en els aspectes formals, de disposició espacial de l&#8217;enregistrament del pòdcast. És a dir, com incidir en la dramatúrgia del pòdcast des de l&#8217;espai i compartir la seva investigació sobre estratègies per a l&#8217;observació i percepció urbana.</p>
