{"id":10037,"date":"2022-11-24T14:46:35","date_gmt":"2022-11-24T12:46:35","guid":{"rendered":"https:\/\/xrcb.cat\/ca\/podcast\/radio-lalternativa-capitol-4-reconstruccions\/"},"modified":"2022-11-24T14:46:35","modified_gmt":"2022-11-24T12:46:35","slug":"radio-lalternativa-capitol-4-reconstruccions","status":"publish","type":"podcast","link":"https:\/\/xrclab.cat\/en\/podcast\/radio-lalternativa-capitol-4-reconstruccions\/","title":{"rendered":"R\u00e0dio L&#8217;Alternativa. Cap\u00edtol 4. Reconstruccions"},"content":{"rendered":"<p>Seguim amb el dia a dia del festival amb un cap\u00edtol on hem parlat amb un dels protagonistes dels nostres Sat\u00e8l\u00b7lits d&#8217;aquest any: Andr\u00e9s Duque, que despr\u00e9s d&#8217;impartir una masterclass va parla-nos d&#8217;immigraci\u00f3 des de l&#8217;audiovisual i de com reconstruir la mirada. Amb Elena Molina, directora del curtmetratge YUNGAY 7020, vam parlar de la reconstrucci\u00f3 d&#8217;un poble a partir dels testimonis de la seva gent. Despr\u00e9s la Nastia Korkia ens va parlar de com fer un documental de la transformaci\u00f3 d&#8217;una central el\u00e8ctrica en un centre d&#8217;art contemporani. I vam tancar amb l&#8217;Ivan Guarnizo, director present a la passada edici\u00f3 que aquest any ha format part del Jurat, que ens ha parlat de la reconstrucci\u00f3 personal que el va portar a fer la seva pel\u00b7l\u00edcula.<\/p>\n<p><!--more--><\/p>\n<p>Seguimos con el d\u00eda a d\u00eda del festival con un cap\u00edtulo que abrimos hablando con uno de los protagonistas de nuestros Sat\u00e9lites de este a\u00f1o: Andr\u00e9s Duque, que despu\u00e9s de impartir una masterclass, nos habl\u00f3 de la inmigraci\u00f3n desde el audiovisual y de como reconstruir la mirada. Con Elena Molina, directora del cortometraje YUNGAY 7020, hablamos de la reconstrucci\u00f3 de un pueblo a partir de los testimonios de su gente. Despu\u00e9s Nastia Korkia nos habl\u00f3 cde c\u00f3mo hacer un documental de la transformaci\u00f3n de una central el\u00e9ctrica en un centro de arte contempor\u00e1neo. Y cerramos con Iv\u00e1n Guarnizo, director presente en la pasada edici\u00f3n que este a\u00f1o ha formado parte del jurado, y que nos ha hablado de la reconstrucci\u00f3n personal que lo llev\u00f3 a hacer su pel\u00edcula.<\/p>\n","protected":false},"author":61,"template":"","podcast_category":[],"podcast_tag":[1143],"podcast_programa":[],"class_list":["post-10037","podcast","type-podcast","status-publish","hentry","podcast_tag-radiocomunitaria"],"acf":[],"_links":{"self":[{"href":"https:\/\/xrclab.cat\/en\/wp-json\/wp\/v2\/podcasts\/10037","targetHints":{"allow":["GET"]}}],"collection":[{"href":"https:\/\/xrclab.cat\/en\/wp-json\/wp\/v2\/podcasts"}],"about":[{"href":"https:\/\/xrclab.cat\/en\/wp-json\/wp\/v2\/types\/podcast"}],"author":[{"embeddable":true,"href":"https:\/\/xrclab.cat\/en\/wp-json\/wp\/v2\/users\/61"}],"wp:attachment":[{"href":"https:\/\/xrclab.cat\/en\/wp-json\/wp\/v2\/media?parent=10037"}],"wp:term":[{"taxonomy":"podcast_category","embeddable":true,"href":"https:\/\/xrclab.cat\/en\/wp-json\/wp\/v2\/podcast_category?post=10037"},{"taxonomy":"podcast_tag","embeddable":true,"href":"https:\/\/xrclab.cat\/en\/wp-json\/wp\/v2\/podcast_tag?post=10037"},{"taxonomy":"podcast_programa","embeddable":true,"href":"https:\/\/xrclab.cat\/en\/wp-json\/wp\/v2\/podcast_programa?post=10037"}],"curies":[{"name":"wp","href":"https:\/\/api.w.org\/{rel}","templated":true}]}}

Ràdio L&#8217;Alternativa. Capítol 4. Reconstruccions

<p>Seguim amb el dia a dia del festival amb un capítol on hem parlat amb un dels protagonistes dels nostres Satèl·lits d&#8217;aquest any: Andrés Duque, que després d&#8217;impartir una masterclass va parla-nos d&#8217;immigració des de l&#8217;audiovisual i de com reconstruir la mirada. Amb Elena Molina, directora del curtmetratge YUNGAY 7020, vam parlar de la reconstrucció d&#8217;un poble a partir dels testimonis de la seva gent. Després la Nastia Korkia ens va parlar de com fer un documental de la transformació d&#8217;una central elèctrica en un centre d&#8217;art contemporani. I vam tancar amb l&#8217;Ivan Guarnizo, director present a la passada edició que aquest any ha format part del Jurat, que ens ha parlat de la reconstrucció personal que el va portar a fer la seva pel·lícula.</p>
<p><!--more--></p>
<p>Seguimos con el día a día del festival con un capítulo que abrimos hablando con uno de los protagonistas de nuestros Satélites de este año: Andrés Duque, que después de impartir una masterclass, nos habló de la inmigración desde el audiovisual y de como reconstruir la mirada. Con Elena Molina, directora del cortometraje YUNGAY 7020, hablamos de la reconstrucció de un pueblo a partir de los testimonios de su gente. Después Nastia Korkia nos habló cde cómo hacer un documental de la transformación de una central eléctrica en un centro de arte contemporáneo. Y cerramos con Iván Guarnizo, director presente en la pasada edición que este año ha formado parte del jurado, y que nos ha hablado de la reconstrucción personal que lo llevó a hacer su película.</p>
