{"id":9391,"date":"2022-09-18T17:38:11","date_gmt":"2022-09-18T15:38:11","guid":{"rendered":"https:\/\/xrcb.cat\/ca\/podcast\/abarka-la-tregua-locculta-i-periferia-cimarronas-iii-fira-ess-migrante-i-diversa\/"},"modified":"2022-09-19T12:36:11","modified_gmt":"2022-09-19T10:36:11","slug":"abarka-la-tregua-locculta-i-periferia-cimarronas-iii-fira-ess-migrante-i-diversa","status":"publish","type":"podcast","link":"https:\/\/xrclab.cat\/ca\/podcast\/abarka-la-tregua-locculta-i-periferia-cimarronas-iii-fira-ess-migrante-i-diversa\/","title":{"rendered":"Abarka, La tregua, L&#8217;occulta i Periferia Cimarronas &#8211; III Fira ESS, Migrant i Diversa (2\/5)"},"content":{"rendered":"<p>En este bloque hablamos con los proyectos colectivos de econom\u00eda popular, migrante y diversa <strong>Abarka, La tregua, L&#8217;occulta y Periferia Cimarronas, <\/strong>participantes de la <a href=\"https:\/\/firaessmigrant.bcn.coop\/\">III Feria de econom\u00eda social, solidaria, migrante y diversa<\/a>\u00a0#Regularizaci\u00f3nYa<strong>.<\/strong><\/p>\n<p>Un podcast (2\/5) para conocer varios de los proyectos que trabajan desde una mirada antirracista la <strong>educaci\u00f3n, el arte, el textil y la cultura gastron\u00f3mica y antirracista.<\/strong><\/p>\n<p>Emitido en \u201cfalso directo&#8221; desde la parada de Radia Cava-ret. En la realizaci\u00f3n y producci\u00f3n Pati del Razo, Viole Ospina Dguez y Daniela Cabrera, con el apoyo de Samu C\u00e9spedes.<\/p>\n","protected":false},"author":20,"template":"","podcast_category":[],"podcast_tag":[1395,1163,1432],"podcast_programa":[],"class_list":["post-9391","podcast","type-podcast","status-publish","hentry","podcast_tag-activisme","podcast_tag-antiracisme","podcast_tag-fira"],"acf":[],"_links":{"self":[{"href":"https:\/\/xrclab.cat\/ca\/wp-json\/wp\/v2\/podcasts\/9391","targetHints":{"allow":["GET"]}}],"collection":[{"href":"https:\/\/xrclab.cat\/ca\/wp-json\/wp\/v2\/podcasts"}],"about":[{"href":"https:\/\/xrclab.cat\/ca\/wp-json\/wp\/v2\/types\/podcast"}],"author":[{"embeddable":true,"href":"https:\/\/xrclab.cat\/ca\/wp-json\/wp\/v2\/users\/20"}],"wp:attachment":[{"href":"https:\/\/xrclab.cat\/ca\/wp-json\/wp\/v2\/media?parent=9391"}],"wp:term":[{"taxonomy":"podcast_category","embeddable":true,"href":"https:\/\/xrclab.cat\/ca\/wp-json\/wp\/v2\/podcast_category?post=9391"},{"taxonomy":"podcast_tag","embeddable":true,"href":"https:\/\/xrclab.cat\/ca\/wp-json\/wp\/v2\/podcast_tag?post=9391"},{"taxonomy":"podcast_programa","embeddable":true,"href":"https:\/\/xrclab.cat\/ca\/wp-json\/wp\/v2\/podcast_programa?post=9391"}],"curies":[{"name":"wp","href":"https:\/\/api.w.org\/{rel}","templated":true}]}}

<p>En este bloque hablamos con los proyectos colectivos de economía popular, migrante y diversa <strong>Abarka, La tregua, L&#8217;occulta y Periferia Cimarronas, </strong>participantes de la <a href="https://firaessmigrant.bcn.coop/">III Feria de economía social, solidaria, migrante y diversa</a> #RegularizaciónYa<strong>.</strong></p>
<p>Un podcast (2/5) para conocer varios de los proyectos que trabajan desde una mirada antirracista la <strong>educación, el arte, el textil y la cultura gastronómica y antirracista.</strong></p>
<p>Emitido en “falso directo&#8221; desde la parada de Radia Cava-ret. En la realización y producción Pati del Razo, Viole Ospina Dguez y Daniela Cabrera, con el apoyo de Samu Céspedes.</p>
