{"id":9182,"date":"2022-07-20T17:02:03","date_gmt":"2022-07-20T15:02:03","guid":{"rendered":"https:\/\/xrcb.cat\/es\/podcast\/a-porta-tancada-2\/"},"modified":"2023-11-13T14:28:26","modified_gmt":"2023-11-13T12:28:26","slug":"a-porta-tancada-2","status":"publish","type":"podcast","link":"https:\/\/xrclab.cat\/ca\/podcast\/a-porta-tancada-2\/","title":{"rendered":"A porta tancada II"},"content":{"rendered":"<p>Un podcast d&#8217;entrevistes amb persones que treballen\u2026<\/p>\n<p>&nbsp;<\/p>\n<p>Una s\u00e8rie de podcast on xerrarem i reflexionarem amb les persones que treballen al Santa M\u00f2nica sobre els seus llocs de treball i sobre alguna cosa que ens travessa a tots i a totes, el treball.<\/p>\n<p>Aquest segon cap\u00edtol el protagonitzar\u00e0 part del personal de sala del Santa M\u00f2nica; Sol Abej\u00f3n, antiga informadora, i Elisabeth Bertol\u00edn i \u00c0ngel Monlle\u00f3, actuals coordinadors d&#8217;aquest grup de treballadors i treballadores del centre.<\/p>\n<p>Qui s\u00f3n aquells i aquelles que medien entre el coneixement i els p\u00fablics?<\/p>\n<p>A c\u00e0rrec de\u00a0<strong>Carlos Clemente<\/strong>, artista resident de l\u2019\u00e0mbit d\u2019edici\u00f3 experimental.<\/p>\n","protected":false},"author":52,"template":"","podcast_category":[],"podcast_tag":[1415,1417,1416],"podcast_programa":[1686],"class_list":["post-9182","podcast","type-podcast","status-publish","hentry","podcast_tag-experiencia-laboral","podcast_tag-treballador-a","podcast_tag-vocacio","podcast_programa-dijous-de-radio"],"acf":[],"_links":{"self":[{"href":"https:\/\/xrclab.cat\/ca\/wp-json\/wp\/v2\/podcasts\/9182","targetHints":{"allow":["GET"]}}],"collection":[{"href":"https:\/\/xrclab.cat\/ca\/wp-json\/wp\/v2\/podcasts"}],"about":[{"href":"https:\/\/xrclab.cat\/ca\/wp-json\/wp\/v2\/types\/podcast"}],"author":[{"embeddable":true,"href":"https:\/\/xrclab.cat\/ca\/wp-json\/wp\/v2\/users\/52"}],"wp:attachment":[{"href":"https:\/\/xrclab.cat\/ca\/wp-json\/wp\/v2\/media?parent=9182"}],"wp:term":[{"taxonomy":"podcast_category","embeddable":true,"href":"https:\/\/xrclab.cat\/ca\/wp-json\/wp\/v2\/podcast_category?post=9182"},{"taxonomy":"podcast_tag","embeddable":true,"href":"https:\/\/xrclab.cat\/ca\/wp-json\/wp\/v2\/podcast_tag?post=9182"},{"taxonomy":"podcast_programa","embeddable":true,"href":"https:\/\/xrclab.cat\/ca\/wp-json\/wp\/v2\/podcast_programa?post=9182"}],"curies":[{"name":"wp","href":"https:\/\/api.w.org\/{rel}","templated":true}]}}

<p>Un podcast d&#8217;entrevistes amb persones que treballen…</p>
<p>&nbsp;</p>
<p>Una sèrie de podcast on xerrarem i reflexionarem amb les persones que treballen al Santa Mònica sobre els seus llocs de treball i sobre alguna cosa que ens travessa a tots i a totes, el treball.</p>
<p>Aquest segon capítol el protagonitzarà part del personal de sala del Santa Mònica; Sol Abejón, antiga informadora, i Elisabeth Bertolín i Àngel Monlleó, actuals coordinadors d&#8217;aquest grup de treballadors i treballadores del centre.</p>
<p>Qui són aquells i aquelles que medien entre el coneixement i els públics?</p>
<p>A càrrec de <strong>Carlos Clemente</strong>, artista resident de l’àmbit d’edició experimental.</p>
