{"id":8763,"date":"2022-05-01T12:27:27","date_gmt":"2022-05-01T10:27:27","guid":{"rendered":"https:\/\/xrcb.cat\/ca\/podcast\/salut-mental\/"},"modified":"2023-11-13T14:30:15","modified_gmt":"2023-11-13T12:30:15","slug":"salut-mental","status":"publish","type":"podcast","link":"https:\/\/xrclab.cat\/ca\/podcast\/salut-mental\/","title":{"rendered":"Salut mental"},"content":{"rendered":"<p>Ens trobem en un moment de la hist\u00f2ria en el qual la preocupaci\u00f3 per la salut mental i tot el que t\u00e9 a veure amb el \u201cpsi\u201d est\u00e0 m\u00e9s present que mai. Cada dia es parla m\u00e9s dels aspectes individuals d&#8217;aquest malestar. Aquest fenomen es diu &#8220;psicologitzaci\u00f3&#8221;, popularitzat tamb\u00e9 gr\u00e0cies al paper que estan tenint les xarxes socials en les nostres vides. Al costat de Jara Aithany P\u00e9rez especularem sobre les conseq\u00fc\u00e8ncies d&#8217;aquest auge de la salut mental en les nostres converses. Hi ha una hiper utilitzaci\u00f3 de la terminologia psicol\u00f2gica? I una instrumentalitzaci\u00f3 del nostre malestar? I finalment, quines alternatives tenim per treballar de manera sana amb els nostres malestars?<\/p>\n<p>Programa a c\u00e0rrec de Diana Rangel i Clara Piazuelo, artistes residents del Santa M\u00f2nica dins de l&#8217;\u00e0mbit de la mediaci\u00f3 i activaci\u00f3 de p\u00fablics, i Jara Aithany Perez.<\/p>\n<p>Jara Aithany P\u00e9rez \u00e9s llicenciada en psicologia per la Universitat Aut\u00f2noma de Madrid. \u00c9s autora de &#8220;La locura como superpoder&#8221;\u2019 editat en 2019 per C\u00fapula Llibres (Planeta), coordina el Fanzine Fango en el qual diferents escriptors parlen del seu sofriment i vulnerabilitat emocional. Durant 2019 &#8211; 2020 va dur a terme el projecte @enelfango, un espai p\u00fablic en xarxes socials destinat a la visibilitzaci\u00f3 del malestar emocional. En l&#8217;actualitat investiga i escriu sobre temes relacionats amb el dol.<\/p>\n","protected":false},"author":52,"template":"","podcast_category":[],"podcast_tag":[131,297,1281],"podcast_programa":[1686],"class_list":["post-8763","podcast","type-podcast","status-publish","hentry","podcast_tag-art","podcast_tag-psicologia","podcast_tag-salut-mental","podcast_programa-dijous-de-radio"],"acf":[],"_links":{"self":[{"href":"https:\/\/xrclab.cat\/ca\/wp-json\/wp\/v2\/podcasts\/8763","targetHints":{"allow":["GET"]}}],"collection":[{"href":"https:\/\/xrclab.cat\/ca\/wp-json\/wp\/v2\/podcasts"}],"about":[{"href":"https:\/\/xrclab.cat\/ca\/wp-json\/wp\/v2\/types\/podcast"}],"author":[{"embeddable":true,"href":"https:\/\/xrclab.cat\/ca\/wp-json\/wp\/v2\/users\/52"}],"wp:attachment":[{"href":"https:\/\/xrclab.cat\/ca\/wp-json\/wp\/v2\/media?parent=8763"}],"wp:term":[{"taxonomy":"podcast_category","embeddable":true,"href":"https:\/\/xrclab.cat\/ca\/wp-json\/wp\/v2\/podcast_category?post=8763"},{"taxonomy":"podcast_tag","embeddable":true,"href":"https:\/\/xrclab.cat\/ca\/wp-json\/wp\/v2\/podcast_tag?post=8763"},{"taxonomy":"podcast_programa","embeddable":true,"href":"https:\/\/xrclab.cat\/ca\/wp-json\/wp\/v2\/podcast_programa?post=8763"}],"curies":[{"name":"wp","href":"https:\/\/api.w.org\/{rel}","templated":true}]}}

<p>Ens trobem en un moment de la història en el qual la preocupació per la salut mental i tot el que té a veure amb el “psi” està més present que mai. Cada dia es parla més dels aspectes individuals d&#8217;aquest malestar. Aquest fenomen es diu &#8220;psicologització&#8221;, popularitzat també gràcies al paper que estan tenint les xarxes socials en les nostres vides. Al costat de Jara Aithany Pérez especularem sobre les conseqüències d&#8217;aquest auge de la salut mental en les nostres converses. Hi ha una hiper utilització de la terminologia psicològica? I una instrumentalització del nostre malestar? I finalment, quines alternatives tenim per treballar de manera sana amb els nostres malestars?</p>
<p>Programa a càrrec de Diana Rangel i Clara Piazuelo, artistes residents del Santa Mònica dins de l&#8217;àmbit de la mediació i activació de públics, i Jara Aithany Perez.</p>
<p>Jara Aithany Pérez és llicenciada en psicologia per la Universitat Autònoma de Madrid. És autora de &#8220;La locura como superpoder&#8221;’ editat en 2019 per Cúpula Llibres (Planeta), coordina el Fanzine Fango en el qual diferents escriptors parlen del seu sofriment i vulnerabilitat emocional. Durant 2019 &#8211; 2020 va dur a terme el projecte @enelfango, un espai públic en xarxes socials destinat a la visibilització del malestar emocional. En l&#8217;actualitat investiga i escriu sobre temes relacionats amb el dol.</p>
