{"id":8489,"date":"2022-04-06T15:48:27","date_gmt":"2022-04-06T13:48:27","guid":{"rendered":"https:\/\/xrcb.cat\/ca\/podcast\/el-monte-de-las-animas-de-gustavo-adolfo-becquer-4t-eso-n\/"},"modified":"2022-04-06T15:48:27","modified_gmt":"2022-04-06T13:48:27","slug":"el-monte-de-las-animas-de-gustavo-adolfo-becquer-4t-eso-n","status":"publish","type":"podcast","link":"https:\/\/xrclab.cat\/ca\/podcast\/el-monte-de-las-animas-de-gustavo-adolfo-becquer-4t-eso-n\/","title":{"rendered":"El monte de las \u00e1nimas, de Gustavo Adolfo B\u00e9cquer. 4t ESO N"},"content":{"rendered":"<p>Lectura dramatitzada de l&#8217;obra &#8220;El monte de las \u00e1nimas&#8221; de Gustavo Adolfo B\u00e9cquer.<br \/>\nRealitzada pel grup de 4t d&#8217;ESO N de l&#8217;IeTN a l&#8217;assignatura de &#8220;Lengua i literatura castellana&#8221;, durant el segon trimestre del curs &#8217;21-&#8217;22 als estudis de la R\u00e0dio TriniSound.<\/p>\n","protected":false},"author":40,"template":"","podcast_category":[],"podcast_tag":[359,100,175],"podcast_programa":[],"class_list":["post-8489","podcast","type-podcast","status-publish","hentry","podcast_tag-experiencies-literaries","podcast_tag-literatura","podcast_tag-relato"],"acf":[],"_links":{"self":[{"href":"https:\/\/xrclab.cat\/ca\/wp-json\/wp\/v2\/podcasts\/8489","targetHints":{"allow":["GET"]}}],"collection":[{"href":"https:\/\/xrclab.cat\/ca\/wp-json\/wp\/v2\/podcasts"}],"about":[{"href":"https:\/\/xrclab.cat\/ca\/wp-json\/wp\/v2\/types\/podcast"}],"author":[{"embeddable":true,"href":"https:\/\/xrclab.cat\/ca\/wp-json\/wp\/v2\/users\/40"}],"wp:attachment":[{"href":"https:\/\/xrclab.cat\/ca\/wp-json\/wp\/v2\/media?parent=8489"}],"wp:term":[{"taxonomy":"podcast_category","embeddable":true,"href":"https:\/\/xrclab.cat\/ca\/wp-json\/wp\/v2\/podcast_category?post=8489"},{"taxonomy":"podcast_tag","embeddable":true,"href":"https:\/\/xrclab.cat\/ca\/wp-json\/wp\/v2\/podcast_tag?post=8489"},{"taxonomy":"podcast_programa","embeddable":true,"href":"https:\/\/xrclab.cat\/ca\/wp-json\/wp\/v2\/podcast_programa?post=8489"}],"curies":[{"name":"wp","href":"https:\/\/api.w.org\/{rel}","templated":true}]}}

El monte de las ánimas, de Gustavo Adolfo Bécquer. 4t ESO N

<p>Lectura dramatitzada de l&#8217;obra &#8220;El monte de las ánimas&#8221; de Gustavo Adolfo Bécquer.<br />
Realitzada pel grup de 4t d&#8217;ESO N de l&#8217;IeTN a l&#8217;assignatura de &#8220;Lengua i literatura castellana&#8221;, durant el segon trimestre del curs &#8217;21-&#8217;22 als estudis de la Ràdio TriniSound.</p>
