{"id":8147,"date":"2022-02-24T16:39:05","date_gmt":"2022-02-24T14:39:05","guid":{"rendered":"https:\/\/xrcb.cat\/ca\/?post_type=podcast&#038;p=8147"},"modified":"2022-02-24T16:39:37","modified_gmt":"2022-02-24T14:39:37","slug":"la-eskalada-en-mallorca-benidorm-fest","status":"publish","type":"podcast","link":"https:\/\/xrclab.cat\/ca\/podcast\/la-eskalada-en-mallorca-benidorm-fest\/","title":{"rendered":"La Eskalada en Mallorca &#8211; Benidorm Fest"},"content":{"rendered":"<p>La Eskalada en Mallorca \u00e9s un espai de divulgaci\u00f3 i de reflexi\u00f3 sobre el paper del g\u00e8nere i la sexualitat en les pr\u00e0ctiques musicals m\u00e9s actuals, tant en l&#8217;\u00e0mbit mainstream com en el m\u00e9s alternatiu i local. Entrevistes, xerrades, artistes underground, mamarratxades i molta m\u00fasica.<\/p>\n","protected":false},"author":41,"template":"","podcast_category":[939,972],"podcast_tag":[1143,99],"podcast_programa":[],"class_list":["post-8147","podcast","type-podcast","status-publish","hentry","podcast_category-cultura","podcast_category-radio","podcast_tag-radiocomunitaria","podcast_tag-musica"],"acf":[],"_links":{"self":[{"href":"https:\/\/xrclab.cat\/ca\/wp-json\/wp\/v2\/podcasts\/8147","targetHints":{"allow":["GET"]}}],"collection":[{"href":"https:\/\/xrclab.cat\/ca\/wp-json\/wp\/v2\/podcasts"}],"about":[{"href":"https:\/\/xrclab.cat\/ca\/wp-json\/wp\/v2\/types\/podcast"}],"author":[{"embeddable":true,"href":"https:\/\/xrclab.cat\/ca\/wp-json\/wp\/v2\/users\/41"}],"wp:attachment":[{"href":"https:\/\/xrclab.cat\/ca\/wp-json\/wp\/v2\/media?parent=8147"}],"wp:term":[{"taxonomy":"podcast_category","embeddable":true,"href":"https:\/\/xrclab.cat\/ca\/wp-json\/wp\/v2\/podcast_category?post=8147"},{"taxonomy":"podcast_tag","embeddable":true,"href":"https:\/\/xrclab.cat\/ca\/wp-json\/wp\/v2\/podcast_tag?post=8147"},{"taxonomy":"podcast_programa","embeddable":true,"href":"https:\/\/xrclab.cat\/ca\/wp-json\/wp\/v2\/podcast_programa?post=8147"}],"curies":[{"name":"wp","href":"https:\/\/api.w.org\/{rel}","templated":true}]}}

<p>La Eskalada en Mallorca és un espai de divulgació i de reflexió sobre el paper del gènere i la sexualitat en les pràctiques musicals més actuals, tant en l&#8217;àmbit mainstream com en el més alternatiu i local. Entrevistes, xerrades, artistes underground, mamarratxades i molta música.</p>
