{"id":8076,"date":"2022-02-23T19:58:09","date_gmt":"2022-02-23T17:58:09","guid":{"rendered":"https:\/\/xrcb.cat\/ca\/?post_type=podcast&#038;p=8076"},"modified":"2022-02-23T19:59:49","modified_gmt":"2022-02-23T17:59:49","slug":"mutek-2019-mans-o","status":"publish","type":"podcast","link":"https:\/\/xrclab.cat\/ca\/podcast\/mutek-2019-mans-o\/","title":{"rendered":"MUTEK 2019: MANS O"},"content":{"rendered":"<p>Organizamos una serie de Q&amp;A cuyos ejes tem\u00e1ticos fueron las escenas locales, los sonidos urbanos, la diversidad, la disrupci\u00f3n, el desaf\u00edo, el empoderamiento o las nuevas formas de difusi\u00f3n.<\/p>\n<p>MANS O \u00a0es el proyecto en solitario de Roman Daniel, un barcelon\u00e9s de 24 a\u00f1os nacido en Suiza. En 2014, y gracias a la publicaci\u00f3n de su primer EP Macaya bajo el paraguas del sello underground Disboot, tiene la oportunidad de actuar en el festival S\u00f3nar.<\/p>\n","protected":false},"author":41,"template":"","podcast_category":[939,972],"podcast_tag":[1143,99],"podcast_programa":[],"class_list":["post-8076","podcast","type-podcast","status-publish","hentry","podcast_category-cultura","podcast_category-radio","podcast_tag-radiocomunitaria","podcast_tag-musica"],"acf":[],"_links":{"self":[{"href":"https:\/\/xrclab.cat\/ca\/wp-json\/wp\/v2\/podcasts\/8076","targetHints":{"allow":["GET"]}}],"collection":[{"href":"https:\/\/xrclab.cat\/ca\/wp-json\/wp\/v2\/podcasts"}],"about":[{"href":"https:\/\/xrclab.cat\/ca\/wp-json\/wp\/v2\/types\/podcast"}],"author":[{"embeddable":true,"href":"https:\/\/xrclab.cat\/ca\/wp-json\/wp\/v2\/users\/41"}],"wp:attachment":[{"href":"https:\/\/xrclab.cat\/ca\/wp-json\/wp\/v2\/media?parent=8076"}],"wp:term":[{"taxonomy":"podcast_category","embeddable":true,"href":"https:\/\/xrclab.cat\/ca\/wp-json\/wp\/v2\/podcast_category?post=8076"},{"taxonomy":"podcast_tag","embeddable":true,"href":"https:\/\/xrclab.cat\/ca\/wp-json\/wp\/v2\/podcast_tag?post=8076"},{"taxonomy":"podcast_programa","embeddable":true,"href":"https:\/\/xrclab.cat\/ca\/wp-json\/wp\/v2\/podcast_programa?post=8076"}],"curies":[{"name":"wp","href":"https:\/\/api.w.org\/{rel}","templated":true}]}}

<p>Organizamos una serie de Q&amp;A cuyos ejes temáticos fueron las escenas locales, los sonidos urbanos, la diversidad, la disrupción, el desafío, el empoderamiento o las nuevas formas de difusión.</p>
<p>MANS O  es el proyecto en solitario de Roman Daniel, un barcelonés de 24 años nacido en Suiza. En 2014, y gracias a la publicación de su primer EP Macaya bajo el paraguas del sello underground Disboot, tiene la oportunidad de actuar en el festival Sónar.</p>
