{"id":8034,"date":"2022-02-23T13:05:09","date_gmt":"2022-02-23T11:05:09","guid":{"rendered":"https:\/\/xrcb.cat\/ca\/?post_type=podcast&#038;p=8034"},"modified":"2022-02-23T13:07:14","modified_gmt":"2022-02-23T11:07:14","slug":"infancia-en-escabeche","status":"publish","type":"podcast","link":"https:\/\/xrclab.cat\/ca\/podcast\/infancia-en-escabeche\/","title":{"rendered":"Infancia en Escabeche"},"content":{"rendered":"<p>Infancia en Escabeche se pas\u00f3 por el estudio para hablarnos de la muestra PPF (POL.LUCIONS P\u00daBER-F\u00cdLMIQUES). Una charla con el colectivo, una conversaci\u00f3n con Juan Carlos Olaria, el talento de Camil Arcarazo y otras infancias muy poco almibaradas, completan el primer b-side de la temporada.<\/p>\n","protected":false},"author":41,"template":"","podcast_category":[939],"podcast_tag":[1143,99],"podcast_programa":[],"class_list":["post-8034","podcast","type-podcast","status-publish","hentry","podcast_category-cultura","podcast_tag-radiocomunitaria","podcast_tag-musica"],"acf":[],"_links":{"self":[{"href":"https:\/\/xrclab.cat\/ca\/wp-json\/wp\/v2\/podcasts\/8034","targetHints":{"allow":["GET"]}}],"collection":[{"href":"https:\/\/xrclab.cat\/ca\/wp-json\/wp\/v2\/podcasts"}],"about":[{"href":"https:\/\/xrclab.cat\/ca\/wp-json\/wp\/v2\/types\/podcast"}],"author":[{"embeddable":true,"href":"https:\/\/xrclab.cat\/ca\/wp-json\/wp\/v2\/users\/41"}],"wp:attachment":[{"href":"https:\/\/xrclab.cat\/ca\/wp-json\/wp\/v2\/media?parent=8034"}],"wp:term":[{"taxonomy":"podcast_category","embeddable":true,"href":"https:\/\/xrclab.cat\/ca\/wp-json\/wp\/v2\/podcast_category?post=8034"},{"taxonomy":"podcast_tag","embeddable":true,"href":"https:\/\/xrclab.cat\/ca\/wp-json\/wp\/v2\/podcast_tag?post=8034"},{"taxonomy":"podcast_programa","embeddable":true,"href":"https:\/\/xrclab.cat\/ca\/wp-json\/wp\/v2\/podcast_programa?post=8034"}],"curies":[{"name":"wp","href":"https:\/\/api.w.org\/{rel}","templated":true}]}}

<p>Infancia en Escabeche se pasó por el estudio para hablarnos de la muestra PPF (POL.LUCIONS PÚBER-FÍLMIQUES). Una charla con el colectivo, una conversación con Juan Carlos Olaria, el talento de Camil Arcarazo y otras infancias muy poco almibaradas, completan el primer b-side de la temporada.</p>
